000
CXUS51 KBGM 010541
CLMBGM


CLIMATE REPORT
NATIONAL WEATHER SERVICE BINGHAMTON NY
140 AM EDT MON JUN 1 2015

...................................

...THE BINGHAMTON NY CLIMATE SUMMARY FOR THE MONTH OF MAY 2015...

CLIMATE NORMAL PERIOD 1981 TO 2010
CLIMATE RECORD PERIOD 1951 TO 2015

WEATHER         OBSERVED          NORMAL  DEPART  LAST YEAR`S
                 VALUE   DATE(S)  VALUE   FROM    VALUE  DATE(S)
                                          NORMAL
................................................................
TEMPERATURE (F)
RECORD
 HIGH              89   05/20/1996
                        05/07/1982
 LOW               25   05/01/1978
                        05/10/1966
                        05/17/1956
HIGHEST            85   05/08        66      19       82  05/13
LOWEST             32   05/23        46     -14       38  05/07
                                                          05/05
AVG. MAXIMUM     72.6              65.5     7.1     68.2
AVG. MINIMUM     51.7              46.1     5.6     48.5
MEAN             62.1              55.8     6.3     58.4
DAYS MAX >= 90      0               0.0     0.0        0
DAYS MAX <= 32      0               0.0     0.0        0
DAYS MIN <= 32      1               0.9     0.1        0
DAYS MIN <= 0       0               0.0     0.0        0

PRECIPITATION (INCHES)
RECORD
 MAXIMUM         7.48   2011
 MINIMUM         0.78   1962
TOTALS           3.41              3.57   -0.16     4.22
DAILY AVG.       0.11              0.12   -0.01     0.14
DAYS >= .01        10              13.7    -3.7       14
DAYS >= .10         5               8.0    -3.0        8
DAYS >= .50         2               2.3    -0.3        2
DAYS >= 1.00        1               0.5     0.5        1
GREATEST
 24 HR. TOTAL    1.92   05/18 TO 05/19

SNOWFALL (INCHES)
RECORDS
 TOTAL            3.4   1966
 24 HR TOTAL      3.4   05/09/1966 TO 05/09/1966
 SNOW DEPTH         2   05/10/1966
TOTALS            0.0               0.1    -0.1        T
SINCE 7/1        93.4              83.4    10.0     85.4
SNOWDEPTH AVG.      0                MM      MM        0
DAYS >= TRACE       0               0.2    -0.2        1
DAYS >= 1.0         0               0.1    -0.1        0
GREATEST
 SNOW DEPTH         0   MM                             0  MM
 24 HR TOTAL      0.0   05/31 TO 05/31

DEGREE_DAYS
HEATING TOTAL     153               305    -152      221
 SINCE 7/1       7458              7104     354     7494
COOLING TOTAL      73                19      54       23
 SINCE 1/1         73                23      50       25
.................................................................

WIND (MPH)
AVERAGE WIND SPEED              7.8
RESULTANT WIND SPEED/DIRECTION   3/242
HIGHEST WIND SPEED/DIRECTION    32/330    DATE  05/18
HIGHEST GUST SPEED/DIRECTION    48/340    DATE  05/18

SKY COVER
POSSIBLE SUNSHINE (PERCENT)   MM
AVERAGE SKY COVER           0.40
NUMBER OF DAYS FAIR           16
NUMBER OF DAYS PC             10
NUMBER OF DAYS CLOUDY          5

AVERAGE RH (PERCENT)     66

WEATHER CONDITIONS. NUMBER OF DAYS WITH
THUNDERSTORM              0     MIXED PRECIP               0
HEAVY RAIN                4     RAIN                       3
LIGHT RAIN               16     FREEZING RAIN              0
LT FREEZING RAIN          0     HAIL                       0
HEAVY SNOW                0     SNOW                       0
LIGHT SNOW                0     SLEET                      0
FOG                      14     FOG W/VIS <= 1/4 MILE      4
HAZE                      5

-  INDICATES NEGATIVE NUMBERS.
R  INDICATES RECORD WAS SET OR TIED.
MM INDICATES DATA IS MISSING.
T  INDICATES TRACE AMOUNT.

$$
