000
CXUS51 KBGM 011228 CCA
CLMBGM

CLIMATE REPORT...CORRECTED
NATIONAL WEATHER SERVICE BINGHAMTON NY
827 AM EDT FRI MAY 1 2015

...................................

...THE BINGHAMTON NY CLIMATE SUMMARY FOR THE MONTH OF APRIL 2015...

CLIMATE NORMAL PERIOD 1981 TO 2010
CLIMATE RECORD PERIOD 1951 TO 2015

WEATHER         OBSERVED          NORMAL  DEPART  LAST YEAR`S
                 VALUE   DATE(S)  VALUE   FROM    VALUE  DATE(S)
                                          NORMAL
................................................................
TEMPERATURE (F)
RECORD
 HIGH              89   04/27/2009
 LOW                9   04/07/1982
HIGHEST            74   04/13        53      21       79  04/13
LOWEST             23   04/01        35     -12       19  04/16
AVG. MAXIMUM     53.9              54.2    -0.3     54.9
AVG. MINIMUM     35.3              35.9    -0.6     34.6
MEAN             44.6              45.1    -0.5     44.8
DAYS MAX >= 90      0               0.0     0.0        0
DAYS MAX <= 32      0               0.5    -0.5        0
DAYS MIN <= 32     11               9.9     1.1       13
DAYS MIN <= 0       0               0.0     0.0        0

PRECIPITATION (INCHES)
RECORD
 MAXIMUM         8.57   1983
 MINIMUM         0.73   2001
TOTALS           4.21              3.43    0.78     2.77
DAILY AVG.       0.14              0.11    0.03     0.09
DAYS >= .01        18              13.4     4.6       13
DAYS >= .10        12               7.5     4.5       10
DAYS >= .50         3               2.1     0.9        1
DAYS >= 1.00        0               0.4    -0.4        0
GREATEST
 24 HR. TOTAL    1.13   04/20 TO 04/21

SNOWFALL (INCHES)
RECORDS
 TOTAL           22.9   1983
 24 HR TOTAL     12.7   10/07/5881 TO 10/07/5881
                        04/15/2007 TO 04/16/2007
                        10/07/5881 TO 10/07/5881
 SNOW DEPTH         9   10/07/5881
                        04/17/2007
                        04/16/2007
TOTALS            2.8               4.3    -1.5      1.0
SINCE 7/1        93.4              83.3    10.1     85.4
SNOWDEPTH AVG.      0                MM      MM        0
DAYS >= TRACE       5               3.4     1.6        5
DAYS >= 1.0         1               1.0     0.0        0
GREATEST
 SNOW DEPTH         2   04/01                          1  04/16
 24 HR TOTAL      2.1   04/04 TO 04/05

DEGREE_DAYS
HEATING TOTAL     603               603       0      602
 SINCE 7/1       7305              6799     506     7273
COOLING TOTAL       0                 4      -4        2
 SINCE 1/1          0                 4      -4        2
.................................................................

WIND (MPH)
AVERAGE WIND SPEED              9.5
RESULTANT WIND SPEED/DIRECTION   2/283
HIGHEST WIND SPEED/DIRECTION    35/130    DATE  04/20
HIGHEST GUST SPEED/DIRECTION    44/150    DATE  04/20

SKY COVER
POSSIBLE SUNSHINE (PERCENT)   MM
AVERAGE SKY COVER           0.50
NUMBER OF DAYS FAIR           11
NUMBER OF DAYS PC              8
NUMBER OF DAYS CLOUDY         11

AVERAGE RH (PERCENT)     66

WEATHER CONDITIONS. NUMBER OF DAYS WITH
THUNDERSTORM              0     MIXED PRECIP               0
HEAVY RAIN                6     RAIN                       9
LIGHT RAIN               17     FREEZING RAIN              0
LT FREEZING RAIN          0     HAIL                       0
HEAVY SNOW                0     SNOW                       4
LIGHT SNOW                5     SLEET                      0
FOG                      15     FOG W/VIS <= 1/4 MILE      7
HAZE                      4

-  INDICATES NEGATIVE NUMBERS.
R  INDICATES RECORD WAS SET OR TIED.
MM INDICATES DATA IS MISSING.
T  INDICATES TRACE AMOUNT.

&&
CORRECTED GREATEST 24 HOUR SNOWFALL
DAILY RECORD COLDEST MAXIMUM TEMPERATURES AND AVERAGE TEMPERATURES
ON THE 23RD AND 24TH.
$$

TAC
