000
CXUS51 KBGM 011700 CCA
CLSBGM

CLIMATE REPORT...CORRECTED
NATIONAL WEATHER SERVICE BINGHAMTON NY
100 PM EDT MON SEP 1 2014

...................................

...THE BINGHAMTON NY CLIMATE SUMMARY FOR THE SEASON, FROM
6/1/2014 TO 8/31/2014...

CLIMATE NORMAL PERIOD 1981 TO 2010
CLIMATE RECORD PERIOD 1951 TO 2014

WEATHER         OBSERVED          NORMAL  DEPART  LAST YEAR`S
                 VALUE   DATE(S)  VALUE   FROM    VALUE  DATE(S)
                                          NORMAL
................................................................
TEMPERATURE (F)
RECORD
 HIGH              98   07/16/1988
 LOW               33   06/09/1980
HIGHEST            86   07/01        76      10       89  07/18
                                                          07/17
LOWEST             47   08/19        57     -10       42  06/05
                        06/21
                        06/01
AVG. MAXIMUM     75.6              76.0    -0.4     76.2
AVG. MINIMUM     57.5              57.7    -0.2     58.6
MEAN             66.5              66.8    -0.3     67.4
DAYS MAX >= 90      0               1.1    -1.1        0
DAYS MAX <= 32      0               0.0     0.0        0
DAYS MIN <= 32      0               0.0     0.0        0
DAYS MIN <= 0       0               0.0     0.0        0

PRECIPITATION (INCHES)
RECORD
 MAXIMUM        23.50   2006
 MINIMUM         4.87   1979
TOTALS          13.67             11.46    2.21    17.13
DAILY AVG.       0.15              0.12    0.03     0.18
DAYS >= .01        33              35.0    -2.0       40
DAYS >= .10        20              22.2    -2.2       28
DAYS >= .50         8               7.7     0.3       12
DAYS >= 1.00        4               2.5     1.5        5
GREATEST
 24 HR. TOTAL    2.73   08/12 TO 08/13

SNOWFALL (INCHES)
RECORDS
 TOTAL              T   2014
                        2008
                        2004
 24 HR TOTAL        T   08/10/2008 TO 08/10/2008
 SNOW DEPTH         T   08/10/2008
TOTALS              TR              0.0     0.0      0.0
SINCE 7/1           T               0.0     0.0      0.0
SNOWDEPTH AVG.      0               0.0     0.0        0
DAYS >= TRACE       1               0.0     1.0        0
DAYS >= 1.0         0               0.0     0.0        0
GREATEST
 SNOW DEPTH         T   07/23                          0  MM
 24 HR TOTAL        T   07/23                          0

DEGREE_DAYS
HEATING TOTAL     111               153     -42      138
 SINCE 7/1         66                63       3       51
COOLING TOTAL     277               326     -49      384
 SINCE 1/1        302               348     -46      427

FREEZE DATES
RECORD
 EARLIEST     09/20/1993
 LATEST       05/25/1956
EARLIEST                        10/08
LATEST                          05/02
..................................................

WIND (MPH)
AVERAGE WIND SPEED              6.5
RESULTANT WIND SPEED/DIRECTION   2/235
HIGHEST WIND SPEED/DIRECTION    25/220    DATE  07/07
HIGHEST GUST SPEED/DIRECTION    38/230    DATE  07/07

SKY COVER
POSSIBLE SUNSHINE (PERCENT)   MM
AVERAGE SKY COVER           0.40
NUMBER OF DAYS FAIR           42
NUMBER OF DAYS PC             33
NUMBER OF DAYS CLOUDY         17

AVERAGE RH (PERCENT)     74

WEATHER CONDITIONS. NUMBER OF DAYS WITH
THUNDERSTORM              0     MIXED PRECIP               0
HEAVY RAIN               16     RAIN                      19
LIGHT RAIN               39     FREEZING RAIN              0
LT FREEZING RAIN          0     HAIL                       1
HEAVY SNOW                0     SNOW                       0
LIGHT SNOW                0     SLEET                      0
FOG                      45     FOG W/VIS <= 1/4 MILE     18
HAZE                      6

-  INDICATES NEGATIVE NUMBERS.
R  INDICATES RECORD WAS SET OR TIED.
MM INDICATES DATA IS MISSING.
T  INDICATES TRACE AMOUNT.

&&
14TH WETTEST JUNE TO AUGUST (2013 WAS 4TH WETTEST)
SNOWFALL ON JULY 23RD WAS HAIL.

$$

TAC
