000
CXUS51 KBGM 032108
CLSBGM


CLIMATE REPORT
NATIONAL WEATHER SERVICE BINGHAMTON NY
357 PM EST FRI MAR 3 2017

...................................

...THE BINGHAMTON NY CLIMATE SUMMARY FOR THE SEASON, FROM
12/1/2016 TO 2/28/2017...

CLIMATE NORMAL PERIOD 1981 TO 2010
CLIMATE RECORD PERIOD 1951 TO 2017

WEATHER         OBSERVED          NORMAL  DEPART  LAST YEAR`S
                 VALUE   DATE(S)  VALUE   FROM    VALUE  DATE(S)
                                          NORMAL
................................................................
TEMPERATURE (F)
RECORD
 HIGH              70   02/24/2017
 LOW              -20   01/15/1957
HIGHEST            70R  02/24        31      39       63  12/24
LOWEST              1   12/16        18     -17      -18  02/14
AVG. MAXIMUM     34.9              31.3     3.6     38.0
AVG. MINIMUM     22.3              18.1     4.2     23.5
MEAN             28.6              24.7     3.9     30.8
DAYS MAX >= 90      0               0.0     0.0        0
DAYS MAX <= 32     37              48.6   -11.6       32
DAYS MIN <= 32     80              80.9    -0.9       70
DAYS MIN <= 0       0               5.2    -5.2        4

PRECIPITATION (INCHES)
RECORD
 MAXIMUM        12.16   1977
 MINIMUM         3.99   1979
TOTALS           9.85              7.59    2.26     8.92
DAILY AVG.       0.11              0.08    0.03     0.10
DAYS >= .01        55              44.3    10.7       40
DAYS >= .10        24              18.4     5.6       19
DAYS >= .50         9               3.9     5.1        6
DAYS >= 1.00        0               0.7    -0.7        1
GREATEST
 24 HR. TOTAL    1.10   01/23 TO 01/24

SNOWFALL (INCHES)
RECORDS
 TOTAL           90.3   1977
 24 HR TOTAL     21.0   02/19/1972 TO 02/19/1972
 SNOW DEPTH        33   12/28/1969
TOTALS           64.9              57.1     7.8     20.6
SINCE 7/1        93.5              63.9    29.6     21.7
SNOWDEPTH AVG.      3                 4      -1        1
DAYS >= TRACE      66              43.6    22.4       45
DAYS >= 1.0        22              16.7     5.3        7
GREATEST
 SNOW DEPTH        10   02/17                          4  01/14
                        02/16
                        12/17
 24 HR TOTAL      9.4   02/12 TO 02/13

DEGREE_DAYS
HEATING TOTAL    3264              3624    -360     3088
 SINCE 7/1       4613              5199    -586     4332
COOLING TOTAL       0                 0       0        0
 SINCE 1/1          0                 0       0        0

FREEZE DATES
RECORD
 EARLIEST     09/20/1993
 LATEST       05/25/1956
EARLIEST                        10/08
LATEST                          05/02
...................................................

WIND (MPH)
AVERAGE WIND SPEED              9.3
RESULTANT WIND SPEED/DIRECTION   4/250
HIGHEST WIND SPEED/DIRECTION    35/280    DATE  12/15
HIGHEST GUST SPEED/DIRECTION    43/290    DATE  12/15

SKY COVER
POSSIBLE SUNSHINE (PERCENT)   MM
AVERAGE SKY COVER           0.70
NUMBER OF DAYS FAIR           17
NUMBER OF DAYS PC             26
NUMBER OF DAYS CLOUDY         47

AVERAGE RH (PERCENT)     76

WEATHER CONDITIONS. NUMBER OF DAYS WITH
THUNDERSTORM              1     MIXED PRECIP               0
HEAVY RAIN                5     RAIN                       9
LIGHT RAIN               19     FREEZING RAIN              5
LT FREEZING RAIN          9     HAIL                       0
HEAVY SNOW                9     SNOW                      23
LIGHT SNOW               58     SLEET                      0
FOG                      71     FOG W/VIS <= 1/4 MILE     24
HAZE                     26

-  INDICATES NEGATIVE NUMBERS.
R  INDICATES RECORD WAS SET OR TIED.
MM INDICATES DATA IS MISSING.
T  INDICATES TRACE AMOUNT.

&&

6TH WARMEST DECEMBER TO FEBRUARY  WARMEST 31.3 IN 2002

$$
