000
CXUS51 KBGM 040142
CLSBGM


CLIMATE REPORT
NATIONAL WEATHER SERVICE BINGHAMTON NY
827 PM EST SAT DEC 3 2016

...................................

...THE BINGHAMTON NY CLIMATE SUMMARY FOR THE SEASON, FROM
9/1/2016 TO 11/30/2016...

CLIMATE NORMAL PERIOD 1981 TO 2010
CLIMATE RECORD PERIOD 1951 TO 2016

WEATHER         OBSERVED          NORMAL  DEPART  LAST YEAR`S
                 VALUE   DATE(S)  VALUE   FROM    VALUE  DATE(S)
                                          NORMAL
................................................................
TEMPERATURE (F)
RECORD
 HIGH              96   09/03/1953
                        09/02/1953
 LOW                3   11/30/1976
HIGHEST            86   09/08        56      30       89  09/07
LOWEST             23   11/23        40     -17       19  11/30
                        11/21
AVG. MAXIMUM     59.5              56.8     2.7     61.3
AVG. MINIMUM     41.7              40.7     1.0     43.7
MEAN             50.6              48.8     1.8     52.5
DAYS MAX >= 90      0               0.0     0.0        0
DAYS MAX <= 32      4               3.2     0.8        1
DAYS MIN <= 32     24              21.9     2.1       20
DAYS MIN <= 0       0               0.0     0.0        0

PRECIPITATION (INCHES)
RECORD
 MAXIMUM        23.75   2011
 MINIMUM         3.62   1964
TOTALS           8.97             10.26   -1.29     7.58
DAILY AVG.       0.10              0.11   -0.01     0.08
DAYS >= .01        38              38.2    -0.2       32
DAYS >= .10        19              20.0    -1.0       14
DAYS >= .50         4               6.4    -2.4        4
DAYS >= 1.00        1               2.1    -1.1        3
GREATEST
 24 HR. TOTAL    2.83   10/20 TO 10/21

SNOWFALL (INCHES)
RECORDS
 TOTAL           33.9   1995
 24 HR TOTAL     10.8   11/14/1995 TO 11/14/1995
 SNOW DEPTH        13   11/15/1995
                        11/01/1993
TOTALS           28.6               6.8    21.8      1.1
SINCE 7/1        28.6               6.8    21.8      1.1
SNOWDEPTH AVG.      1                MM      MM        0
DAYS >= TRACE      11               6.9     4.1        8
DAYS >= 1.0         5               2.4     2.6        0
GREATEST
 SNOW DEPTH        15R  11/22                          T  11/23
                                                          11/14
                                                          10/19
 24 HR TOTAL     12.9R  11/20 TO 11/21

DEGREE_DAYS
HEATING TOTAL    1340              1512    -172     1221
 SINCE 7/1       1349              1575    -226     1270
COOLING TOTAL      52                33      19      101
 SINCE 1/1        563               381     182      443

FREEZE DATES
RECORD
 EARLIEST     09/20/1993
 LATEST       05/25/1956
EARLIEST                        10/08
LATEST                          05/02
....................................................

WIND (MPH)
AVERAGE WIND SPEED              7.8
RESULTANT WIND SPEED/DIRECTION   2/276
HIGHEST WIND SPEED/DIRECTION    30/140    DATE  11/30
HIGHEST GUST SPEED/DIRECTION    42/310    DATE  11/21

SKY COVER
POSSIBLE SUNSHINE (PERCENT)   MM
AVERAGE SKY COVER           0.50
NUMBER OF DAYS FAIR           37
NUMBER OF DAYS PC             26
NUMBER OF DAYS CLOUDY         28

AVERAGE RH (PERCENT)     76

WEATHER CONDITIONS. NUMBER OF DAYS WITH
THUNDERSTORM              3     MIXED PRECIP               0
HEAVY RAIN                5     RAIN                      15
LIGHT RAIN               45     FREEZING RAIN              1
LT FREEZING RAIN          2     HAIL                       0
HEAVY SNOW                2     SNOW                       3
LIGHT SNOW               10     SLEET                      0
FOG                      56     FOG W/VIS <= 1/4 MILE     20
HAZE                      3

-  INDICATES NEGATIVE NUMBERS.
R  INDICATES RECORD WAS SET OR TIED.
MM INDICATES DATA IS MISSING.
T  INDICATES TRACE AMOUNT.

&&
2ND GREATEST SEASONAL SNOWFALL
$$
