000
CXUS51 KBGM 012157 AAA
CLSBGM

CLIMATE REPORT...UPDATED
NATIONAL WEATHER SERVICE BINGHAMTON NY
557 PM EDT SUN SEP 1 2013

...................................

...THE BINGHAMTON NY CLIMATE SUMMARY FOR THE SEASON, FROM
6/1/2013 TO 8/31/2013...

CLIMATE NORMAL PERIOD 1981 TO 2010
CLIMATE RECORD PERIOD 1951 TO 2013

WEATHER         OBSERVED          NORMAL  DEPART  LAST YEAR`S
                 VALUE   DATE(S)  VALUE   FROM    VALUE  DATE(S)
                                          NORMAL
................................................................
TEMPERATURE (F)
RECORD
 HIGH              98   07/16/1988
 LOW               33   06/09/1980
HIGHEST            89   07/18        76      13       91  07/17
                        07/17
LOWEST             42   06/05        57     -15       45  06/06
                                                          06/05
AVG. MAXIMUM     76.2              76.0     0.2     78.2
AVG. MINIMUM     58.6              57.7     0.9     58.8
MEAN             67.4              66.8     0.6     68.5
DAYS MAX >= 90      0               1.1    -1.1        5
DAYS MAX <= 32      0               0.0     0.0        0
DAYS MIN <= 32      0               0.0     0.0        0
DAYS MIN <= 0       0               0.0     0.0        0

PRECIPITATION (INCHES)
RECORD
 MAXIMUM        23.50   2006
 MINIMUM         4.87   1979
TOTALS          17.13             11.46    5.67    13.31
DAILY AVG.       0.18              0.12    0.06     0.14
DAYS >= .01        40              35.0     5.0       35
DAYS >= .10        28              22.2     5.8       25
DAYS >= .50        12               7.7     4.3        9
DAYS >= 1.00        5               2.5     2.5        3
GREATEST
 24 HR. TOTAL    2.74   08/08 TO 08/09

SNOWFALL (INCHES)
RECORDS
 TOTAL              T   2008
                        2004
                        2002
 24 HR TOTAL        T   08/10/2008 TO 08/10/2008
 SNOW DEPTH         T   08/10/2008
TOTALS            0.0               0.0     0.0        T
SINCE 7/1         0.0               0.0     0.0      0.0
SNOWDEPTH AVG.      0                MM      MM        0
DAYS >= TRACE       0               0.0     0.0        1
DAYS >= 1.0         0               0.0     0.0        0
GREATEST
 SNOW DEPTH         0   MM                             T  06/06
 24 HR TOTAL      0.0   MM

DEGREE_DAYS
HEATING TOTAL     138               153     -15      111
 SINCE 7/1         51                63     -12       MM
COOLING TOTAL     384               326      58      455
 SINCE 1/1        427               348      79      511

FREEZE DATES
RECORD
 EARLIEST     09/20/1993
 LATEST       05/25/1956
EARLIEST                        10/08
LATEST                          05/02
......................................................

WIND (MPH)
AVERAGE WIND SPEED              6.2
RESULTANT WIND SPEED/DIRECTION   2/261
HIGHEST WIND SPEED/DIRECTION    33/270    DATE  06/02
HIGHEST GUST SPEED/DIRECTION    47/270    DATE  06/02

SKY COVER
POSSIBLE SUNSHINE (PERCENT)   MM
AVERAGE SKY COVER           0.40
NUMBER OF DAYS FAIR           42
NUMBER OF DAYS PC             39
NUMBER OF DAYS CLOUDY         11

AVERAGE RH (PERCENT)     73

WEATHER CONDITIONS. NUMBER OF DAYS WITH
THUNDERSTORM              0     MIXED PRECIP               0
HEAVY RAIN               24     RAIN                      26
LIGHT RAIN               44     FREEZING RAIN              0
LT FREEZING RAIN          0     HAIL                       0
HEAVY SNOW                0     SNOW                       0
LIGHT SNOW                0     SLEET                      0
FOG                      52     FOG W/VIS <= 1/4 MILE     25
HAZE                     14

-  INDICATES NEGATIVE NUMBERS.
R  INDICATES RECORD WAS SET OR TIED.
MM INDICATES DATA IS MISSING.
T  INDICATES TRACE AMOUNT.

&&
UPDATED TO ADD RECORD BELOW
4TH WETTEST JUNE TO AUGUST PERIOD

$$
