000
CXUS51 KBGM 031841 CCA
CLSBGM

CLIMATE REPORT...CORRECTED
NATIONAL WEATHER SERVICE BINGHAMTON NY
325 PM EST SUN DEC 2 2012

...................................

...THE BINGHAMTON NY CLIMATE SUMMARY FOR THE SEASON, FROM
9/1/2012 TO 11/30/2012...

CLIMATE NORMAL PERIOD 1981 TO 2010
CLIMATE RECORD PERIOD 1951 TO 2012

WEATHER         OBSERVED          NORMAL  DEPART  LAST YEAR`S
                 VALUE   DATE(S)  VALUE   FROM    VALUE  DATE(S)
                                          NORMAL
................................................................
TEMPERATURE (F)
RECORD
 HIGH              96   09/03/1953
                        09/02/1953
 LOW                3   11/30/1976
HIGHEST            82   09/06        56      26       85  09/03
LOWEST             23   11/07        40     -17       24  11/18
AVG. MAXIMUM     56.2              56.8    -0.6     59.8
AVG. MINIMUM     40.8              40.7     0.1     44.2
MEAN             48.5              48.8    -0.3     52.0
DAYS MAX >= 90      0               0.0     0.0        0
DAYS MAX <= 32      4               3.2     0.8        0
DAYS MIN <= 32     28              21.9     6.1       16
DAYS MIN <= 0       0               0.0     0.0        0

PRECIPITATION (INCHES)
RECORD
 MAXIMUM        23.75   2011
 MINIMUM         3.62   1964
TOTALS           8.02             10.26   -2.24    23.75
DAILY AVG.       0.09              0.11   -0.02     0.26
DAYS >= .01        44              38.2     5.8       40
DAYS >= .10        16              20.0    -4.0       28
DAYS >= .50         6               6.4    -0.4       13
DAYS >= 1.00        1               2.1    -1.1        4
GREATEST
 24 HR. TOTAL    1.08   10/18 TO 10/19

SNOWFALL (INCHES)
RECORDS
 TOTAL           33.9   1995
 24 HR TOTAL     10.8   11/14/1995 TO 11/14/1995
 SNOW DEPTH        13   11/15/1995
                        11/01/1993
TOTALS            4.6               6.8    -2.2      2.8
SINCE 7/1         4.6               6.8    -2.2      2.8
SNOWDEPTH AVG.      0                MM      MM        0
DAYS >= TRACE      13               6.9     6.1        5
DAYS >= 1.0         2               2.4    -0.4        1
GREATEST
 SNOW DEPTH         1   11/13                          1  10/28
                        11/30
 24 HR TOTAL      1.4   11/13
                        11/30

DEGREE_DAYS
HEATING TOTAL    1512              1512       0     1204
 SINCE 7/1       1533              1575     -42       MM
COOLING TOTAL      30                33      -3       43
 SINCE 1/1        541               381     160      526

FREEZE DATES
RECORD
 EARLIEST     09/20/1993
 LATEST       05/25/1956
EARLIEST                        10/08
LATEST                          05/02
........................................................

WIND (MPH)
AVERAGE WIND SPEED              7.0
RESULTANT WIND SPEED/DIRECTION   2/243
HIGHEST WIND SPEED/DIRECTION    33/120    DATE  10/30
HIGHEST GUST SPEED/DIRECTION    49/120    DATE  10/30

SKY COVER
POSSIBLE SUNSHINE (PERCENT)   MM
AVERAGE SKY COVER           0.50
NUMBER OF DAYS FAIR           31
NUMBER OF DAYS PC             25
NUMBER OF DAYS CLOUDY         35

AVERAGE RH (PERCENT)     74

WEATHER CONDITIONS. NUMBER OF DAYS WITH
THUNDERSTORM              0     MIXED PRECIP               0
HEAVY RAIN                9     RAIN                      17
LIGHT RAIN               42     FREEZING RAIN              0
LT FREEZING RAIN          0     HAIL                       1
HEAVY SNOW                0     SNOW                       3
LIGHT SNOW               10     SLEET                      0
FOG                      50     FOG W/VIS <= 1/4 MILE     16
HAZE                      8

-  INDICATES NEGATIVE NUMBERS.
R  INDICATES RECORD WAS SET OR TIED.
MM INDICATES DATA IS MISSING.
T  INDICATES TRACE AMOUNT.

&&
CORRECTED TO ADD DATES AND HEATING DEGREE DAY TOTALS
$$

TAC
