000
CXUS51 KBGM 011917
CLSBGM


CLIMATE REPORT
NATIONAL WEATHER SERVICE BINGHAMTON NY
302 PM EDT FRI JUN 1 2012

...................................

...THE BINGHAMTON NY CLIMATE SUMMARY FOR THE SEASON, FROM
3/1/2012 TO 5/31/2012...

CLIMATE NORMAL PERIOD 1981 TO 2010
CLIMATE RECORD PERIOD 1951 TO 2012

WEATHER         OBSERVED          NORMAL  DEPART  LAST YEAR`S
                 VALUE   DATE(S)  VALUE   FROM    VALUE  DATE(S)
                                          NORMAL
................................................................
TEMPERATURE (F)
RECORD
 HIGH              89   04/27/2009
                        05/20/1996
                        05/07/1982
 LOW               -7   03/19/1993
HIGHEST            87   05/28        53      34       87  05/31
LOWEST             13   03/06        35     -22        6  03/03
AVG. MAXIMUM     60.3              53.6     6.7     53.7
AVG. MINIMUM     40.6              35.5     5.1     37.0
MEAN             50.4              44.6     5.8     45.3
DAYS MAX >= 90      0               0.0     0.0        0
DAYS MAX <= 32      2               7.2    -5.2        9
DAYS MIN <= 32     28              34.5    -6.5       39
DAYS MIN <= 0       0               0.2    -0.2        0

PRECIPITATION (INCHES)
RECORD
 MAXIMUM        19.93   2011
 MINIMUM         5.07   1969
TOTALS           8.52              9.99   -1.47    19.93
DAILY AVG.       0.09              0.11   -0.02     0.22
DAYS >= .01        37              41.7    -4.7       50
DAYS >= .10        19              22.8    -3.8       35
DAYS >= .50         8               6.3     1.7       17
DAYS >= 1.00        0               1.2    -1.2        6
GREATEST
 24 HR. TOTAL    1.46   04/22 TO 04/23

SNOWFALL (INCHES)
RECORDS
 TOTAL           54.1   1993
 24 HR TOTAL     19.1   03/13/1993 TO 03/14/1993
 SNOW DEPTH        35   03/15/1993
TOTALS            4.8              19.5   -14.7     28.5
SINCE 7/1        43.5              83.4   -39.9    119.2
SNOWDEPTH AVG.      0                MM      MM        1
DAYS >= TRACE      20              14.0     6.0       32
DAYS >= 1.0         1               4.9    -3.9        4
GREATEST
 SNOW DEPTH         1   03/10                         15  03/07
                        03/05
                        03/09
 24 HR TOTAL      1.8   03/04 TO 03/04

DEGREE_DAYS
HEATING TOTAL    1366              1904    -538     1831
 SINCE 7/1       5723              7104   -1381     7087
COOLING TOTAL      56                24      32       43
 SINCE 1/1         56                23      33       43

FREEZE DATES
RECORD
 EARLIEST     09/20/1993
 LATEST       05/25/1956
EARLIEST                        10/08
LATEST                          05/02
........................................................

WIND (MPH)
AVERAGE WIND SPEED              8.1
RESULTANT WIND SPEED/DIRECTION   2/274
HIGHEST WIND SPEED/DIRECTION    32/240    DATE  03/03
HIGHEST GUST SPEED/DIRECTION    43/280    DATE  04/08

SKY COVER
POSSIBLE SUNSHINE (PERCENT)   MM
AVERAGE SKY COVER           0.50
NUMBER OF DAYS FAIR           38
NUMBER OF DAYS PC             29
NUMBER OF DAYS CLOUDY         25

AVERAGE RH (PERCENT)     64

WEATHER CONDITIONS. NUMBER OF DAYS WITH
THUNDERSTORM              0     MIXED PRECIP               0
HEAVY RAIN                6     RAIN                      16
LIGHT RAIN               44     FREEZING RAIN              1
LT FREEZING RAIN          1     HAIL                       0
HEAVY SNOW                2     SNOW                       3
LIGHT SNOW               20     SLEET                      0
FOG                      49     FOG W/VIS <= 1/4 MILE     16
HAZE                     23

-  INDICATES NEGATIVE NUMBERS.
R  INDICATES RECORD WAS SET OR TIED.
MM INDICATES DATA IS MISSING.
T  INDICATES TRACE AMOUNT.

&&
WARMEST MARCH TO MAY EVER. OLD RECORD 50.3 IN 2010
5TH LEAST SNOWIEST MARCH TO MAY. RECORD 1.4 INCHES IN 1969

$$

TAC
