000
CXUS51 KBGM 011934
CLSBGM


CLIMATE REPORT
NATIONAL WEATHER SERVICE BINGHAMTON NY
217 PM EST THU MAR 1 2012

...................................

...THE BINGHAMTON NY CLIMATE SUMMARY FOR THE SEASON, FROM
12/1/2011 TO 2/29/2012...

CLIMATE NORMAL PERIOD 1981 TO 2010
CLIMATE RECORD PERIOD 1951 TO 2012

WEATHER         OBSERVED          NORMAL  DEPART  LAST YEAR`S
                 VALUE   DATE(S)  VALUE   FROM    VALUE  DATE(S)
                                          NORMAL
................................................................
TEMPERATURE (F)
RECORD
 HIGH              66   02/16/1954
 LOW              -20   01/15/1957
HIGHEST            55   02/01        31      24       58  02/18
LOWEST             -3   01/15        18     -21       -7  01/24
AVG. MAXIMUM     37.3              31.3     6.0     28.9
AVG. MINIMUM     23.3              18.1     5.2     15.8
MEAN             30.3              24.7     5.6     22.4
DAYS MAX >= 90      0               0.0     0.0        0
DAYS MAX <= 32     22              48.6   -26.6       67
DAYS MIN <= 32     79              80.9    -1.9       87
DAYS MIN <= 0       2               5.2    -3.2        3

PRECIPITATION (INCHES)
RECORD
 MAXIMUM        12.16   1977
 MINIMUM         3.99   1979
TOTALS           7.40              7.59   -0.19     8.67
DAILY AVG.       0.08              0.08    0.00     0.10
DAYS >= .01        46              44.3     1.7       54
DAYS >= .10        19              18.4     0.6       20
DAYS >= .50         3               3.9    -0.9        6
DAYS >= 1.00        0               0.7    -0.7        2
GREATEST
 24 HR. TOTAL    0.99   01/26 TO 01/27           11/30 TO 12/01

SNOWFALL (INCHES)
RECORDS
 TOTAL           90.3   1977
 24 HR TOTAL     21.0   02/19/1972 TO 02/19/1972
 SNOW DEPTH        33   12/28/1969
TOTALS           35.9              57.1   -21.2     90.1
SINCE 7/1        38.7              63.9   -25.2     90.7
SNOWDEPTH AVG.      0                 4      -4        6
DAYS >= TRACE      59              43.6    15.4       74
DAYS >= 1.0        13              16.7    -3.7       27
GREATEST
 SNOW DEPTH         5   01/14                         14  02/04
                        01/13                             02/03
                                                          02/02
 24 HR TOTAL      6.0   01/13 TO 01/14           12/06 TO 12/06

DEGREE_DAYS
HEATING TOTAL    3131              3624    -493     3819
 SINCE 7/1       4357              5236    -879     5256
COOLING TOTAL       0                 0       0        0
 SINCE 1/1          0                 0       0        0

FREEZE DATES
RECORD
 EARLIEST     09/20/1993
 LATEST       05/25/1956
EARLIEST                        10/08
LATEST                          05/02
.......................................................

WIND (MPH)
AVERAGE WIND SPEED              8.6
RESULTANT WIND SPEED/DIRECTION   4/248
HIGHEST WIND SPEED/DIRECTION    33/280    DATE  01/18
HIGHEST GUST SPEED/DIRECTION    51/290    DATE  12/16

SKY COVER
POSSIBLE SUNSHINE (PERCENT)   MM
AVERAGE SKY COVER           0.70
NUMBER OF DAYS FAIR           19
NUMBER OF DAYS PC             27
NUMBER OF DAYS CLOUDY         45

AVERAGE RH (PERCENT)     72

WEATHER CONDITIONS. NUMBER OF DAYS WITH
THUNDERSTORM              0     MIXED PRECIP               0
HEAVY RAIN                2     RAIN                      10
LIGHT RAIN               25     FREEZING RAIN              1
LT FREEZING RAIN          7     HAIL                       1
HEAVY SNOW                7     SNOW                      11
LIGHT SNOW               48     SLEET                      0
FOG                      60     FOG W/VIS <= 1/4 MILE     17
HAZE                     33

-  INDICATES NEGATIVE NUMBERS.
R  INDICATES RECORD WAS SET OR TIED.
MM INDICATES DATA IS MISSING.
T  INDICATES TRACE AMOUNT.

&&
6TH LOWEST "WINTER" SNOWFALL  LOWEST 30.9" IN 1988-1989
2ND WARMEST "WINTER"   WARMEST 31.3F IN 2001-2002

$$

TAC
