000
CXUS51 KBGM 011930
CLSBGM


CLIMATE REPORT
NATIONAL WEATHER SERVICE BINGHAMTON NY
323 PM EDT SAT SEP 1 2012

...................................

...THE BINGHAMTON NY CLIMATE SUMMARY FOR THE SEASON, FROM
6/1/2012 TO 8/31/2012...

CLIMATE NORMAL PERIOD 1981 TO 2010
CLIMATE RECORD PERIOD 1951 TO 2012

WEATHER         OBSERVED          NORMAL  DEPART  LAST YEAR`S
                 VALUE   DATE(S)  VALUE   FROM    VALUE  DATE(S)
                                          NORMAL
................................................................
TEMPERATURE (F)
RECORD
 HIGH              98   07/16/1988
 LOW               33   06/09/1980
HIGHEST            91   07/17        76      15       95  07/21
LOWEST             45   06/06        57     -12       46  06/03
                        06/05
AVG. MAXIMUM     78.2              76.0     2.2     78.2
AVG. MINIMUM     58.8              57.7     1.1     59.3
MEAN             68.5              66.8     1.7     68.7
DAYS MAX >= 90      5               1.1     3.9        5
DAYS MAX <= 32      0               0.0     0.0        0
DAYS MIN <= 32      0               0.0     0.0        0
DAYS MIN <= 0       0               0.0     0.0        0

PRECIPITATION (INCHES)
RECORD
 MAXIMUM        23.50   2006
 MINIMUM         4.87   1979
TOTALS          13.31             11.46    1.85    14.63
DAILY AVG.       0.14              0.12    0.02     0.16
DAYS >= .01        35              35.0     0.0       36
DAYS >= .10        25              22.2     2.8       24
DAYS >= .50         9               7.7     1.3        9
DAYS >= 1.00        3               2.5     0.5        5
GREATEST
 24 HR. TOTAL    1.95   08/14 TO 08/15           0

SNOWFALL (INCHES)
RECORDS
 TOTAL              T   2008
                        2004
                        2002
 24 HR TOTAL        T   08/10/2008 TO 08/10/2008
 SNOW DEPTH         T   08/10/2008
TOTALS              TR              0.0     0.0      0.0
SINCE 7/1         0.0               0.0     0.0      0.0
SNOWDEPTH AVG.      0                MM      MM        0
DAYS >= TRACE       1               0.0     1.0        0
DAYS >= 1.0         0               0.0     0.0        0
GREATEST
 SNOW DEPTH         TR  06/06                          0  MM
 24 HR TOTAL        TR

DEGREE_DAYS
HEATING TOTAL     111               153     -42       72
 SINCE 7/1         MM                63      MM       22
COOLING TOTAL     455               326     129      440
 SINCE 1/1        511               348     163      483

FREEZE DATES
RECORD
 EARLIEST     09/20/1993
 LATEST       05/25/1956
EARLIEST                        10/08
LATEST                          05/02
.........................................................

WIND (MPH)
AVERAGE WIND SPEED              6.3
RESULTANT WIND SPEED/DIRECTION   2/255
HIGHEST WIND SPEED/DIRECTION    29/360    DATE  07/26
HIGHEST GUST SPEED/DIRECTION    43/130    DATE  06/01

SKY COVER
POSSIBLE SUNSHINE (PERCENT)   MM
AVERAGE SKY COVER           0.40
NUMBER OF DAYS FAIR           53
NUMBER OF DAYS PC             32
NUMBER OF DAYS CLOUDY          7

AVERAGE RH (PERCENT)     69

WEATHER CONDITIONS. NUMBER OF DAYS WITH
THUNDERSTORM              0     MIXED PRECIP               0
HEAVY RAIN               22     RAIN                      22
LIGHT RAIN               39     FREEZING RAIN              0
LT FREEZING RAIN          0     HAIL                       1
HEAVY SNOW                0     SNOW                       0
LIGHT SNOW                0     SLEET                      0
FOG                      46     FOG W/VIS <= 1/4 MILE     14
HAZE                      8

-  INDICATES NEGATIVE NUMBERS.
R  INDICATES RECORD WAS SET OR TIED.
MM INDICATES DATA IS MISSING.
T  INDICATES TRACE AMOUNT.

&&
SNOWFALL 6/06 WAS HAIL

$$
