774
CXUS51 KBGM 010939
CLSBGM


CLIMATE REPORT
NATIONAL WEATHER SERVICE BINGHAMTON NY
527 AM EDT FRI SEP 1 2017

...................................

...THE BINGHAMTON NY CLIMATE SUMMARY FOR THE SEASON, FROM
6/1/2017 TO 8/31/2017...

CLIMATE NORMAL PERIOD 1981 TO 2010
CLIMATE RECORD PERIOD 1951 TO 2017

WEATHER         OBSERVED          NORMAL  DEPART  LAST YEAR`S
                 VALUE   DATE(S)  VALUE   FROM    VALUE  DATE(S)
                                          NORMAL
................................................................
TEMPERATURE (F)
RECORD
 HIGH              98   07/16/1988
 LOW               33   06/09/1980
HIGHEST            85   06/12        76       9       93  07/22
LOWEST             44   08/26        57     -13       42  06/09
                        06/04
                        06/02
AVG. MAXIMUM     74.3              76.0    -1.7     78.7
AVG. MINIMUM     56.7              57.7    -1.0     59.2
MEAN             65.5              66.8    -1.3     68.9
DAYS MAX >= 90      0               1.1    -1.1        2
DAYS MAX <= 32      0               0.0     0.0        0
DAYS MIN <= 32      0               0.0     0.0        0
DAYS MIN <= 0       0               0.0     0.0        0

PRECIPITATION (INCHES)
RECORD
 MAXIMUM        23.50   2006
 MINIMUM         4.87   1979
TOTALS          15.29             11.46    3.83    11.16
DAILY AVG.       0.16              0.12    0.04     0.12
DAYS >= .01        48              35.0    13.0       33
DAYS >= .10        28              22.2     5.8       20
DAYS >= .50         8               7.7     0.3        9
DAYS >= 1.00        6               2.5     3.5        4
GREATEST
 24 HR. TOTAL    2.72   07/23 TO 07/24

SNOWFALL (INCHES)
RECORDS
 TOTAL              T   2014
                        2008
                        2004
 24 HR TOTAL        T   08/10/2008 TO 08/10/2008
 SNOW DEPTH         T   08/10/2008
TOTALS              TR              0.0     0.0      0.0
SINCE 7/1         0.0               0.0     0.0      0.0
SNOWDEPTH AVG.      0                MM      MM        0
DAYS >= TRACE       1               0.0     1.0        0
DAYS >= 1.0         0               0.0     0.0        0
GREATEST
 SNOW DEPTH         TR  06/27                          0  MM
 24 HR TOTAL        TR  06/27 TO 06/27

DEGREE_DAYS
HEATING TOTAL     176               153      23       78
 SINCE 7/1         81                63      18        9
COOLING TOTAL     250               326     -76      465
 SINCE 1/1        271               348     -77      511

FREEZE DATES
RECORD
 EARLIEST     09/20/1993
 LATEST       05/25/1956
EARLIEST                        10/08
LATEST                          05/02
.................................................

WIND (MPH)
AVERAGE WIND SPEED              6.7
RESULTANT WIND SPEED/DIRECTION   2/245
HIGHEST WIND SPEED/DIRECTION    28/270    DATE  06/18
HIGHEST GUST SPEED/DIRECTION    38/250    DATE  07/08

SKY COVER
POSSIBLE SUNSHINE (PERCENT)   MM
AVERAGE SKY COVER           0.40
NUMBER OF DAYS FAIR           43
NUMBER OF DAYS PC             34
NUMBER OF DAYS CLOUDY         12

AVERAGE RH (PERCENT)     75

WEATHER CONDITIONS. NUMBER OF DAYS WITH
THUNDERSTORM             24     MIXED PRECIP               0
HEAVY RAIN               19     RAIN                      26
LIGHT RAIN               50     FREEZING RAIN              0
LT FREEZING RAIN          0     HAIL                       1
HEAVY SNOW                0     SNOW                       0
LIGHT SNOW                0     SLEET                      0
FOG                      60     FOG W/VIS <= 1/4 MILE     18
HAZE                      3

-  INDICATES NEGATIVE NUMBERS.
R  INDICATES RECORD WAS SET OR TIED.
MM INDICATES DATA IS MISSING.
T  INDICATES TRACE AMOUNT.

&&
SNOWFALL ON JUNE 27TH WAS HAIL.
TIED 7TH COLDEST SUMMER
7TH WETTEST SUMMER

$$

TAC
