000
CXUS51 KBGM 020350
CLSBGM


CLIMATE REPORT
NATIONAL WEATHER SERVICE BINGHAMTON NY
1034 PM EST TUE MAR 1 2016

...................................

...THE BINGHAMTON NY CLIMATE SUMMARY FOR THE SEASON, FROM
12/1/2015 TO 2/29/2016...

CLIMATE NORMAL PERIOD 1981 TO 2010
CLIMATE RECORD PERIOD 1951 TO 2016

WEATHER         OBSERVED          NORMAL  DEPART  LAST YEAR`S
                 VALUE   DATE(S)  VALUE   FROM    VALUE  DATE(S)
                                          NORMAL
................................................................
TEMPERATURE (F)
RECORD
 HIGH              66   02/16/1954
 LOW              -20   01/15/1957
HIGHEST            63   12/24        31      32       56  12/25
LOWEST            -18   02/14        18     -36      -10  02/24
                                                          02/20
AVG. MAXIMUM     38.0              31.3     6.7     27.2
AVG. MINIMUM     23.5              18.1     5.4     12.9
MEAN             30.8              24.7     6.1     20.1
DAYS MAX >= 90      0               0.0     0.0        0
DAYS MAX <= 32     32              48.6   -16.6       66
DAYS MIN <= 32     70              80.9   -10.9       84
DAYS MIN <= 0       4               5.2    -1.2       19

PRECIPITATION (INCHES)
RECORD
 MAXIMUM        12.16   1977
 MINIMUM         3.99   1979
TOTALS           8.92              7.59    1.33     7.24
DAILY AVG.       0.10              0.08    0.02     0.08
DAYS >= .01        40              44.3    -4.3       51
DAYS >= .10        19              18.4     0.6       20
DAYS >= .50         6               3.9     2.1        3
DAYS >= 1.00        1               0.7     0.3        0
GREATEST
 24 HR. TOTAL    1.66   02/15 TO 02/16           12/05 TO 12/06

SNOWFALL (INCHES)
RECORDS
 TOTAL           90.3   1977
 24 HR TOTAL     21.0   02/19/1972 TO 02/19/1972
 SNOW DEPTH        33   12/28/1969
TOTALS           20.6              57.1   -36.5     62.1
SINCE 7/1        21.7              63.9   -42.2     75.8
SNOWDEPTH AVG.      1                 4      -3        7
DAYS >= TRACE      45              43.6     1.4       67
DAYS >= 1.0         7              16.7    -9.7       18
GREATEST
 SNOW DEPTH         4   01/14                         20  02/15
                                                          02/14
 24 HR TOTAL      2.8   01/11 TO 01/12           02/01 TO 02/02

DEGREE_DAYS
HEATING TOTAL    3088              3624    -536     3997
 SINCE 7/1       4358              5236    -878     5532
COOLING TOTAL       0                 0       0        0
 SINCE 1/1          0                 0       0        0

FREEZE DATES
RECORD
 EARLIEST     09/20/1993
 LATEST       05/25/1956
EARLIEST                        10/08
LATEST                          05/02
...................................................

WIND (MPH)
AVERAGE WIND SPEED              9.2
RESULTANT WIND SPEED/DIRECTION   3/245
HIGHEST WIND SPEED/DIRECTION    35/280    DATE  01/10
HIGHEST GUST SPEED/DIRECTION    46/310    DATE  01/19

SKY COVER
POSSIBLE SUNSHINE (PERCENT)   MM
AVERAGE SKY COVER           0.60
NUMBER OF DAYS FAIR           20
NUMBER OF DAYS PC             31
NUMBER OF DAYS CLOUDY         40

AVERAGE RH (PERCENT)     74

WEATHER CONDITIONS. NUMBER OF DAYS WITH
THUNDERSTORM              0     MIXED PRECIP               0
HEAVY RAIN                7     RAIN                      10
LIGHT RAIN               25     FREEZING RAIN              3
LT FREEZING RAIN          6     HAIL                       0
HEAVY SNOW                2     SNOW                      10
LIGHT SNOW               42     SLEET                      0
FOG                      54     FOG W/VIS <= 1/4 MILE     16
HAZE                     23

-  INDICATES NEGATIVE NUMBERS.
R  INDICATES RECORD WAS SET OR TIED.
MM INDICATES DATA IS MISSING.
T  INDICATES TRACE AMOUNT.

&&

LOWEST SNOWFALL DECEMBER TO FEBRUARY
2ND WARMEST DECEMBER TO FEBRUARY
18TH WETTEST DECEMBER TO FEBRUARY

$$
