000
CXUS51 KBGM 041621
CLSBGM


CLIMATE REPORT
NATIONAL WEATHER SERVICE BINGHAMTON NY
1207 PM EDT TUE JUN 4 2013

...................................

...THE BINGHAMTON NY CLIMATE SUMMARY FOR THE SEASON, FROM
3/1/2013 TO 5/31/2013...

CLIMATE NORMAL PERIOD 1981 TO 2010
CLIMATE RECORD PERIOD 1951 TO 2013

WEATHER         OBSERVED          NORMAL  DEPART  LAST YEAR`S
                 VALUE   DATE(S)  VALUE   FROM    VALUE  DATE(S)
                                          NORMAL
................................................................
TEMPERATURE (F)
RECORD
 HIGH              89   04/27/2009
                        05/20/1996
                        05/07/1982
 LOW               -7   03/19/1993
HIGHEST            87   05/31        53      34       87  05/28
LOWEST             14   03/18        35     -21       13  03/06
AVG. MAXIMUM     53.0              53.6    -0.6     60.3
AVG. MINIMUM     35.2              35.5    -0.3     40.6
MEAN             44.1              44.6    -0.5     50.4
DAYS MAX >= 90      0               0.0     0.0        0
DAYS MAX <= 32     11               7.2     3.8        2
DAYS MIN <= 32     41              34.5     6.5       28
DAYS MIN <= 0       0               0.2    -0.2        0

PRECIPITATION (INCHES)
RECORD
 MAXIMUM        19.93   2011
 MINIMUM         5.07   1969
TOTALS           8.61              9.99   -1.38     8.52
DAILY AVG.       0.09              0.11   -0.02     0.09
DAYS >= .01        37              41.7    -4.7       37
DAYS >= .10        21              22.8    -1.8       19
DAYS >= .50         6               6.3    -0.3        8
DAYS >= 1.00        0               1.2    -1.2        0
GREATEST
 24 HR. TOTAL    0.88   05/10 TO 05/11           04/22 TO 04/23

SNOWFALL (INCHES)
RECORDS
 TOTAL           54.1   1993
 24 HR TOTAL     19.1   03/13/1993 TO 03/14/1993
 SNOW DEPTH        35   03/15/1993
TOTALS           15.3              19.5    -4.2      4.8
SINCE 7/1        69.1              83.4   -14.3     43.5
SNOWDEPTH AVG.      1                MM      MM        0
DAYS >= TRACE      30              14.0    16.0       20
DAYS >= 1.0         3               4.9    -1.9        1
GREATEST
 SNOW DEPTH         6   03/09                          1  03/10
                        03/08                             03/05
                                                          03/09
 24 HR TOTAL      5.7   03/18 TO 03/18           03/04 TO 03/04

DEGREE_DAYS
HEATING TOTAL    1940              1904      36     1366
 SINCE 7/1       6824              7104     280     5723
COOLING TOTAL      43                24      19       56
 SINCE 1/1         43                23      20       56

FREEZE DATES
RECORD
 EARLIEST     09/20/1993
 LATEST       05/25/1956
EARLIEST                        10/08
LATEST                          05/02
.....................................................

WIND (MPH)
AVERAGE WIND SPEED              8.8
RESULTANT WIND SPEED/DIRECTION   2/256
HIGHEST WIND SPEED/DIRECTION    35/350    DATE  04/09
HIGHEST GUST SPEED/DIRECTION    43/250    DATE  05/22

SKY COVER
POSSIBLE SUNSHINE (PERCENT)   MM
AVERAGE SKY COVER           0.50
NUMBER OF DAYS FAIR           32
NUMBER OF DAYS PC             26
NUMBER OF DAYS CLOUDY         34

AVERAGE RH (PERCENT)     64

WEATHER CONDITIONS. NUMBER OF DAYS WITH
THUNDERSTORM              0     MIXED PRECIP               0
HEAVY RAIN               12     RAIN                      17
LIGHT RAIN               31     FREEZING RAIN              1
LT FREEZING RAIN          1     HAIL                       0
HEAVY SNOW                3     SNOW                       5
LIGHT SNOW               27     SLEET                      2
FOG                      46     FOG W/VIS <= 1/4 MILE     11
HAZE                     14

-  INDICATES NEGATIVE NUMBERS.
R  INDICATES RECORD WAS SET OR TIED.
MM INDICATES DATA IS MISSING.
T  INDICATES TRACE AMOUNT.

$$

TAC
