000
CXUS51 KBGM 010851
CLSBGM


CLIMATE REPORT
NATIONAL WEATHER SERVICE BINGHAMTON NY
335 AM EST THU DEC 1 2011

...................................

...THE BINGHAMTON NY CLIMATE SUMMARY FOR THE SEASON, FROM
9/1/2011 TO 11/30/2011...

CLIMATE NORMAL PERIOD 1981 TO 2010
CLIMATE RECORD PERIOD 1951 TO 2011

WEATHER         OBSERVED          NORMAL  DEPART  LAST YEAR`S
                 VALUE   DATE(S)  VALUE   FROM    VALUE  DATE(S)
                                          NORMAL
................................................................
TEMPERATURE (F)
RECORD
 HIGH              96   09/03/1953
                        09/02/1953
 LOW                3   11/30/1976
HIGHEST            85   09/03        56      29       88  09/24
LOWEST             24   11/18        40     -16       23  11/29
AVG. MAXIMUM     59.8              56.8     3.0     58.1
AVG. MINIMUM     44.2              40.7     3.5     41.7
MEAN             52.0              48.8     3.2     49.9
DAYS MAX >= 90      0               0.0     0.0        0
DAYS MAX <= 32      0               3.2    -3.2        1
DAYS MIN <= 32     16              21.9    -5.9       19
DAYS MIN <= 0       0               0.0     0.0        0

PRECIPITATION (INCHES)
RECORD
 MAXIMUM        19.52   1977
 MINIMUM         3.62   1964
TOTALS          23.75R            10.26   13.49    12.07
DAILY AVG.       0.26              0.11    0.15     0.13
DAYS >= .01        40              38.2     1.8       41
DAYS >= .10        28              20.0     8.0       19
DAYS >= .50        13               6.4     6.6        6
DAYS >= 1.00        4               2.1     1.9        1
GREATEST
 24 HR. TOTAL    8.70   09/07 TO 09/08

SNOWFALL (INCHES)
RECORDS
 TOTAL           33.9   1995
 24 HR TOTAL     10.8   11/14/1995 TO 11/14/1995
 SNOW DEPTH        13   11/15/1995
                        11/01/1993
TOTALS            2.8               6.8    -4.0      0.6
SINCE 7/1         2.8               6.8    -4.0      0.6
SNOWDEPTH AVG.      0                MM      MM        0
DAYS >= TRACE       5               6.9    -1.9        9
DAYS >= 1.0         1               2.4    -1.4        0
GREATEST
 SNOW DEPTH         1   10/28                          T  11/28
 24 HR TOTAL      1.9   10/27 TO 10/27

DEGREE_DAYS
HEATING TOTAL    1204              1512    -308     1411
 SINCE 7/1       1226              1575    -349     1437
COOLING TOTAL      43                33      10       60
 SINCE 1/1        526               381     145      622

FREEZE DATES
RECORD
 EARLIEST     09/20/1993
 LATEST       05/25/1956
EARLIEST                        10/08
LATEST                          05/02
........................................................

WIND (MPH)
AVERAGE WIND SPEED              7.4
RESULTANT WIND SPEED/DIRECTION   2/216
HIGHEST WIND SPEED/DIRECTION    30/270    DATE  10/15
HIGHEST GUST SPEED/DIRECTION    41/250    DATE  10/15

SKY COVER
POSSIBLE SUNSHINE (PERCENT)   MM
AVERAGE SKY COVER           0.50
NUMBER OF DAYS FAIR           35
NUMBER OF DAYS PC             26
NUMBER OF DAYS CLOUDY         30

AVERAGE RH (PERCENT)     75

WEATHER CONDITIONS. NUMBER OF DAYS WITH
THUNDERSTORM              0     MIXED PRECIP               0
HEAVY RAIN               15     RAIN                      22
LIGHT RAIN               40     FREEZING RAIN              0
LT FREEZING RAIN          0     HAIL                       0
HEAVY SNOW                0     SNOW                       2
LIGHT SNOW                5     SLEET                      0
FOG                      57     FOG W/VIS <= 1/4 MILE     18
HAZE                     12

-  INDICATES NEGATIVE NUMBERS.
R  INDICATES RECORD WAS SET OR TIED.
MM INDICATES DATA IS MISSING.
T  INDICATES TRACE AMOUNT.

&&
RECORD WETTEST SEASONAL PRECIPITATION
THIRD WARMEST SEASONAL TEMPERATURE  RECORD 52.8 IN 2007

$$

TAC
