000
CXUS51 KBGM 020141
CLSBGM


CLIMATE REPORT
NATIONAL WEATHER SERVICE BINGHAMTON NY
916 PM EDT WED JUN 1 2011

...................................

...THE BINGHAMTON NY CLIMATE SUMMARY FOR THE SEASON, FROM
3/1/2011 TO 5/31/2011...

CLIMATE NORMAL PERIOD 1971 TO 2000
CLIMATE RECORD PERIOD 1951 TO 2011

WEATHER         OBSERVED          NORMAL  DEPART  LAST YEAR`S
                 VALUE   DATE(S)  VALUE   FROM    VALUE  DATE(S)
                                          NORMAL
................................................................
TEMPERATURE (F)
RECORD
 HIGH              89   04/27/2009
                        05/20/1996
                        05/07/1982
 LOW               -7   03/19/1993
HIGHEST            87   05/31        53      34       87  05/26
LOWEST              6   03/03        35     -29       17  03/27
AVG. MAXIMUM     53.7              53.1     0.6     60.2
AVG. MINIMUM     37.0              35.3     1.7     40.5
MEAN             45.3              44.2     1.1     50.3
DAYS MAX >= 90      0               0.0     0.0        0
DAYS MAX <= 32      9               8.0     1.0        1
DAYS MIN <= 32     39              38.0     1.0       23
DAYS MIN <= 0       0               0.0     0.0        0

PRECIPITATION (INCHES)
RECORD
 MAXIMUM        16.76   2000
 MINIMUM         5.07   1969
TOTALS          19.93R            10.01    9.92     7.82
DAILY AVG.       0.22              0.10    0.12     0.08
DAYS >= .01        50              41.0     9.0       35
DAYS >= .10        35              22.0    13.0       19
DAYS >= .50        17               5.0    12.0        5
DAYS >= 1.00        6               1.0     5.0        0
GREATEST
 24 HR. TOTAL    2.26   05/03 TO 05/04

SNOWFALL (INCHES)
RECORDS
 TOTAL           54.1   1993
 24 HR TOTAL     19.1   03/13/1993 TO 03/14/1993
 SNOW DEPTH        35   03/15/1993
TOTALS           28.5              17.1    11.4      2.8
SINCE 7/1       119.2              81.0    38.2     81.6
SNOWDEPTH AVG.      1                 1       0        1
DAYS >= TRACE      32              15.0    17.0       18
DAYS >= 1.0         4               4.0     0.0        1
GREATEST
 SNOW DEPTH        15   03/07                         19  03/01
 24 HR TOTAL     15.6   03/06 TO 03/07

DEGREE_DAYS
HEATING TOTAL    1831              1906     -75     1398
 SINCE 7/1         MM              7147      MM     6499
COOLING TOTAL      43                28      15       70
 SINCE 1/1         43                28      15       70

FREEZE DATES
RECORD
 EARLIEST     09/20/1993
 LATEST       05/25/1956
EARLIEST                        10/08
LATEST                          05/02
.................................................................

WIND (MPH)
AVERAGE WIND SPEED              8.8
RESULTANT WIND SPEED/DIRECTION   2/235
HIGHEST WIND SPEED/DIRECTION    39/250    DATE  05/26
HIGHEST GUST SPEED/DIRECTION    59/230    DATE  05/26

SKY COVER
POSSIBLE SUNSHINE (PERCENT)   MM

NUMBER OF DAYS FAIR           24
NUMBER OF DAYS PC             33
NUMBER OF DAYS CLOUDY         35

AVERAGE RH (PERCENT)     72

WEATHER CONDITIONS. NUMBER OF DAYS WITH
THUNDERSTORM             13     MIXED PRECIP               0
HEAVY RAIN               14     RAIN                      26
LIGHT RAIN               53     FREEZING RAIN              1
LT FREEZING RAIN          8     HAIL                       1
HEAVY SNOW                4     SNOW                       8
LIGHT SNOW               28     SLEET                      1
FOG                      74     FOG W/VIS <= 1/4 MILE     25
HAZE                     50

-  INDICATES NEGATIVE NUMBERS.
R  INDICATES RECORD WAS SET OR TIED.
MM INDICATES DATA IS MISSING.
T  INDICATES TRACE AMOUNT.

&&
WETTEST SPRING

$$

TAC
