000
CXUS51 KBGM 061653
CLSBGM


CLIMATE REPORT
NATIONAL WEATHER SERVICE BINGHAMTON NY
1246 PM EDT TUE SEP 6 2011

...................................

...THE BINGHAMTON NY CLIMATE SUMMARY FOR THE SEASON, FROM
6/1/2011 TO 8/31/2011...

CLIMATE NORMAL PERIOD 1981 TO 2010
CLIMATE RECORD PERIOD 1951 TO 2011

WEATHER         OBSERVED          NORMAL  DEPART  LAST YEAR`S
                 VALUE   DATE(S)  VALUE   FROM    VALUE  DATE(S)
                                          NORMAL
................................................................
TEMPERATURE (F)
RECORD
 HIGH              98   07/16/1988
 LOW               33   06/09/1980
HIGHEST            95   07/21        76      19       92  07/08
LOWEST             46   06/03        57     -11       46  06/30
                                                          06/08
AVG. MAXIMUM     78.2              76.0     2.2     78.3
AVG. MINIMUM     59.3              57.7     1.6     59.9
MEAN             68.7              66.8     1.9     69.1
DAYS MAX >= 90      5               1.1     3.9        5
DAYS MAX <= 32      0               0.0     0.0        0
DAYS MIN <= 32      0               0.0     0.0        0
DAYS MIN <= 0       0               0.0     0.0        0

PRECIPITATION (INCHES)
RECORD
 MAXIMUM        23.50   2006
 MINIMUM         4.87   1979
TOTALS          14.63             11.46    3.17    11.86
DAILY AVG.       0.16              0.12    0.04     0.13
DAYS >= .01        36              35.0     1.0       35
DAYS >= .10        24              22.2     1.8       21
DAYS >= .50         9               7.7     1.3        6
DAYS >= 1.00        5               2.5     2.5        4
GREATEST
 24 HR. TOTAL    2.72   08/27 TO 08/28

SNOWFALL (INCHES)
RECORDS
 TOTAL              T   2008
                        2004
                        2002
 24 HR TOTAL        T   08/10/2008 TO 08/10/2008
 SNOW DEPTH         T   08/10/2008
TOTALS            0.0               0.0     0.0        T
SINCE 7/1         0.0               0.0     0.0        T
SNOWDEPTH AVG.      0                MM      MM        0
DAYS >= TRACE       0               0.0     0.0        1
DAYS >= 1.0         0               0.0     0.0        0
GREATEST
 SNOW DEPTH         0   MM                            -1  07/21
 24 HR TOTAL      0.0   MM

DEGREE_DAYS
HEATING TOTAL      72               153     -81       88
 SINCE 7/1         22                63     -41       26
COOLING TOTAL     440               326     114      492
 SINCE 1/1        483               348     135      562

FREEZE DATES
RECORD
 EARLIEST     09/20/1993
 LATEST       05/25/1956
EARLIEST                        10/08
LATEST                          05/02
....................................................

WIND (MPH)
AVERAGE WIND SPEED              6.2
RESULTANT WIND SPEED/DIRECTION   2/278
HIGHEST WIND SPEED/DIRECTION    47/020    DATE  07/18
HIGHEST GUST SPEED/DIRECTION    68/020    DATE  07/18

SKY COVER
POSSIBLE SUNSHINE (PERCENT)   MM
AVERAGE SKY COVER           0.30
NUMBER OF DAYS FAIR           51
NUMBER OF DAYS PC             29
NUMBER OF DAYS CLOUDY         12

AVERAGE RH (PERCENT)     71

WEATHER CONDITIONS. NUMBER OF DAYS WITH
THUNDERSTORM              0     MIXED PRECIP               0
HEAVY RAIN               16     RAIN                      16
LIGHT RAIN               36     FREEZING RAIN              0
LT FREEZING RAIN          0     HAIL                       0
HEAVY SNOW                0     SNOW                       0
LIGHT SNOW                0     SLEET                      0
FOG                      53     FOG W/VIS <= 1/4 MILE     15
HAZE                     26

-  INDICATES NEGATIVE NUMBERS.
R  INDICATES RECORD WAS SET OR TIED.
MM INDICATES DATA IS MISSING.
T  INDICATES TRACE AMOUNT.

$$
