000
CXUS51 KBGM 032006
CLSBGM

CLIMATE REPORT
NATIONAL WEATHER SERVICE BINGHAMTON NY
252 PM EST THU MAR 3 2011

...................................

...THE BINGHAMTON NY CLIMATE SUMMARY FOR THE SEASON, FROM
12/1/2010 TO 2/28/2011...

CLIMATE NORMAL PERIOD 1971 TO 2000
CLIMATE RECORD PERIOD 1951 TO 2011

WEATHER         OBSERVED          NORMAL  DEPART  LAST YEAR`S
                 VALUE   DATE(S)  VALUE   FROM    VALUE  DATE(S)
                                          NORMAL
................................................................
TEMPERATURE (F)
RECORD
 HIGH              66   02/16/1954
 LOW              -20   01/15/1957
HIGHEST            58   02/18        31      27       54  12/03
LOWEST             -7   01/24        18     -25       -3  01/30
AVG. MAXIMUM     28.9              30.9    -2.0     29.6
AVG. MINIMUM     15.8              17.5    -1.7     18.7
MEAN             22.4              24.2    -1.8     24.2
DAYS MAX >= 90      0               0.0     0.0        0
DAYS MAX <= 32     67              53.0    14.0       58
DAYS MIN <= 32     87              83.0     4.0       87
DAYS MIN <= 0       3               7.0    -4.0        2

PRECIPITATION (INCHES)
RECORD
 MAXIMUM        12.16   1977
 MINIMUM         3.99   1979
TOTALS           8.67              8.07    0.60     6.30
DAILY AVG.       0.10              0.09    0.01     0.07
DAYS >= .01        54              48.0     6.0       44
DAYS >= .10        20              18.0     2.0       16
DAYS >= .50         6               4.0     2.0        3
DAYS >= 1.00        2               0.0     2.0        1
GREATEST
 24 HR. TOTAL    1.34   11/30 TO 12/01           01/24 TO 01/25

SNOWFALL (INCHES)
RECORDS
 TOTAL           90.3   1977
 24 HR TOTAL     21.0   02/19/1972 TO 02/19/1972
 SNOW DEPTH        33   12/28/1969
TOTALS           88.3              54.9    33.4     75.7
SINCE 7/1        88.9              61.9    27.0     78.8
SNOWDEPTH AVG.      6                 4       2        4
DAYS >= TRACE      74              66.0     8.0       69
DAYS >= 1.0        27              15.0    12.0       24
GREATEST
 SNOW DEPTH        14   02/04                         21  02/26
                        02/03
                        02/02
 24 HR TOTAL      9.1   12/06 TO 12/06           02/25 TO 02/26

DEGREE_DAYS
HEATING TOTAL    3819              3648     171     3650
 SINCE 7/1       5256              5241      15     5101
COOLING TOTAL       0                 0       0        0
 SINCE 1/1          0                 0       0        0

FREEZE DATES
RECORD
 EARLIEST     09/20/1993
 LATEST       05/25/1956
EARLIEST                        10/08
LATEST                          05/02
.................................................................

WIND (MPH)
AVERAGE WIND SPEED              9.1
RESULTANT WIND SPEED/DIRECTION   4/283
HIGHEST WIND SPEED/DIRECTION    36/270    DATE  02/18
HIGHEST GUST SPEED/DIRECTION    51/280    DATE  02/18

SKY COVER
POSSIBLE SUNSHINE (PERCENT)   MM

NUMBER OF DAYS FAIR           15
NUMBER OF DAYS PC             20
NUMBER OF DAYS CLOUDY         55

AVERAGE RH (PERCENT)     73

WEATHER CONDITIONS. NUMBER OF DAYS WITH
THUNDERSTORM              0     MIXED PRECIP               0
HEAVY RAIN                2     RAIN                       4
LIGHT RAIN                8     FREEZING RAIN              2
LT FREEZING RAIN          6     HAIL                       0
HEAVY SNOW               10     SNOW                      33
LIGHT SNOW               71     SLEET                      0
FOG                      76     FOG W/VIS <= 1/4 MILE     24
HAZE                     63

-  INDICATES NEGATIVE NUMBERS.
R  INDICATES RECORD WAS SET OR TIED.
MM INDICATES DATA IS MISSING.
T  INDICATES TRACE AMOUNT.

&&
SECOND GREATEST SEASONAL SNOWFALL

$$

TAC
