000
CXUS51 KBGM 040039
CLSBGM

CLIMATE REPORT
NATIONAL WEATHER SERVICE BINGHAMTON NY
731 PM EST FRI DEC 3 2010

...................................

...THE BINGHAMTON NY CLIMATE SUMMARY FOR THE SEASON, FROM
9/1/2010 TO 11/30/2010...

CLIMATE NORMAL PERIOD 1971 TO 2000
CLIMATE RECORD PERIOD 1951 TO 2010

WEATHER         OBSERVED          NORMAL  DEPART  LAST YEAR`S
                 VALUE   DATE(S)  VALUE   FROM    VALUE  DATE(S)
                                          NORMAL
................................................................
TEMPERATURE (F)
RECORD
 HIGH              96   09/03/1953
                        09/02/1953
 LOW                3   11/30/1976
HIGHEST            88   09/24        56      32       78  09/23
LOWEST             23   11/29        40     -17       24  11/07
AVG. MAXIMUM     58.1              56.3     1.8     57.3
AVG. MINIMUM     41.7              40.1     1.6     41.8
MEAN             49.9              48.2     1.7     49.5
DAYS MAX >= 90      0               0.0     0.0        0
DAYS MAX <= 32      1               3.0    -2.0        0
DAYS MIN <= 32     19              23.0    -4.0       18
DAYS MIN <= 0       0               0.0     0.0        0

PRECIPITATION (INCHES)
RECORD
 MAXIMUM        19.52   1977
 MINIMUM         3.62   1964
TOTALS          12.07              9.93    2.14     8.69
DAILY AVG.       0.13              0.10    0.03     0.09
DAYS >= .01        41              36.0     5.0       36
DAYS >= .10        19              19.0     0.0       20
DAYS >= .50         6               5.0     1.0        5
DAYS >= 1.00        1               1.0     0.0        2
GREATEST
 24 HR. TOTAL    4.68   09/30 TO 10/01

SNOWFALL (INCHES)
RECORDS
 TOTAL           33.9   1995
 24 HR TOTAL     10.8   11/14/1995 TO 11/14/1995
 SNOW DEPTH        13   11/15/1995
                        11/01/1993
TOTALS            0.6               7.9    -7.3      3.1
SINCE 7/1         0.6               8.7    -8.1      3.1
SNOWDEPTH AVG.      0                 0       0        0
DAYS >= TRACE       9              16.0    -7.0        9
DAYS >= 1.0         0               2.0    -2.0        1
GREATEST
 SNOW DEPTH         T   11/28                          1  11/27
                                                          10/16
 24 HR TOTAL      0.5   11/27 TO 11/27

DEGREE_DAYS
HEATING TOTAL    1411              1528    -117     1391
 SINCE 7/1       1437              1593    -156     1451
COOLING TOTAL      60                34      26        8
 SINCE 1/1        622               396     226      272

FREEZE DATES
RECORD
 EARLIEST     09/20/1993
 LATEST       05/25/1956
EARLIEST                        10/08
LATEST                          05/02
.................................................................

WIND (MPH)
AVERAGE WIND SPEED              8.1
RESULTANT WIND SPEED/DIRECTION   3/273
HIGHEST WIND SPEED/DIRECTION    32/280    DATE  11/17
HIGHEST GUST SPEED/DIRECTION    48/270    DATE  11/17

SKY COVER
POSSIBLE SUNSHINE (PERCENT)   MM

NUMBER OF DAYS FAIR           33
NUMBER OF DAYS PC             28
NUMBER OF DAYS CLOUDY         29

AVERAGE RH (PERCENT)     70

WEATHER CONDITIONS. NUMBER OF DAYS WITH
THUNDERSTORM              3     MIXED PRECIP               0
HEAVY RAIN               10     RAIN                      22
LIGHT RAIN               44     FREEZING RAIN              0
LT FREEZING RAIN          0     HAIL                       0
HEAVY SNOW                0     SNOW                       2
LIGHT SNOW                8     SLEET                      0
FOG                      56     FOG W/VIS <= 1/4 MILE      8
HAZE                     18

-  INDICATES NEGATIVE NUMBERS.
R  INDICATES RECORD WAS SET OR TIED.
MM INDICATES DATA IS MISSING.
T  INDICATES TRACE AMOUNT.

&&
FIFTH LOWEST SNOWFALL TOTAL FOR SEPTEMBER TO NOVEMBER
RECORD LOWEST SNOWFALL TOTAL TRACE IN 2006 AND 1964

$$

TAC
