000
CXUS51 KBGM 011015
CLSBGM


CLIMATE REPORT
NATIONAL WEATHER SERVICE BINGHAMTON NY
604 AM EDT WED SEP 1 2010

...................................

...THE BINGHAMTON NY CLIMATE SUMMARY FOR THE SEASON, FROM
6/1/2010 TO 8/31/2010...

CLIMATE NORMAL PERIOD 1971 TO 2000
CLIMATE RECORD PERIOD 1951 TO 2010

WEATHER         OBSERVED          NORMAL  DEPART  LAST YEAR`S
                 VALUE   DATE(S)  VALUE   FROM    VALUE  DATE(S)
                                          NORMAL
................................................................
TEMPERATURE (F)
RECORD
 HIGH              98   07/16/1988
 LOW               33   06/09/1980
HIGHEST            92   07/08        76      16       86  08/17
LOWEST             46   06/30        57     -11       37  06/01
                        06/08
AVG. MAXIMUM     78.3              75.8     2.5     74.1
AVG. MINIMUM     59.9              57.0     2.9     57.2
MEAN             69.1              66.4     2.7     65.6
DAYS MAX >= 90      5               1.0     4.0        0
DAYS MAX <= 32      0               0.0     0.0        0
DAYS MIN <= 32      0               0.0     0.0        0
DAYS MIN <= 0       0               0.0     0.0        0

PRECIPITATION (INCHES)
RECORD
 MAXIMUM        23.50   2006
 MINIMUM         4.87   1979
TOTALS          11.86             10.64    1.22    13.98
DAILY AVG.       0.13              0.11    0.02     0.15
DAYS >= .01        35              34.0     1.0       44
DAYS >= .10        21              21.0     0.0       29
DAYS >= .50         6               6.0     0.0       12
DAYS >= 1.00        4               2.0     2.0        2
GREATEST
 24 HR. TOTAL    2.13   08/22 TO 08/23

SNOWFALL (INCHES)
RECORDS
 TOTAL              T   2008
                        2004
                        2002
 24 HR TOTAL        T   08/10/2008 TO 08/10/2008
 SNOW DEPTH         T   08/10/2008
TOTALS              TR              0.0     0.0      0.0
SINCE 7/1           T               0.0     0.0      0.0
SNOWDEPTH AVG.      0                 0       0        0
DAYS >= TRACE       1               0.0     1.0        0
DAYS >= 1.0         0               0.0     0.0        0
GREATEST
 SNOW DEPTH         TR  07/21                          0

DEGREE_DAYS
HEATING TOTAL      88               155     -67      144
 SINCE 7/1         26                65     -39       60
COOLING TOTAL     492               334     158      229
 SINCE 1/1        562               362     200      264

FREEZE DATES
RECORD
 EARLIEST     09/20/1993
 LATEST       05/25/1956
EARLIEST                        10/08
LATEST                          05/02
.................................................................

WIND (MPH)
AVERAGE WIND SPEED              6.6
RESULTANT WIND SPEED/DIRECTION   3/266
HIGHEST WIND SPEED/DIRECTION    26/340    DATE  06/24
HIGHEST GUST SPEED/DIRECTION    37/300    DATE  07/19

SKY COVER
POSSIBLE SUNSHINE (PERCENT)   MM

NUMBER OF DAYS FAIR           44
NUMBER OF DAYS PC             38
NUMBER OF DAYS CLOUDY         10

AVERAGE RH (PERCENT)     72

WEATHER CONDITIONS. NUMBER OF DAYS WITH
THUNDERSTORM             13     MIXED PRECIP               0
HEAVY RAIN               17     RAIN                      20
LIGHT RAIN               38     FREEZING RAIN              0
LT FREEZING RAIN          0     HAIL                       1
HEAVY SNOW                0     SNOW                       0
LIGHT SNOW                0     SLEET                      0
FOG                      62     FOG W/VIS <= 1/4 MILE     16
HAZE                     34

-  INDICATES NEGATIVE NUMBERS.
R  INDICATES RECORD WAS SET OR TIED.
MM INDICATES DATA IS MISSING.
T  INDICATES TRACE AMOUNT.

&&
JUNE TO AUGUST TEMPERATURE 6TH WARMEST  (RECORD 71.0 IN 2005)
JUNE TO AUGUST COOLING DEGREE DAYS 7TH HIGHEST  (RECORD 627 IN 2005)
"SNOWFALL" ON JULY 21ST WAS HAIL
$$

TAC
