000
CXUS51 KBGM 071106
CLSBGM


CLIMATE REPORT
NATIONAL WEATHER SERVICE BINGHAMTON NY
554 AM EST SAT DEC 7 2013

...................................

...THE BINGHAMTON NY CLIMATE SUMMARY FOR THE SEASON, FROM
9/1/2013 TO 11/30/2013...

CLIMATE NORMAL PERIOD 1981 TO 2010
CLIMATE RECORD PERIOD 1951 TO 2013

WEATHER         OBSERVED          NORMAL  DEPART  LAST YEAR`S
                 VALUE   DATE(S)  VALUE   FROM    VALUE  DATE(S)
                                          NORMAL
................................................................
TEMPERATURE (F)
RECORD
 HIGH              96   09/03/1953
                        09/02/1953
 LOW                3   11/30/1976
HIGHEST            88   09/11        56      32       82  09/06
LOWEST              9   11/30        40     -31       23  11/07
AVG. MAXIMUM     56.8              56.8     0.0     56.2
AVG. MINIMUM     39.8              40.7    -0.9     40.8
MEAN             48.3              48.8    -0.5     48.5
DAYS MAX >= 90      0               0.0     0.0       MM
DAYS MAX <= 32      6               3.2     2.8       MM
DAYS MIN <= 32     22              21.9     0.1       MM
DAYS MIN <= 0       0               0.0     0.0       MM

PRECIPITATION (INCHES)
RECORD
 MAXIMUM        23.75   2011
 MINIMUM         3.62   1964
TOTALS           9.22             10.26   -1.04     8.02
DAILY AVG.       0.10              0.11   -0.01     0.09
DAYS >= .01        39              38.2     0.8       MM
DAYS >= .10        19              20.0    -1.0       MM
DAYS >= .50         8               6.4     1.6       MM
DAYS >= 1.00        1               2.1    -1.1       MM
GREATEST
 24 HR. TOTAL    1.53   11/26 TO 11/27           11/30 TO 11/30

SNOWFALL (INCHES)
RECORDS
 TOTAL           33.9   1995
 24 HR TOTAL     10.8   11/14/1995 TO 11/14/1995
 SNOW DEPTH        13   11/15/1995
                        11/01/1993
TOTALS            8.2               6.8     1.4      4.6
SINCE 7/1         8.2               6.8     1.4      4.6
SNOWDEPTH AVG.      0                MM      MM        0
DAYS >= TRACE      18               6.9    11.1       MM
DAYS >= 1.0         3               2.4     0.6       MM
GREATEST
 SNOW DEPTH         3   11/26                          1  11/13
 24 HR TOTAL      3.2   11/26 TO 11/26           11/30 TO 11/30

DEGREE_DAYS
HEATING TOTAL    1540              1512      28     1512
 SINCE 7/1       1591              1575      16     1533
COOLING TOTAL      53                33      20       30
 SINCE 1/1        480               381      99      541

FREEZE DATES
RECORD
 EARLIEST     09/20/1993
 LATEST       05/25/1956
EARLIEST                        10/08
LATEST                          05/02
.................................................

WIND (MPH)
AVERAGE WIND SPEED              7.6
RESULTANT WIND SPEED/DIRECTION   3/247
HIGHEST WIND SPEED/DIRECTION    32/250    DATE  11/01
HIGHEST GUST SPEED/DIRECTION    48/250    DATE  11/01

SKY COVER
POSSIBLE SUNSHINE (PERCENT)   MM
AVERAGE SKY COVER           0.50
NUMBER OF DAYS FAIR           30
NUMBER OF DAYS PC             34
NUMBER OF DAYS CLOUDY         27

AVERAGE RH (PERCENT)     72

WEATHER CONDITIONS. NUMBER OF DAYS WITH
THUNDERSTORM              0     MIXED PRECIP               0
HEAVY RAIN               13     RAIN                      19
LIGHT RAIN               42     FREEZING RAIN              1
LT FREEZING RAIN          1     HAIL                       0
HEAVY SNOW                2     SNOW                       3
LIGHT SNOW               13     SLEET                      0
FOG                      51     FOG W/VIS <= 1/4 MILE     18
HAZE                     14

-  INDICATES NEGATIVE NUMBERS.
R  INDICATES RECORD WAS SET OR TIED.
MM INDICATES DATA IS MISSING.
T  INDICATES TRACE AMOUNT.

$$
