000
CXUS51 KBGM 010940
CLSBGM


CLIMATE REPORT
NATIONAL WEATHER SERVICE BINGHAMTON NY
522 AM EDT SUN JUN 1 2014

...................................

...THE BINGHAMTON NY CLIMATE SUMMARY FOR THE SEASON, FROM
3/1/2014 TO 5/31/2014...

CLIMATE NORMAL PERIOD 1981 TO 2010
CLIMATE RECORD PERIOD 1951 TO 2014

WEATHER         OBSERVED          NORMAL  DEPART  LAST YEAR`S
                 VALUE   DATE(S)  VALUE   FROM    VALUE  DATE(S)
                                          NORMAL
................................................................
TEMPERATURE (F)
RECORD
 HIGH              89   04/27/2009
                        05/20/1996
                        05/07/1982
 LOW               -7   03/19/1993
HIGHEST            82   05/13        53      29       87  05/31
LOWEST             -3   03/04        35     -38       14  03/18
AVG. MAXIMUM     52.8              53.6    -0.8     53.0
AVG. MINIMUM     33.3              35.5    -2.2     35.2
MEAN             43.0              44.6    -1.6     44.1
DAYS MAX >= 90      0               0.0     0.0        0
DAYS MAX <= 32     13               7.2     5.8       11
DAYS MIN <= 32     41              34.5     6.5       41
DAYS MIN <= 0       1               0.2     0.8        0

PRECIPITATION (INCHES)
RECORD
 MAXIMUM        19.93   2011
 MINIMUM         5.07   1969
TOTALS           9.67              9.99   -0.32     8.61
DAILY AVG.       0.11              0.11    0.00     0.09
DAYS >= .01        39              41.7    -2.7       37
DAYS >= .10        22              22.8    -0.8       21
DAYS >= .50         5               6.3    -1.3        6
DAYS >= 1.00        2               1.2     0.8        0
GREATEST
 24 HR. TOTAL    1.40   05/16 TO 05/16

SNOWFALL (INCHES)
RECORDS
 TOTAL           54.1   1993
 24 HR TOTAL     19.1   03/13/1993 TO 03/14/1993
 SNOW DEPTH        35   03/15/1993
TOTALS            2.9              19.5   -16.6     15.3
SINCE 7/1        85.1              83.4     1.7     69.1
SNOWDEPTH AVG.      1                MM      MM        1
DAYS >= TRACE      25              14.0    11.0       30
DAYS >= 1.0         0               4.9    -4.9        3
GREATEST
 SNOW DEPTH         7   03/01                          6  03/09
                                                          03/08
 24 HR TOTAL      1.0   04/15 TO 04/16

DEGREE_DAYS
HEATING TOTAL    2023              1904     119     1940
 SINCE 7/1       7494              7104     390     6824
COOLING TOTAL      25                24       1       43
 SINCE 1/1         25                23       2       43

FREEZE DATES
RECORD
 EARLIEST     09/20/1993
 LATEST       05/25/1956
EARLIEST                        10/08
LATEST                          05/02
.........................................................

WIND (MPH)
AVERAGE WIND SPEED              9.0
RESULTANT WIND SPEED/DIRECTION   2/273
HIGHEST WIND SPEED/DIRECTION    36/270    DATE  03/04
HIGHEST GUST SPEED/DIRECTION    46/250    DATE  05/03

SKY COVER
POSSIBLE SUNSHINE (PERCENT)   MM
AVERAGE SKY COVER           0.50
NUMBER OF DAYS FAIR           30
NUMBER OF DAYS PC             33
NUMBER OF DAYS CLOUDY         29

AVERAGE RH (PERCENT)     65

WEATHER CONDITIONS. NUMBER OF DAYS WITH
THUNDERSTORM              0     MIXED PRECIP               0
HEAVY RAIN               12     RAIN                      22
LIGHT RAIN               39     FREEZING RAIN              0
LT FREEZING RAIN          0     HAIL                       1
HEAVY SNOW                2     SNOW                       2
LIGHT SNOW               23     SLEET                      0
FOG                      49     FOG W/VIS <= 1/4 MILE     10
HAZE                     17

-  INDICATES NEGATIVE NUMBERS.
R  INDICATES RECORD WAS SET OR TIED.
MM INDICATES DATA IS MISSING.
T  INDICATES TRACE AMOUNT.

&&
4TH LOWEST MARCH TO MAY SNOWFALL AMOUNT  RECORD 1.4" IN 1969

$$
