000
CXUS51 KBGM 010835
CLSBGM
CLIMATE REPORT
NATIONAL WEATHER SERVICE BINGHAMTON, NY
435 AM EDT FRI SEP 01 2023
...................................
...THE BINGHAMTON NY CLIMATE SUMMARY FOR THE SEASON, FROM
6/1/2023 TO 8/31/2023...
CLIMATE NORMAL PERIOD 1991 TO 2020
CLIMATE RECORD PERIOD 1951 TO 2023
WEATHER OBSERVED NORMAL DEPART LAST YEAR`S
VALUE DATE(S) VALUE FROM VALUE DATE(S)
NORMAL
................................................................
TEMPERATURE (F)
RECORD
HIGH 98 07/16/1988
LOW 33 06/09/1980
HIGHEST 91 06/02 76 15 92 08/04
LOWEST 47 06/04 57 -10 43 06/19
06/08
06/09
AVG. MAXIMUM 76.4 76.3 0.1 78.2
AVG. MINIMUM 59.3 57.4 1.9 58.3
MEAN 67.8 66.9 0.9 68.3
DAYS MAX >= 90 1 2.1 -1.1 3
DAYS MAX <= 32 0 0.0 0.0 0
DAYS MIN <= 32 0 0.0 0.0 0
DAYS MIN <= 0 0 0.0 0.0 0
PRECIPITATION (INCHES)
RECORD
MAXIMUM 23.50 2006
MINIMUM 4.87 1979
TOTALS 18.27 12.59 5.68 11.54
DAILY AVG. 0.20 0.14 0.06 0.13
DAYS >= .01 45 36.1 8.9 32
DAYS >= .10 31 23.1 7.9 21
DAYS >= .50 13 8.6 4.4 8
DAYS >= 1.00 5 3.2 1.8 4
GREATEST
24 HR. TOTAL 1.71 06/12 TO 06/12 1.78 06/16 TO 06/16
SNOWFALL (INCHES)
RECORDS
TOTAL T 2021
24 HR TOTAL T 08/13/2021 TO 08/13/2021
08/10/2008 TO 08/10/2008
SNOW DEPTH T 08/10/2008
TOTALS TR 0.0 0.0 0.0
SINCE 7/1 T 0.0 0.0 0.0
SNOWDEPTH AVG. 0 0
DAYS >= TRACE 2 0.0 2.0 0
DAYS >= 1.0 0 0.0 0.0 0
GREATEST
SNOW DEPTH T 0
24 HR TOTAL TR 08/04 TO 08/04 0.0
DEGREE DAYS
HEATING TOTAL 87 145 -58 85
SINCE 7/1 19 60 -41 7
COOLING TOTAL 375 322 53 407
SINCE 1/1 416 348 68 443
FREEZE DATES
RECORD
EARLIEST 09/20/1993
LATEST 05/25/1956
EARLIEST MM
LATEST 05/18
................................................................
WIND (MPH)
AVERAGE WIND SPEED 6.4
RESULTANT WIND SPEED/DIRECTION 1/280
HIGHEST WIND SPEED/DIRECTION 29/260 DATE 07/20
HIGHEST GUST SPEED/DIRECTION 37/280 DATE 08/04
SKY COVER
POSSIBLE SUNSHINE (PERCENT) MM
AVERAGE SKY COVER 0.51
NUMBER OF DAYS FAIR 32
NUMBER OF DAYS PC 38
NUMBER OF DAYS CLOUDY 22
AVERAGE RH (PERCENT) 73
WEATHER CONDITIONS. NUMBER OF DAYS WITH
THUNDERSTORM 25 MIXED PRECIP 0
HEAVY RAIN 27 RAIN 27
LIGHT RAIN 48 FREEZING RAIN 0
LT FREEZING RAIN 0 HAIL 1
HEAVY SNOW 0 SNOW 0
LIGHT SNOW 0 SLEET 0
FOG 59 FOG W/VIS <= 1/4 MILE 21
HAZE 16
- INDICATES NEGATIVE NUMBERS.
R INDICATES RECORD WAS SET OR TIED.
MM INDICATES DATA IS MISSING.
T INDICATES TRACE AMOUNT.
&&
4TH HIGHEST PRECIPITATION JUNE TO AUGUST
$$
TAC