000
CXUS55 KVEF 010910
CF6BIH
PRELIMINARY LOCAL CLIMATOLOGICAL DATA (WS FORM: F-6)
STATION: BISHOP CA
MONTH: JUNE
YEAR: 2023
LATITUDE: 37 22 N
LONGITUDE: 118 22 W
TEMPERATURE IN F: :PCPN: SNOW: WIND :SUNSHINE: SKY :PK WND
================================================================================
1 2 3 4 5 6A 6B 7 8 9 10 11 12 13 14 15 16 17 18
12Z AVG MX 2MIN
DY MAX MIN AVG DEP HDD CDD WTR SNW DPTH SPD SPD DIR MIN PSBL S-S WX SPD DR
================================================================================
1 87 52 70 2 0 5 0.00 0.0 0 6.9 21 250 M M 0 27 260
2 87 44 66 -3 0 1 0.00 0.0 0 6.2 12 20 M M 1 16 150
3 90 48 69 0 0 4 T 0.0 0 6.5 26 40 M M 1 38 60
4 91 53 72 3 0 7 T 0.0 0 7.9 24 320 M M 1 38 30 90
5 88 53 71 1 0 6 0.01 0.0 0 8.7 30 160 M M 3 3 41 80
6 82 51 67 -3 0 2 0.07 0.0 0 7.1 21 130 M M 1 13 29 130
7 73 47 60 -10 5 0 T 0.0 0 12.7 25 160 M M 2 33 170
8 83 43 63 -7 2 0 T 0.0 0 6.7 20 30 M M 2 31 30
9 86 48 67 -4 0 2 0.00 0.0 0 6.9 17 240 M M 2 3 22 260
10 75 56 66 -5 0 1 0.59 0.0 0 7.7 24 100 M M 5 3 35 70
11 74 50 62 -9 3 0 0.04 0.0 0 9.0 31 150 M M 4 13 38 150
12 79 50 65 -7 0 0 0.01 0.0 0 6.7 20 360 M M 5 25 360
13 84 50 67 -5 0 2 0.00 0.0 0 7.1 23 330 M M 2 30 340
14 87 60 74 2 0 9 0.01 0.0 0 7.0 24 350 M M 3 3 32 350
15 90 54 72 0 0 7 0.00 0.0 0 7.9 22 340 M M 2 30 330
16 89 53 71 -2 0 6 0.00 0.0 0 7.8 18 350 M M 0 25 350
17 91 51 71 -2 0 6 0.00 0.0 0 6.5 17 10 M M 0 23 10
18 91 53 72 -1 0 7 0.00 0.0 0 10.4 24 250 M M 0 29 250
19 87 52 70 -4 0 5 0.00 0.0 0 12.0 28 250 M M 0 35 240
20 82 40 61 -13 4 0 0.00 0.0 0 5.8 14 300 M M 0 17 300
21 83 49 66 -8 0 1 0.00 0.0 0 8.9 16 160 M M 0 20 140
22 84 43 64 -10 1 0 0.00 0.0 0 11.2 25 150 M M 0 3 34 340
23 82 52 67 -8 0 2 0.00 0.0 0 11.1 25 330 M M 0 35 340
24 85 45 65 -10 0 0 0.00 0.0 0 11.5 23 140 M M 0 29 130
25 89 44 67 -8 0 2 0.00 0.0 0 7.9 21 150 M M 0 26 150
26 88 54 71 -4 0 6 0.00 0.0 0 7.8 23 360 M M 1 30 220
27 87 53 70 -6 0 5 0.00 0.0 0 5.4 12 280 M M 1 15 290
28 88 55 72 -4 0 7 T 0.0 0 7.0 23 360 M M 2 3 31 340
29 92 49 71 -5 0 6 0.00 0.0 0 6.7 14 340 M M 0 19 330
30 98 52 75 -1 0 10 0.00 0.0 0 4.5 12 10 M M 0 12 260
================================================================================
SM 2572 1504 15 109 0.73 0.0 239.5 M 38
================================================================================
AV 85.7 50.1 8.0 FASTST M M 1 MAX(MPH)
MISC ----> 31 150 41 80
================================================================================
NOTES:
# LAST OF SEVERAL OCCURRENCES
COLUMN 17 PEAK WIND IN M.P.H.
PRELIMINARY LOCAL CLIMATOLOGICAL DATA (WS FORM: F-6) , PAGE 2
STATION: BISHOP CA
MONTH: JUNE
YEAR: 2023
LATITUDE: 37 22 N
LONGITUDE: 118 22 W
[TEMPERATURE DATA] [PRECIPITATION DATA] SYMBOLS USED IN COLUMN 16
AVERAGE MONTHLY: 67.9 TOTAL FOR MONTH: 0.73 1 = FOG OR MIST
DPTR FM NORMAL: -4.6 DPTR FM NORMAL: 0.60 2 = FOG REDUCING VISIBILITY
HIGHEST: 98 ON 30 GRTST 24HR 0.63 ON 10-11 TO 1/4 MILE OR LESS
LOWEST: 40 ON 20 3 = THUNDER
SNOW, ICE PELLETS, HAIL 4 = ICE PELLETS
TOTAL MONTH: 0.0 INCH 5 = HAIL
GRTST 24HR 0.0 6 = FREEZING RAIN OR DRIZZLE
GRTST DEPTH: 0 7 = DUSTSTORM OR SANDSTORM:
VSBY 1/2 MILE OR LESS
8 = SMOKE OR HAZE
[NO. OF DAYS WITH] [WEATHER - DAYS WITH] 9 = BLOWING SNOW
X = TORNADO
MAX 32 OR BELOW: 0 0.01 INCH OR MORE: 6
MAX 90 OR ABOVE: 7 0.10 INCH OR MORE: 1
MIN 32 OR BELOW: 0 0.50 INCH OR MORE: 1
MIN 0 OR BELOW: 0 1.00 INCH OR MORE: 0
[HDD (BASE 65) ]
TOTAL THIS MO. 15 CLEAR (SCALE 0-3) 27
DPTR FM NORMAL -1 PTCLDY (SCALE 4-7) 3
TOTAL FM JUL 1 4526 CLOUDY (SCALE 8-10) 0
DPTR FM NORMAL 527
[CDD (BASE 65) ]
TOTAL THIS MO. 109
DPTR FM NORMAL -130 [PRESSURE DATA]
TOTAL FM JAN 1 169 HIGHEST SLP M ON M
DPTR FM NORMAL -141 LOWEST SLP 29.56 ON 19
[REMARKS]
#FINAL-06-23#