000
CXUS55 KBYZ 011000
CF6BIL
PRELIMINARY LOCAL CLIMATOLOGICAL DATA (WS FORM: F-6)
STATION: BILLINGS MT
MONTH: MARCH
YEAR: 2022
LATITUDE: 45 47 N
LONGITUDE: 108 32 W
TEMPERATURE IN F: :PCPN: SNOW: WIND :SUNSHINE: SKY :PK WND
================================================================================
1 2 3 4 5 6A 6B 7 8 9 10 11 12 13 14 15 16 17 18
12Z AVG MX 2MIN
DY MAX MIN AVG DEP HDD CDD WTR SNW DPTH SPD SPD DIR MIN PSBL S-S WX SPD DR
================================================================================
1 64 43 54 21 11 0 0.00 0.0 T 13.2 24 260 M M 7 33 280
2 53 34 44 11 21 0 T 0.0 0 8.4 17 230 M M 8 21 70
3 39 33 36 2 29 0 0.00 0.0 0 5.8 13 360 M M 10 128 14 360
4 35 23 29 -5 36 0 0.10 1.2 0 7.3 15 80 M M 10 12 18 80
5 30 20 25 -9 40 0 0.06 0.6 2 4.5 9 60 M M 8 1 13 40
6 27 18 23 -12 42 0 0.01 0.2 T 4.9 13 240 M M 8 1 14 240
7 41 18 30 -5 35 0 0.06 0.9 T 17.3 26 240 M M 4 129 33 240
8 27 8 18 -17 47 0 0.17 3.2 2 8.7 21 20 M M 9 18 30 30
9 17 2 10 -26 55 0 T T 4 7.1 15 30 M M 6 18 19 270
10 27 0 14 -22 51 0 0.00 0.0 3 18.2 30 240 M M 4 36 250
11 31 8 20 -16 45 0 0.00 0.0 3 10.0 25 240 M M 6 31 240
12 59 31 45 8 20 0 0.00 0.0 1 15.8 26 270 M M 7 32 290
13 49 33 41 4 24 0 0.01 0.0 0 12.9 31 300 M M 8 37 320
14 57 34 46 8 19 0 0.00 0.0 0 13.3 24 260 M M 2 30 280
15 61 41 51 13 14 0 T 0.0 0 17.8 29 320 M M 7 36 310
16 52 34 43 5 22 0 0.00 0.0 0 12.2 25 330 M M 7 31 330
17 51 29 40 2 25 0 0.00 0.0 0 11.0 20 250 M M 3 23 250
18 57 37 47 8 18 0 T 0.0 0 13.4 26 300 M M 6 33 320
19 63 35 49 10 16 0 0.00 0.0 0 10.9 23 220 M M 7 29 220
20 51 32 42 2 23 0 0.20 T 0 11.6 24 330 M M 9 1 29 320
21 50 27 39 -1 26 0 0.00 0.0 0 13.6 24 330 M M 4 8 36 290
22 56 36 46 6 19 0 0.00 0.0 0 12.2 24 320 M M 4 31 320
23 67 32 50 10 15 0 0.00 0.0 0 14.3 22 240 M M 2 27 250
24 64 36 50 9 15 0 0.00 0.0 0 14.5 31 330 M M 5 39 350
25 52 29 41 0 24 0 0.00 0.0 0 5.2 13 50 M M 6 15 20
26 55 30 43 2 22 0 0.00 0.0 0 6.8 14 30 M M 7 16 40
27 69 32 51 10 14 0 0.00 0.0 0 7.4 14 220 M M 4 17 220
28 77 43 60 18 5 0 0.00 0.0 0 8.6 22 340 M M 8 27 330
29 58 28 43 1 22 0 0.13 T 0 9.9 30 10 M M 7 1 35 10
30 60 22 41 -1 24 0 0.00 0.0 0 8.1 17 230 M M 1 20 220
31 52 33 43 1 22 0 0.04 0.3 0 12.6 29 320 M M 8 1 35 310
================================================================================
SM 1551 861 801 0 0.78 6.4 337.5 M 192
================================================================================
AV 50.0 27.8 10.9 FASTST M M 6 MAX(MPH)
MISC ----> # 31 300 39 350
================================================================================
NOTES:
# LAST OF SEVERAL OCCURRENCES
COLUMN 17 PEAK WIND IN M.P.H.
PRELIMINARY LOCAL CLIMATOLOGICAL DATA (WS FORM: F-6) , PAGE 2
STATION: BILLINGS MT
MONTH: MARCH
YEAR: 2022
LATITUDE: 45 47 N
LONGITUDE: 108 32 W
[TEMPERATURE DATA] [PRECIPITATION DATA] SYMBOLS USED IN COLUMN 16
AVERAGE MONTHLY: 38.9 TOTAL FOR MONTH: 0.78 1 = FOG OR MIST
DPTR FM NORMAL: 0.9 DPTR FM NORMAL: -0.12 2 = FOG REDUCING VISIBILITY
HIGHEST: 77 ON 28 GRTST 24HR 0.23 ON 7- 8 TO 1/4 MILE OR LESS
LOWEST: 0 ON 10 3 = THUNDER
SNOW, ICE PELLETS, HAIL 4 = ICE PELLETS
TOTAL MONTH: 6.4 INCHES 5 = HAIL
GRTST 24HR 3.2 ON 8- 8 6 = FREEZING RAIN OR DRIZZLE
GRTST DEPTH: 4 ON 9 7 = DUSTSTORM OR SANDSTORM:
VSBY 1/2 MILE OR LESS
8 = SMOKE OR HAZE
[NO. OF DAYS WITH] [WEATHER - DAYS WITH] 9 = BLOWING SNOW
X = TORNADO
MAX 32 OR BELOW: 6 0.01 INCH OR MORE: 9
MAX 90 OR ABOVE: 0 0.10 INCH OR MORE: 4
MIN 32 OR BELOW: 18 0.50 INCH OR MORE: 0
MIN 0 OR BELOW: 1 1.00 INCH OR MORE: 0
[HDD (BASE 65) ]
TOTAL THIS MO. 801 CLEAR (SCALE 0-3) 4
DPTR FM NORMAL -38 PTCLDY (SCALE 4-7) 21
TOTAL FM JUL 1 5361 CLOUDY (SCALE 8-10) 6
DPTR FM NORMAL -414
[CDD (BASE 65) ]
TOTAL THIS MO. 0
DPTR FM NORMAL 0 [PRESSURE DATA]
TOTAL FM JAN 1 0 HIGHEST SLP 30.44 ON 6
DPTR FM NORMAL 0 LOWEST SLP 29.40 ON 28
[REMARKS]
#FINAL-03-22#