000
CXUS55 KBYZ 011317
CLMBIL
CLIMATE REPORT
NATIONAL WEATHER SERVICE BILLINGS MT
617 AM MST FRI DEC 01 2023
...................................
...THE BILLINGS MT CLIMATE SUMMARY FOR THE MONTH OF NOVEMBER 2023...
CLIMATE NORMAL PERIOD 1991 TO 2020
CLIMATE RECORD PERIOD 1934 TO 2023
WEATHER OBSERVED NORMAL DEPART
VALUE DATE(S) VALUE FROM
NORMAL
................................................
TEMPERATURE (F)
HIGHEST 64 11/15
LOWEST 14 11/25
AVG. MAXIMUM 51.6 45.7 5.9
AVG. MINIMUM 30.6 26.7 3.9
MEAN 41.1 36.2 4.9
DAYS MAX >= 90 0
DAYS MAX <= 32 3
DAYS MIN <= 32 16
DAYS MIN <= 0 0
PRECIPITATION (INCHES)
TOTALS 0.04 0.60 -0.56
DAYS >= .01 2
DAYS >= .10 0
DAYS >= .50 0
DAYS >= 1.00 0
GREATEST
24 HR. TOTAL 0.04 11/02 TO 11/03
SNOWFALL (INCHES)
TOTALS T 6.5 -6.5
SINCE 7/1 6.7 11.3 -4.6
SNOWDEPTH AVG. T
DAYS >= TRACE 4
DAYS >= 1.0 0
GREATEST
SNOW DEPTH T 11/28
11/29
11/24
24 HR TOTAL MM
DEGREE DAYS
HEATING TOTAL 711 864 -153
SINCE 7/1 1359 1602 -243
COOLING TOTAL 0 0 0
SINCE 1/1 715 662 53
................................................
WIND (MPH)
AVERAGE WIND SPEED 11.8
HIGHEST WIND SPEED/DIRECTION 32/280 DATE 11/06
32/230 11/21
HIGHEST GUST SPEED/DIRECTION 47/270 DATE 11/06
AVERAGE RH (PERCENT) 53
WEATHER CONDITIONS. NUMBER OF DAYS WITH
THUNDERSTORM 0 MIXED PRECIP 0
HEAVY RAIN 0 RAIN 4
LIGHT RAIN 6 FREEZING RAIN 0
LT FREEZING RAIN 0 HAIL 0
HEAVY SNOW 0 SNOW 4
LIGHT SNOW 3 SLEET 0
FOG 2 FOG W/VIS <= 1/4 MILE 0
HAZE 0
- INDICATES NEGATIVE NUMBERS.
R INDICATES RECORD WAS SET OR TIED.
MM INDICATES DATA IS MISSING.
T INDICATES TRACE AMOUNT.
$$