000
CXUS53 KBIS 011641
CLMBIS
CLIMATE REPORT
NATIONAL WEATHER SERVICE BISMARCK, ND
1041 AM CST FRI DEC 01 2023
...................................
...THE BISMARCK ND CLIMATE SUMMARY FOR THE MONTH OF NOVEMBER 2023...
CLIMATE NORMAL PERIOD: 1991 TO 2020
CLIMATE RECORD PERIOD: 1875 TO 2023
WEATHER OBSERVED NORMAL DEPART LAST YEAR`S
VALUE DATE(S) VALUE FROM VALUE DATE(S)
NORMAL
................................................................
TEMPERATURE (F)
RECORD
HIGH 79 11/07/1999
LOW -30 11/29/1985
HIGHEST 63 11/15 77 11/02
LOWEST 5 11/24 -6 11/12
AVG. MAXIMUM 44.3 40.6 3.7 33.3
AVG. MINIMUM 22.0 19.1 2.9 13.6
MEAN 33.2 29.9 3.3 23.4
DAYS MAX >= 90 0 0.0 0.0 0
DAYS MAX <= 32 3 8.6 -5.6 15
DAYS MIN <= 32 27 27.7 -0.7 29
DAYS MIN <= 0 0 1.7 -1.7 2
PRECIPITATION (INCHES)
RECORD
MAXIMUM 3.10 1896
MINIMUM 0.00 1990
TOTALS 0.12 0.69 -0.57 1.44
DAILY AVG. 0.00 0.02 -0.02 0.05
DAYS >= .01 3 6.6 -3.6 7
DAYS >= .10 0 2.0 -2.0 1
DAYS >= .50 0 0.3 -0.3 1
DAYS >= 1.00 0 0.0 0.0 1
GREATEST
24 HR. TOTAL 0.08 11/05 TO 11/05 1.23
SNOWFALL (INCHES)
RECORDS
TOTAL 31.0 5
TOTALS 0.1 8.0 -7.9 21.3
SINCE 7/1 9.2 10.5 -1.3 MM
SNOWDEPTH AVG. 0 7
DAYS >= 1.0 0 2.0 -2.0 3
GREATEST
SNOW DEPTH 3 11/01 17 11/11
11/02
24 HR TOTAL 0.1 11/25 TO 11/25 MM
DEGREE DAYS
HEATING TOTAL 948 1054 -106
SINCE 7/1 1682 1931 -249
COOLING TOTAL 0 0 0
SINCE 1/1 684 536 148
................................................................
WIND (MPH)
HIGHEST WIND SPEED/DIRECTION 39/320 DATE 11/26
HIGHEST GUST SPEED/DIRECTION 58/290 DATE 11/08
SKY COVER
POSSIBLE SUNSHINE (PERCENT) MM
NUMBER OF DAYS FAIR 17
NUMBER OF DAYS PC 11
NUMBER OF DAYS CLOUDY 2
WEATHER CONDITIONS. NUMBER OF DAYS WITH
THUNDERSTORM 0 MIXED PRECIP 0
HEAVY RAIN 0 RAIN 0
LIGHT RAIN 3 FREEZING RAIN 0
LT FREEZING RAIN 0 HAIL 0
HEAVY SNOW 0 SNOW 0
LIGHT SNOW 5 SLEET 0
FOG 11 FOG W/VIS <= 1/4 MILE 1
HAZE 2
- INDICATES NEGATIVE NUMBERS.
R INDICATES RECORD WAS SET OR TIED.
MM INDICATES DATA IS MISSING.
T INDICATES TRACE AMOUNT.
$$