000
CXUS53 KGRR 010910
CF6BIV
PRELIMINARY LOCAL CLIMATOLOGICAL DATA (WS FORM: F-6)
STATION: HOLLAND
MONTH: APRIL
YEAR: 2023
LATITUDE: 42 49 N
LONGITUDE: 86 10 W
TEMPERATURE IN F: :PCPN: SNOW: WIND :SUNSHINE: SKY :PK WND
================================================================================
1 2 3 4 5 6A 6B 7 8 9 10 11 12 13 14 15 16 17 18
12Z AVG MX 2MIN
DY MAX MIN AVG DEP HDD CDD WTR SNW DPTH SPD SPD DIR MIN PSBL S-S WX SPD DR
================================================================================
1 53 34 44 2 21 0 0.02 M M 16.1 35 250 M M 8 1 49 230
2 51 26 39 -3 26 0 0.00 M M 9.5 21 160 M M 2 29 170
3 57 43 50 8 15 0 0.57 M M 7.1 22 240 M M 6 1 31 240
4 56 44 50 7 15 0 0.58 M M 13.8 32 120 M M 10 13 43 120
5 71 39 55 12 10 0 0.12 M M 18.5 35 240 M M 4 3 49 220
6 45 35 40 -4 25 0 0.00 M M 14.0 24 270 M M 0 35 280
7 51 32 42 -2 23 0 0.00 M M 4.1 10 290 M M 0 17 360
8 59 34 47 3 18 0 0.00 M M 4.8 12 190 M M 4 15 160
9 65 37 51 6 14 0 0.00 M M 5.6 16 260 M M 0 21 260
10 66 43 55 10 10 0 0.00 M M 9.4 18 240 M M 0 24 220
11 71 50 61 16 4 0 0.00 M M 12.7 21 250 M M 0 27 250
12 77 59 68 22 0 3 0.00 M M 16.1 25 240 M M 0 38 240
13 77 56 67 21 0 2 0.00 M M 9.4 20 250 M M 0 28 220
14 82 49 66 20 0 1 0.00 M M 3.3 14 270 M M 0 20 290
15 80 58 69 22 0 4 0.32 M M 6.8 21 220 M M 4 3 28 150
16 68 38 53 6 12 0 0.27 M M 13.8 32 240 M M 9 1 43 240
17 39 32 36 -12 29 0 0.25 M M 16.9 23 310 M M 10 1 36 270
18 46 34 40 -8 25 0 0.00 M M 11.3 23 310 M M 6 35 310
19 59 33 46 -2 19 0 T M M 10.7 23 80 M M 3 3 36 80
20 75 44 60 11 5 0 0.23 M M 12.3 26 120 M M 6 13 36 210
21 58 42 50 1 15 0 0.03 M M 7.9 20 270 M M 4 1 27 250
22 48 38 43 -7 22 0 0.01 M M 8.0 18 260 M M 9 1 23 250
23 44 37 41 -9 24 0 0.00 M M 8.9 15 270 M M 9 23 330
24 49 35 42 -8 23 0 0.00 M M 6.5 18 250 M M 3 28 270
25 47 34 41 -10 24 0 0.11 M M 6.4 15 320 M M 7 1 20 320
26 47 32 40 -11 25 0 0.00 M M 5.7 16 310 M M 0 24 290
27 61 29 45 -6 20 0 0.00 M M 5.0 16 200 M M 0 22 200
28 60 44 52 0 13 0 T M M 6.2 13 70 M M 3 20 80
29 61 41 51 -1 14 0 0.13 M M 5.4 20 280 M M 6 12 27 270
30 49 40 45 -7 20 0 0.03 M M 11.3 22 250 M M 9 1 29 260
================================================================================
SM 1772 1192 471 10 2.67 M 287.5 M 122
================================================================================
AV 59.1 39.7 9.6 FASTST M M 4 MAX(MPH)
MISC ----> # 35 250 # 49 230
================================================================================
NOTES:
# LAST OF SEVERAL OCCURRENCES
COLUMN 17 PEAK WIND IN M.P.H.
PRELIMINARY LOCAL CLIMATOLOGICAL DATA (WS FORM: F-6) , PAGE 2
STATION: HOLLAND
MONTH: APRIL
YEAR: 2023
LATITUDE: 42 49 N
LONGITUDE: 86 10 W
[TEMPERATURE DATA] [PRECIPITATION DATA] SYMBOLS USED IN COLUMN 16
AVERAGE MONTHLY: 49.4 TOTAL FOR MONTH: 2.67 1 = FOG OR MIST
DPTR FM NORMAL: 2.3 DPTR FM NORMAL: -0.83 2 = FOG REDUCING VISIBILITY
HIGHEST: 82 ON 14 GRTST 24HR 1.59 ON 31- 1 TO 1/4 MILE OR LESS
LOWEST: 26 ON 2 3 = THUNDER
SNOW, ICE PELLETS, HAIL 4 = ICE PELLETS
TOTAL MONTH: M 5 = HAIL
GRTST 24HR M ON M 6 = FREEZING RAIN OR DRIZZLE
GRTST DEPTH: M ON M 7 = DUSTSTORM OR SANDSTORM:
VSBY 1/2 MILE OR LESS
8 = SMOKE OR HAZE
[NO. OF DAYS WITH] [WEATHER - DAYS WITH] 9 = BLOWING SNOW
X = TORNADO
MAX 32 OR BELOW: 0 0.01 INCH OR MORE: 13
MAX 90 OR ABOVE: 0 0.10 INCH OR MORE: 9
MIN 32 OR BELOW: 5 0.50 INCH OR MORE: 2
MIN 0 OR BELOW: 0 1.00 INCH OR MORE: 0
[HDD (BASE 65) ]
TOTAL THIS MO. 471 CLEAR (SCALE 0-3) 12
DPTR FM NORMAL -69 PTCLDY (SCALE 4-7) 12
TOTAL FM JUL 1 5122 CLOUDY (SCALE 8-10) 6
DPTR FM NORMAL -918
[CDD (BASE 65) ]
TOTAL THIS MO. 10
DPTR FM NORMAL 7 [PRESSURE DATA]
TOTAL FM JAN 1 10 HIGHEST SLP 30.62 ON 7
DPTR FM NORMAL 6 LOWEST SLP 29.27 ON 1
[REMARKS]
#FINAL-04-23#