000
CXUS55 KPSR 011005
CF6BLH
PRELIMINARY LOCAL CLIMATOLOGICAL DATA (WS FORM: F-6)
STATION: BLYTHE CA
MONTH: MAY
YEAR: 2020
LATITUDE: 33 37 N
LONGITUDE: 114 43 W
TEMPERATURE IN F: :PCPN: SNOW: WIND :SUNSHINE: SKY :PK WND
================================================================================
1 2 3 4 5 6A 6B 7 8 9 10 11 12 13 14 15 16 17 18
12Z AVG MX 2MIN
DY MAX MIN AVG DEP HDD CDD WTR SNW DPTH SPD SPD DIR MIN PSBL S-S WX SPD DR
================================================================================
1 103 65 84 8 0 19 0.00 M M 8.4 21 240 M M 0 31 200
2 96 66 81 5 0 16 0.00 M M 6.5 21 240 M M 0 25 250
3 96 63 80 3 0 15 0.00 M M 5.9 17 230 M M 0 20 230
4 101 69 85 8 0 20 0.00 M M 10.3 20 360 M M 0 25 20
5 103 70 87 10 0 22 0.00 M M 4.7 12 170 M M 0 15 10
6 105 66 86 8 0 21 0.00 M M 4.3 14 340 M M 0 15 140
7 108 71 90 12 0 25 0.00 M M 6.0 13 140 M M 0 16 150
8 105 71 88 10 0 23 0.00 M M 6.4 18 200 M M 0 23 190
9 105 75 90 12 0 25 0.00 M M 10.6 18 200 M M 0 22 160
10 105 76 91 12 0 26 0.00 M M 12.4 26 200 M M 0 32 210
11 101 75 88 9 0 23 0.00 M M 14.8 25 240 M M 0 33 230
12 93 66 80 1 0 15 0.00 M M 14.6 31 220 M M 0 36 240
13 89 61 75 -5 0 10 0.00 M M 6.7 18 230 M M 0 23 230
14 92 62 77 -3 0 12 0.00 M M 6.3 13 220 M M 0 18 140
15 94 69 82 2 0 17 0.00 M M 5.4 14 360 M M 0 18 130
16 99 67 83 3 0 18 0.00 M M 7.3 18 160 M M 0 24 150
17 101 70 86 5 0 21 0.00 M M 12.0 22 180 M M 0 30 170
18 97 72 85 4 0 20 0.00 M M 15.0 28 270 M M 0 33 280
19 86 66 76 -5 0 11 0.00 M M 15.0 26 250 M M 0 33 230
20 86 59 73 -8 0 8 0.00 M M 6.5 16 170 M M 0 22 160
21 94 62 78 -4 0 13 0.00 M M 6.0 14 150 M M 0 23 130
22 98 61 80 -2 0 15 0.00 M M 11.3 26 240 M M 0 34 240
23 95 62 79 -3 0 14 0.00 M M 6.0 16 330 M M 0 20 330
24 98 66 82 0 0 17 0.00 M M 9.3 20 360 M M 0 27 340
25 102 65 84 1 0 19 0.00 M M 9.6 26 340 M M 0 35 330
26 105 69 87 4 0 22 0.00 M M 4.6 13 160 M M 0 16 140
27 110 72 91 8 0 26 0.00 M M 8.8 21 180 M M 0 25 150
28 110 74 92 9 0 27 0.00 M M 9.7 20 180 M M 0 24 180
29 110 73 92 8 0 27 0.00 M M 9.5 22 170 M M 0 29 200
30 105 77 91 7 0 26 0.00 M M 11.6 23 250 M M 0 29 250
31 105 70 88 4 0 23 0.00 M M 6.9 20 180 M M 0 24 240
================================================================================
SM 3097 2110 0 596 0.00 M 272.3 M 0
================================================================================
AV 99.9 68.1 8.8 FASTST M M 0 MAX(MPH)
MISC ----> 31 220 36 240
================================================================================
NOTES:
# LAST OF SEVERAL OCCURRENCES
COLUMN 17 PEAK WIND IN M.P.H.
PRELIMINARY LOCAL CLIMATOLOGICAL DATA (WS FORM: F-6) , PAGE 2
STATION: BLYTHE CA
MONTH: MAY
YEAR: 2020
LATITUDE: 33 37 N
LONGITUDE: 114 43 W
[TEMPERATURE DATA] [PRECIPITATION DATA] SYMBOLS USED IN COLUMN 16
AVERAGE MONTHLY: 84.0 TOTAL FOR MONTH: 0.00 1 = FOG OR MIST
DPTR FM NORMAL: 3.7 DPTR FM NORMAL: -0.03 2 = FOG REDUCING VISIBILITY
HIGHEST: 110 ON 29,28 GRTST 24HR T ON 12-12 TO 1/4 MILE OR LESS
LOWEST: 59 ON 20 3 = THUNDER
SNOW, ICE PELLETS, HAIL 4 = ICE PELLETS
TOTAL MONTH: M 5 = HAIL
GRTST 24HR M ON M 6 = FREEZING RAIN OR DRIZZLE
GRTST DEPTH: M ON M 7 = DUSTSTORM OR SANDSTORM:
VSBY 1/2 MILE OR LESS
8 = SMOKE OR HAZE
[NO. OF DAYS WITH] [WEATHER - DAYS WITH] 9 = BLOWING SNOW
X = TORNADO
MAX 32 OR BELOW: 0 0.01 INCH OR MORE: 0
MAX 90 OR ABOVE: 28 0.10 INCH OR MORE: 0
MIN 32 OR BELOW: 0 0.50 INCH OR MORE: 0
MIN 0 OR BELOW: 0 1.00 INCH OR MORE: 0
[HDD (BASE 65) ]
TOTAL THIS MO. 0 CLEAR (SCALE 0-3) 31
DPTR FM NORMAL -1 PTCLDY (SCALE 4-7) 0
TOTAL FM JUL 1 1046 CLOUDY (SCALE 8-10) 0
DPTR FM NORMAL -51
[CDD (BASE 65) ]
TOTAL THIS MO. 596
DPTR FM NORMAL 122 [PRESSURE DATA]
TOTAL FM JAN 1 871 HIGHEST SLP M ON M
DPTR FM NORMAL 103 LOWEST SLP 29.62 ON 22
[REMARKS]
#FINAL-05-20#