000
CXUS55 KSEW 011030
CF6BLI
PRELIMINARY LOCAL CLIMATOLOGICAL DATA (WS FORM: F-6)
STATION: BELLINGHAM WA AIRPORT
MONTH: FEBRUARY
YEAR: 2023
LATITUDE: 48 47 N
LONGITUDE: 122 32 W
TEMPERATURE IN F: :PCPN: SNOW: WIND :SUNSHINE: SKY :PK WND
================================================================================
1 2 3 4 5 6A 6B 7 8 9 10 11 12 13 14 15 16 17 18
12Z AVG MX 2MIN
DY MAX MIN AVG DEP HDD CDD WTR SNW DPTH SPD SPD DIR MIN PSBL S-S WX SPD DR
================================================================================
1 42 32 37 -4 28 0 0.00 M M 5.2 9 30 M M 6 1 13 20
2 42 30 36 -5 29 0 0.00 M M 3.6 9 40 M M 1 14 50
3 52 35 44 3 21 0 0.01 M M 13.1 37 160 M M 6 1 59 160
4 54 46 50 9 15 0 T M M 10.8 21 170 M M 10 1 32 180
5 48 40 44 3 21 0 0.02 M M 5.6 13 180 M M 9 18 190
6 49 44 47 6 18 0 0.08 M M 13.3 29 160 M M 10 1 43 160
7 51 43 47 6 18 0 0.13 M M 14.0 31 160 M M 8 1 44 150
8 48 35 42 1 23 0 0.00 M M 4.6 13 180 M M 3 22 200
9 56 39 48 7 17 0 0.04 M M 8.4 32 170 M M 7 1 54 160
10 52 33 43 2 22 0 0.03 M M 5.8 16 180 M M 7 1 29 200
11 46 29 38 -3 27 0 0.00 M M 1.5 8 180 M M 6 12 11 180
12 47 39 43 2 22 0 0.11 M M 3.5 18 180 M M 10 1 29 180
13 49 38 44 2 21 0 0.01 M M 6.7 18 290 M M 7 34 270
14 47 30 39 -3 26 0 0.00 M M 3.8 13 20 M M 3 17 320
15 44 26 35 -7 30 0 0.00 M M 2.8 14 180 M M 4 1 20 190
16 45 35 40 -2 25 0 T M M 3.4 15 150 M M 10 23 140
17 44 36 40 -2 25 0 0.12 M M 4.0 10 180 M M 10 1 14 170
18 48 37 43 1 22 0 0.17 M M 5.7 13 180 M M 9 1 20 160
19 48 42 45 3 20 0 0.01 M M 9.5 18 180 M M 10 1 29 170
20 50 44 47 5 18 0 0.54 M M 11.3 22 180 M M 10 1 40 200
21 49 31 40 -2 25 0 0.03 M M 9.4 31 40 M M 8 46 30
22 31 25 28 -14 37 0 0.00 M M 24.3 33 30 M M 9 58 30
23 31 22 27 -15 38 0 0.00 M M 23.0 32 40 M M 5 50 40
24 34 20 27 -15 38 0 0.00 M M 8.9 26 40 M M 1 40 20
25 38 21 30 -12 35 0 0.09 M M 4.8 17 150 M M 8 18 25 160
26 45 35 40 -3 25 0 0.04 M M 9.4 29 160 M M 8 1 42 160
27 39 30 35 -8 30 0 T M M 6.9 13 40 M M 7 1 18 40
28 40 27 34 -9 31 0 0.32 M M 2.0 8 30 M M 7 12 11 30
================================================================================
SM 1269 944 707 0 1.75 M 225.3 M 199
================================================================================
AV 45.3 33.7 8.0 FASTST M M 7 MAX(MPH)
MISC ----> 37 160 59 160
================================================================================
NOTES:
# LAST OF SEVERAL OCCURRENCES
COLUMN 17 PEAK WIND IN M.P.H.
PRELIMINARY LOCAL CLIMATOLOGICAL DATA (WS FORM: F-6) , PAGE 2
STATION: BELLINGHAM WA AIRPORT
MONTH: FEBRUARY
YEAR: 2023
LATITUDE: 48 47 N
LONGITUDE: 122 32 W
[TEMPERATURE DATA] [PRECIPITATION DATA] SYMBOLS USED IN COLUMN 16
AVERAGE MONTHLY: 39.5 TOTAL FOR MONTH: 1.75 1 = FOG OR MIST
DPTR FM NORMAL: -2.2 DPTR FM NORMAL: -1.10 2 = FOG REDUCING VISIBILITY
HIGHEST: 56 ON 9 GRTST 24HR 0.54 ON 20-20 TO 1/4 MILE OR LESS
LOWEST: 20 ON 24 3 = THUNDER
SNOW, ICE PELLETS, HAIL 4 = ICE PELLETS
TOTAL MONTH: M 5 = HAIL
GRTST 24HR M ON M 6 = FREEZING RAIN OR DRIZZLE
GRTST DEPTH: M ON M 7 = DUSTSTORM OR SANDSTORM:
VSBY 1/2 MILE OR LESS
8 = SMOKE OR HAZE
[NO. OF DAYS WITH] [WEATHER - DAYS WITH] 9 = BLOWING SNOW
X = TORNADO
MAX 32 OR BELOW: 2 0.01 INCH OR MORE: 16
MAX 90 OR ABOVE: 0 0.10 INCH OR MORE: 6
MIN 32 OR BELOW: 12 0.50 INCH OR MORE: 1
MIN 0 OR BELOW: 0 1.00 INCH OR MORE: 0
[HDD (BASE 65) ]
TOTAL THIS MO. 707 CLEAR (SCALE 0-3) 4
DPTR FM NORMAL 55 PTCLDY (SCALE 4-7) 14
TOTAL FM JUL 1 3591 CLOUDY (SCALE 8-10) 10
DPTR FM NORMAL 17
[CDD (BASE 65) ]
TOTAL THIS MO. 0
DPTR FM NORMAL 0 [PRESSURE DATA]
TOTAL FM JAN 1 0 HIGHEST SLP 30.53 ON 8
DPTR FM NORMAL 0 LOWEST SLP 29.38 ON 26
[REMARKS]
#FINAL-02-23#