000
CXUS53 KILX 011428
CF6BMI
PRELIMINARY LOCAL CLIMATOLOGICAL DATA (WS FORM: F-6)
STATION: BLOOMINGTON IL AIRPORT
MONTH: NOVEMBER
YEAR: 2021
LATITUDE: 40 28 N
LONGITUDE: 88 56 W
TEMPERATURE IN F: :PCPN: SNOW: WIND :SUNSHINE: SKY :PK WND
================================================================================
1 2 3 4 5 6A 6B 7 8 9 10 11 12 13 14 15 16 17 18
12Z AVG MX 2MIN
DY MAX MIN AVG DEP HDD CDD WTR SNW DPTH SPD SPD DIR MIN PSBL S-S WX SPD DR
================================================================================
1 44 33 39 M 26 0 0.00 M M 7.5 12 230 M M 5 M M
2 47 30 39 M 26 0 0.00 M M 8.6 16 300 M M 2 23 320
3 48 26 37 M 28 0 0.00 M M 4.3 7 310 M M 1 M M
4 49 27 38 M 27 0 0.00 M M 4.8 13 150 M M 3 M M
5 51 30 41 M 24 0 0.00 M M 9.5 15 160 M M 0 21 140
6 58 30 44 M 21 0 0.00 M M 9.9 13 210 M M 0 M M
7 65 36 51 M 14 0 0.00 M M 11.4 17 200 M M 0 23 190
8 67 44 56 M 9 0 0.00 M M 10.2 15 200 M M 0 8 M M
9 59 42 51 M 14 0 0.00 M M 7.4 14 50 M M 4 18 M M
10 57 37 47 M 18 0 T M M 10.6 21 160 M M 5 12 29 160
11 54 41 48 M 17 0 0.38 M M 16.6 31 290 M M 5 1 40 290
12 42 33 38 M 27 0 T M M 17.0 24 270 M M 8 1 37 240
13 37 32 35 M 30 0 T M M 13.9 20 270 M M 10 1 27 280
14 38 28 33 M 32 0 0.02 M M 19.1 29 300 M M 8 1 39 290
15 40 26 33 M 32 0 T M M 8.1 16 130 M M 6 21 140
16 60 28 44 M 21 0 0.00 M M 13.6 23 200 M M 1 35 200
17 61 41 51 M 14 0 0.04 M M 16.5 22 200 M M 9 1 28 200
18 41 25 33 M 32 0 0.00 M M 15.6 28 300 M M 3 38 270
19 40 20 30 M 35 0 0.00 M M 10.2 17 160 M M 0 20 160
20 52 33 43 M 22 0 T M M 11.4 17 170 M M 3 8 18 230
21 56 M M M M M 0.04 M M 10.2 24 330 M M 5 30 330
22 37 21 29 M 36 0 0.00 M M M M M M M 0 8 M M
23 44 20 32 M 33 0 0.00 M M 13.1 21 180 M M 0 25 180
24 54 35 45 M 20 0 0.06 M M 19.0 27 200 M M 4 38 190
25 48 21 35 M 30 0 0.10 M M 16.9 24 300 M M 6 36 310
26 33 16 25 M 40 0 0.00 M M 8.8 14 170 M M 4 M M
27 42 29 36 M 29 0 T M M 11.5 16 340 M M 4 M M
28 40 26 33 M 32 0 0.00 M M 13.6 23 320 M M 0 31 330
29 44 22 33 M 32 0 0.00 M M 13.7 22 210 M M 4 32 180
30 53 33 43 M 22 0 0.00 M M 8.2 12 300 M M 0 M M
================================================================================
SM 1461 865 743 0 0.64 M 341.2 M 100
================================================================================
AV 48.7 29.8 11.8 FASTST M M 3 MAX(MPH)
MISC ----> 31 290 40 290
================================================================================
NOTES:
# LAST OF SEVERAL OCCURRENCES
COLUMN 17 PEAK WIND IN M.P.H.
PRELIMINARY LOCAL CLIMATOLOGICAL DATA (WS FORM: F-6) , PAGE 2
STATION: BLOOMINGTON IL AIRPORT
MONTH: NOVEMBER
YEAR: 2021
LATITUDE: 40 28 N
LONGITUDE: 88 56 W
[TEMPERATURE DATA] [PRECIPITATION DATA] SYMBOLS USED IN COLUMN 16
AVERAGE MONTHLY: 39.3 TOTAL FOR MONTH: 0.64 1 = FOG OR MIST
DPTR FM NORMAL: 0.0 DPTR FM NORMAL: M 2 = FOG REDUCING VISIBILITY
HIGHEST: 67 ON 8 GRTST 24HR 0.38 ON 11-11 TO 1/4 MILE OR LESS
LOWEST: 16 ON 26 3 = THUNDER
SNOW, ICE PELLETS, HAIL 4 = ICE PELLETS
TOTAL MONTH: M 5 = HAIL
GRTST 24HR M ON M 6 = FREEZING RAIN OR DRIZZLE
GRTST DEPTH: M ON M 7 = DUSTSTORM OR SANDSTORM:
VSBY 1/2 MILE OR LESS
8 = SMOKE OR HAZE
[NO. OF DAYS WITH] [WEATHER - DAYS WITH] 9 = BLOWING SNOW
X = TORNADO
MAX 32 OR BELOW: 0 0.01 INCH OR MORE: 6
MAX 90 OR ABOVE: 0 0.10 INCH OR MORE: 2
MIN 32 OR BELOW: 18 0.50 INCH OR MORE: 0
MIN 0 OR BELOW: 0 1.00 INCH OR MORE: 0
[HDD (BASE 65) ]
TOTAL THIS MO. 743 CLEAR (SCALE 0-3) 13
DPTR FM NORMAL M PTCLDY (SCALE 4-7) 15
TOTAL FM JUL 1 986 CLOUDY (SCALE 8-10) 2
DPTR FM NORMAL M
[CDD (BASE 65) ]
TOTAL THIS MO. 0
DPTR FM NORMAL M [PRESSURE DATA]
TOTAL FM JAN 1 1194 HIGHEST SLP M ON M
DPTR FM NORMAL M LOWEST SLP M ON M
[REMARKS]
#FINAL-11-21#