000
CXUS56 KBOI 011002
CF6BNO
PRELIMINARY LOCAL CLIMATOLOGICAL DATA (WS FORM: F-6)
STATION: BURNS OR
MONTH: MAY
YEAR: 2022
LATITUDE: 43 34 N
LONGITUDE: 118 57 W
TEMPERATURE IN F: :PCPN: SNOW: WIND :SUNSHINE: SKY :PK WND
================================================================================
1 2 3 4 5 6A 6B 7 8 9 10 11 12 13 14 15 16 17 18
12Z AVG MX 2MIN
DY MAX MIN AVG DEP HDD CDD WTR SNW DPTH SPD SPD DIR MIN PSBL S-S WX SPD DR
================================================================================
1 62 34 48 0 17 0 0.00 M M 7.1 18 340 M M 2 24 340
2 51 34 43 -6 22 0 0.07 M M 12.8 33 300 M M 7 1 45 310
3 64 37 51 2 14 0 0.00 M M 12.7 32 330 M M 3 45 320
4 74 30 52 3 13 0 0.00 M M 6.0 14 100 M M 0 18 70
5 62 44 53 3 12 0 0.02 M M 8.7 37 240 M M 6 48 250
6 68 37 53 3 12 0 0.08 M M 16.1 35 270 M M 8 1 52 260
7 53 29 41 -9 24 0 0.06 M M 11.1 33 290 M M 7 18 41 280
8 43 27 35 -16 30 0 0.02 M M 9.6 23 270 M M 7 12 31 270
9 46 23 35 -16 30 0 0.03 M M 8.0 20 170 M M 6 8 26 320
10 50 21 36 -15 29 0 0.01 M M 4.6 20 70 M M 3 8 25 70
11 58 24 41 -11 24 0 0.00 M M 8.3 16 330 M M 2 22 350
12 57 35 46 -6 19 0 0.10 M M 8.4 26 230 M M 9 1 39 230
13 64 34 49 -3 16 0 T M M 8.3 18 290 M M 7 25 270
14 69 41 55 2 10 0 0.01 M M 6.9 22 250 M M 7 31 250
15 83 34 59 6 6 0 0.00 M M 7.5 22 260 M M 2 30 270
16 71 43 57 4 8 0 0.00 M M 9.4 20 280 M M 0 28 290
17 73 37 55 2 10 0 0.00 M M 7.9 17 260 M M 0 25 290
18 74 32 53 -1 12 0 T M M 12.6 31 270 M M 2 46 270
19 52 24 38 -16 27 0 0.01 M M 14.3 31 360 M M 3 18 41 360
20 61 21 41 -13 24 0 0.00 M M 6.0 20 80 M M 2 26 70
21 60 36 48 -6 17 0 0.01 0.0 M 8.1 24 330 M M 7 32 80
22 67 34 51 -4 14 0 0.00 0.0 M 5.9 15 340 M M 2 21 330
23 73 38 56 1 9 0 0.00 M M M M M M M M M M
24 75 32 54 -1 11 0 0.00 M M 6.3 16 290 M M 2 24 30
25 82 35 59 4 6 0 0.00 0.0 M 6.3 17 300 M M 0 24 280
26 81 40 61 6 4 0 0.00 M M 9.1 31 280 M M 2 41 290
27 67 37 52 -4 13 0 0.01 M M 6.9 23 270 M M 6 3 31 270
28 64 40 52 -4 13 0 0.30 M M 8.6 36 250 M M 7 13 49 250
29 53 38 46 -10 19 0 T M M 15.4 26 310 M M 9 36 290
30 52 33 43 -13 22 0 T M M 14.6 22 350 M M 6 30 330
31 66 41 54 -2 11 0 0.00 M M 7.0 15 90 M M 7 21 90
================================================================================
SM 1975 1045 498 0 0.73 0.0 274.5 M 131
================================================================================
AV 63.7 33.7 9.1 FASTST M M 4 MAX(MPH)
MISC ----> 37 240 52 260
================================================================================
NOTES:
# LAST OF SEVERAL OCCURRENCES
COLUMN 17 PEAK WIND IN M.P.H.
PRELIMINARY LOCAL CLIMATOLOGICAL DATA (WS FORM: F-6) , PAGE 2
STATION: BURNS OR
MONTH: MAY
YEAR: 2022
LATITUDE: 43 34 N
LONGITUDE: 118 57 W
[TEMPERATURE DATA] [PRECIPITATION DATA] SYMBOLS USED IN COLUMN 16
AVERAGE MONTHLY: 48.7 TOTAL FOR MONTH: 0.73 1 = FOG OR MIST
DPTR FM NORMAL: -4.1 DPTR FM NORMAL: -0.54 2 = FOG REDUCING VISIBILITY
HIGHEST: 83 ON 15 GRTST 24HR 0.30 ON 28-28 TO 1/4 MILE OR LESS
LOWEST: 21 ON 20,10 3 = THUNDER
SNOW, ICE PELLETS, HAIL 4 = ICE PELLETS
TOTAL MONTH: 0.0 INCH 5 = HAIL
GRTST 24HR 0.0 6 = FREEZING RAIN OR DRIZZLE
GRTST DEPTH: M ON M 7 = DUSTSTORM OR SANDSTORM:
VSBY 1/2 MILE OR LESS
8 = SMOKE OR HAZE
[NO. OF DAYS WITH] [WEATHER - DAYS WITH] 9 = BLOWING SNOW
X = TORNADO
MAX 32 OR BELOW: 0 0.01 INCH OR MORE: 13
MAX 90 OR ABOVE: 0 0.10 INCH OR MORE: 2
MIN 32 OR BELOW: 10 0.50 INCH OR MORE: 0
MIN 0 OR BELOW: 0 1.00 INCH OR MORE: 0
[HDD (BASE 65) ]
TOTAL THIS MO. 498 CLEAR (SCALE 0-3) 15
DPTR FM NORMAL 116 PTCLDY (SCALE 4-7) 12
TOTAL FM JUL 1 6922 CLOUDY (SCALE 8-10) 4
DPTR FM NORMAL -100
[CDD (BASE 65) ]
TOTAL THIS MO. 0
DPTR FM NORMAL -4 [PRESSURE DATA]
TOTAL FM JAN 1 0 HIGHEST SLP 30.22 ON 13
DPTR FM NORMAL -4 LOWEST SLP 29.59 ON 28
[REMARKS]
#FINAL-05-22#