000
CXUS56 KBOI 011002
CF6BNO
PRELIMINARY LOCAL CLIMATOLOGICAL DATA (WS FORM: F-6)
STATION: BURNS OR
MONTH: JANUARY
YEAR: 2022
LATITUDE: 43 34 N
LONGITUDE: 118 57 W
TEMPERATURE IN F: :PCPN: SNOW: WIND :SUNSHINE: SKY :PK WND
================================================================================
1 2 3 4 5 6A 6B 7 8 9 10 11 12 13 14 15 16 17 18
12Z AVG MX 2MIN
DY MAX MIN AVG DEP HDD CDD WTR SNW DPTH SPD SPD DIR MIN PSBL S-S WX SPD DR
================================================================================
1 15 -16 0 -25 65 0 0.00 M M 3.6 13 310 M M 2 128 14 310
2 20 -6 7 -18 58 0 0.00 M M 3.9 9 280 M M 0 11 270
3 43 -7 18 -7 47 0 0.18 M M 13.1 36 270 M M 5 1 53 280
4 35 27 31 6 34 0 0.28 M M 3.4 12 210 M M 10 1 15 290
5 39 34 37 12 28 0 0.25 M M 6.0 21 270 M M 10 1 30 250
6 43 34 39 14 26 0 0.00 M M 6.8 20 230 M M 4 1 25 220
7 44 28 36 10 29 0 0.06 M M 10.2 35 260 M M 5 1 47 250
8 37 19 28 2 37 0 0.00 M M 3.7 13 260 M M 1 16 260
9 37 16 27 1 38 0 0.00 M M 8.2 21 80 M M 0 27 80
10 34 15 25 -1 40 0 T M M 2.4 9 300 M M 3 11 290
11 38 21 30 4 35 0 0.00 M M 1.8 8 300 M M 5 9 310
12 42 20 31 5 34 0 0.00 M M 2.7 8 290 M M 0 9 320
13 43 21 32 6 33 0 T M M 3.9 10 300 M M 4 12 300
14 33 19 26 0 39 0 0.00 M M 2.1 10 320 M M 6 12 13 310
15 32 18 25 -1 40 0 0.00 M M 2.3 7 130 M M 8 12 11 130
16 28 25 27 1 38 0 0.00 M M 3.2 9 80 M M 10 1 13 80
17 27 24 26 -1 39 0 0.00 M M 3.1 8 50 M M 10 12 11 50
18 28 17 23 -4 42 0 0.00 M M 2.1 6 290 M M 9 12 8 60
19 36 16 26 -1 39 0 0.00 M M 1.2 7 70 M M 8 12 8 60
20 45 31 38 11 27 0 0.04 M M 3.4 14 290 M M 7 1 20 280
21 43 26 35 8 30 0 0.00 M M 7.6 15 330 M M 2 19 330
22 41 19 30 3 35 0 0.00 M M 2.8 9 320 M M 0 10 290
23 45 19 32 5 33 0 0.00 M M 2.4 8 310 M M 0 9 300
24 47 18 33 6 32 0 0.00 M M 3.7 25 340 M M 0 41 320
25 41 18 30 2 35 0 0.00 M M 3.6 15 330 M M 0 21 320
26 36 17 27 -1 38 0 0.00 M M 3.2 8 130 M M 0 12 110
27 32 13 23 -5 42 0 0.00 M M 5.1 17 90 M M 3 128 23 90
28 31 8 20 -8 45 0 0.00 M M 5.5 16 110 M M 0 21 100
29 31 6 19 -9 46 0 0.00 M M 3.5 9 110 M M 0 13 110
30 36 8 22 -6 43 0 T M M 1.6 10 150 M M 2 13 250
31 38 17 28 0 37 0 0.00 M M 9.3 22 280 M M 2 30 280
================================================================================
SM 1120 525 1184 0 0.81 M 135.4 M 116
================================================================================
AV 36.1 16.9 4.4 FASTST M M 4 MAX(MPH)
MISC ----> 36 270 53 280
================================================================================
NOTES:
# LAST OF SEVERAL OCCURRENCES
COLUMN 17 PEAK WIND IN M.P.H.
PRELIMINARY LOCAL CLIMATOLOGICAL DATA (WS FORM: F-6) , PAGE 2
STATION: BURNS OR
MONTH: JANUARY
YEAR: 2022
LATITUDE: 43 34 N
LONGITUDE: 118 57 W
[TEMPERATURE DATA] [PRECIPITATION DATA] SYMBOLS USED IN COLUMN 16
AVERAGE MONTHLY: 26.5 TOTAL FOR MONTH: 0.81 1 = FOG OR MIST
DPTR FM NORMAL: 0.0 DPTR FM NORMAL: -0.52 2 = FOG REDUCING VISIBILITY
HIGHEST: 47 ON 24 GRTST 24HR 0.34 ON 4- 5 TO 1/4 MILE OR LESS
LOWEST: -16 ON 1 3 = THUNDER
SNOW, ICE PELLETS, HAIL 4 = ICE PELLETS
TOTAL MONTH: M 5 = HAIL
GRTST 24HR M ON M 6 = FREEZING RAIN OR DRIZZLE
GRTST DEPTH: M ON M 7 = DUSTSTORM OR SANDSTORM:
VSBY 1/2 MILE OR LESS
8 = SMOKE OR HAZE
[NO. OF DAYS WITH] [WEATHER - DAYS WITH] 9 = BLOWING SNOW
X = TORNADO
MAX 32 OR BELOW: 9 0.01 INCH OR MORE: 5
MAX 90 OR ABOVE: 0 0.10 INCH OR MORE: 3
MIN 32 OR BELOW: 29 0.50 INCH OR MORE: 0
MIN 0 OR BELOW: 3 1.00 INCH OR MORE: 0
[HDD (BASE 65) ]
TOTAL THIS MO. 1184 CLEAR (SCALE 0-3) 17
DPTR FM NORMAL -10 PTCLDY (SCALE 4-7) 8
TOTAL FM JUL 1 4005 CLOUDY (SCALE 8-10) 6
DPTR FM NORMAL -235
[CDD (BASE 65) ]
TOTAL THIS MO. 0
DPTR FM NORMAL 0 [PRESSURE DATA]
TOTAL FM JAN 1 0 HIGHEST SLP 30.73 ON 28
DPTR FM NORMAL 0 LOWEST SLP 29.58 ON 7
[REMARKS]
#FINAL-01-22#