000
CXUS56 KBOI 011002
CF6BNO
PRELIMINARY LOCAL CLIMATOLOGICAL DATA (WS FORM: F-6)
STATION: BURNS OR
MONTH: SEPTEMBER
YEAR: 2021
LATITUDE: 43 34 N
LONGITUDE: 118 57 W
TEMPERATURE IN F: :PCPN: SNOW: WIND :SUNSHINE: SKY :PK WND
================================================================================
1 2 3 4 5 6A 6B 7 8 9 10 11 12 13 14 15 16 17 18
12Z AVG MX 2MIN
DY MAX MIN AVG DEP HDD CDD WTR SNW DPTH SPD SPD DIR MIN PSBL S-S WX SPD DR
================================================================================
1 79 31 55 -7 10 0 0.00 M M 6.1 17 350 M M 0 24 340
2 79 32 56 -6 9 0 0.00 M M 6.4 16 10 M M 0 23 360
3 81 27 54 -8 11 0 0.00 M M 4.4 14 300 M M 0 8 18 190
4 88 34 61 -1 4 0 0.00 M M 3.8 15 250 M M 0 8 23 260
5 91 38 65 4 0 0 0.00 M M 5.3 14 240 M M 6 8 20 200
6 91 39 65 4 0 0 0.00 M M 3.8 14 270 M M 9 8 22 270
7 95 41 68 7 0 3 0.00 M M 4.3 12 290 M M 4 8 13 290
8 84 45 65 5 0 0 0.00 M M 2.9 12 290 M M 7 8 13 290
9 93 52 73 13 0 8 0.01 M M 6.7 31 260 M M 7 8 41 260
10 68 46 57 -3 8 0 0.41 M M 5.5 22 250 M M 6 1238 30 240
11 76 39 58 -2 7 0 0.00 M M 4.4 16 240 M M 1 128 24 270
12 81 38 60 1 5 0 0.00 M M 5.7 16 200 M M 0 8 24 210
13 80 37 59 0 6 0 0.00 M M 7.8 17 340 M M 0 24 220
14 82 29 56 -3 9 0 0.00 M M 4.5 14 230 M M 0 20 200
15 82 36 59 1 6 0 0.00 M M 7.1 21 260 M M 1 27 270
16 71 32 52 -6 13 0 0.00 M M 6.0 20 330 M M 0 8 24 320
17 87 30 59 1 6 0 0.00 M M 4.9 18 230 M M 1 8 28 240
18 70 40 55 -2 10 0 0.10 M M 7.8 33 310 M M 5 1 45 290
19 61 32 47 -10 18 0 0.01 M M 9.2 25 280 M M 6 32 280
20 67 23 45 -11 20 0 0.00 M M 3.2 9 10 M M 0 18 12 230
21 78 30 54 -2 11 0 0.00 M M 8.8 18 80 M M 0 18 27 90
22 80 34 57 1 8 0 0.00 M M 7.9 25 280 M M 0 35 300
23 76 33 55 0 10 0 0.00 M M 5.0 12 300 M M 0 8 15 170
24 82 35 59 4 6 0 0.00 M M 4.7 13 130 M M 0 18 140
25 86 36 61 7 4 0 0.00 M M 3.8 15 220 M M 0 21 210
26 84 35 60 6 5 0 0.00 M M 5.9 20 230 M M 0 26 200
27 80 34 57 3 8 0 0.03 M M 11.7 29 250 M M 3 8 39 240
28 57 27 42 -11 23 0 0.05 M M 8.1 21 320 M M 5 1 27 300
29 63 20 42 -11 23 0 0.00 M M 3.3 8 170 M M 0 13 210
30 71 25 48 -4 17 0 0.00 M M 4.0 9 190 M M 0 14 110
================================================================================
SM 2363 1030 257 11 0.61 M 173.0 M 61
================================================================================
AV 78.8 34.3 5.8 FASTST M M 2 MAX(MPH)
MISC ----> 33 310 45 290
================================================================================
NOTES:
# LAST OF SEVERAL OCCURRENCES
COLUMN 17 PEAK WIND IN M.P.H.
PRELIMINARY LOCAL CLIMATOLOGICAL DATA (WS FORM: F-6) , PAGE 2
STATION: BURNS OR
MONTH: SEPTEMBER
YEAR: 2021
LATITUDE: 43 34 N
LONGITUDE: 118 57 W
[TEMPERATURE DATA] [PRECIPITATION DATA] SYMBOLS USED IN COLUMN 16
AVERAGE MONTHLY: 56.6 TOTAL FOR MONTH: 0.61 1 = FOG OR MIST
DPTR FM NORMAL: -1.2 DPTR FM NORMAL: 0.23 2 = FOG REDUCING VISIBILITY
HIGHEST: 95 ON 7 GRTST 24HR 0.42 ON 9-10 TO 1/4 MILE OR LESS
LOWEST: 20 ON 29 3 = THUNDER
SNOW, ICE PELLETS, HAIL 4 = ICE PELLETS
TOTAL MONTH: M 5 = HAIL
GRTST 24HR M ON M 6 = FREEZING RAIN OR DRIZZLE
GRTST DEPTH: M ON M 7 = DUSTSTORM OR SANDSTORM:
VSBY 1/2 MILE OR LESS
8 = SMOKE OR HAZE
[NO. OF DAYS WITH] [WEATHER - DAYS WITH] 9 = BLOWING SNOW
X = TORNADO
MAX 32 OR BELOW: 0 0.01 INCH OR MORE: 6
MAX 90 OR ABOVE: 4 0.10 INCH OR MORE: 2
MIN 32 OR BELOW: 12 0.50 INCH OR MORE: 0
MIN 0 OR BELOW: 0 1.00 INCH OR MORE: 0
[HDD (BASE 65) ]
TOTAL THIS MO. 257 CLEAR (SCALE 0-3) 20
DPTR FM NORMAL 25 PTCLDY (SCALE 4-7) 9
TOTAL FM JUL 1 323 CLOUDY (SCALE 8-10) 1
DPTR FM NORMAL -2
[CDD (BASE 65) ]
TOTAL THIS MO. 11
DPTR FM NORMAL -5 [PRESSURE DATA]
TOTAL FM JAN 1 609 HIGHEST SLP 30.44 ON 20
DPTR FM NORMAL 307 LOWEST SLP 29.72 ON 27
[REMARKS]
#FINAL-09-21#