000
CXUS56 KBOI 011002
CF6BNO
PRELIMINARY LOCAL CLIMATOLOGICAL DATA (WS FORM: F-6)
STATION: BURNS OR
MONTH: OCTOBER
YEAR: 2023
LATITUDE: 43 34 N
LONGITUDE: 118 57 W
TEMPERATURE IN F: :PCPN: SNOW: WIND :SUNSHINE: SKY :PK WND
================================================================================
1 2 3 4 5 6A 6B 7 8 9 10 11 12 13 14 15 16 17 18
12Z AVG MX 2MIN
DY MAX MIN AVG DEP HDD CDD WTR SNW DPTH SPD SPD DIR MIN PSBL S-S WX SPD DR
================================================================================
1 56 38 47 -5 18 0 0.00 M M 12.1 24 330 M M 9 37 350
2 68 45 57 6 8 0 0.20 M M 6.5 20 320 M M 8 1 26 310
3 65 38 52 1 13 0 0.24 M M 8.5 20 310 M M 5 1 26 300
4 73 31 52 2 13 0 0.00 M M 5.5 14 10 M M 2 12 19 360
5 76 33 55 5 10 0 0.00 M M 3.4 8 310 M M 0 1 13 120
6 76 37 57 7 8 0 0.00 M M 6.8 14 70 M M 0 21 70
7 79 37 58 9 7 0 0.00 M M 7.3 14 70 M M 0 25 90
8 83 37 60 11 5 0 0.00 M M 5.1 15 200 M M 0 21 190
9 74 34 54 6 11 0 T M M 7.3 35 200 M M 2 8 50 240
10 61 32 47 -1 18 0 0.04 M M 6.7 25 230 M M 6 1 34 230
11 55 31 43 -4 22 0 T M M 8.2 22 300 M M 7 30 300
12 58 28 43 -4 22 0 0.01 M M 3.6 10 340 M M 4 1 14 340
13 63 22 43 -4 22 0 0.02 M M 6.9 22 250 M M 2 1 30 260
14 69 43 56 10 9 0 0.00 M M 3.3 15 210 M M 7 20 190
15 76 41 59 13 6 0 0.00 M M 4.9 15 100 M M 2 20 80
16 70 38 54 9 11 0 0.00 M M 4.8 16 250 M M 2 21 260
17 71 31 51 6 14 0 0.00 M M 5.5 14 240 M M 0 8 21 240
18 77 31 54 10 11 0 0.00 M M 3.5 9 60 M M 0 15 130
19 80 34 57 13 8 0 0.00 M M 3.7 8 290 M M 0 18 10 300
20 78 30 54 10 11 0 0.00 M M 2.3 9 320 M M 0 8 10 170
21 76 30 53 10 12 0 0.00 M M 3.2 10 260 M M 1 17 120
22 71 41 56 13 9 0 T M M 6.4 16 310 M M 1 24 320
23 64 35 50 7 15 0 0.00 M M 8.1 16 300 M M 1 1 22 290
24 60 19 40 -2 25 0 T M M 6.9 28 270 M M 4 38 270
25 45 19 32 -10 33 0 0.03 M M 6.6 22 290 M M 7 18 29 300
26 45 15 30 -12 35 0 0.00 M M 4.9 15 220 M M 3 20 240
27 47 11 29 -12 36 0 0.00 M M 8.0 16 350 M M 1 22 340
28 44 7 26 -15 39 0 0.00 M M 4.4 12 300 M M 0 15 340
29 47 4 26 -15 39 0 0.00 M M 3.1 8 260 M M 0 13 90
30 53 9 31 -9 34 0 0.00 M M 4.8 13 80 M M 0 8 16 80
31 54 12 33 -7 32 0 0.00 M M 4.8 12 90 M M 0 19 130
================================================================================
SM 2014 893 556 0 0.54 M 177.1 M 74
================================================================================
AV 65.0 28.8 5.7 FASTST M M 2 MAX(MPH)
MISC ----> 35 200 50 240
================================================================================
NOTES:
# LAST OF SEVERAL OCCURRENCES
COLUMN 17 PEAK WIND IN M.P.H.
PRELIMINARY LOCAL CLIMATOLOGICAL DATA (WS FORM: F-6) , PAGE 2
STATION: BURNS OR
MONTH: OCTOBER
YEAR: 2023
LATITUDE: 43 34 N
LONGITUDE: 118 57 W
[TEMPERATURE DATA] [PRECIPITATION DATA] SYMBOLS USED IN COLUMN 16
AVERAGE MONTHLY: 46.9 TOTAL FOR MONTH: 0.54 1 = FOG OR MIST
DPTR FM NORMAL: 1.3 DPTR FM NORMAL: -0.23 2 = FOG REDUCING VISIBILITY
HIGHEST: 83 ON 8 GRTST 24HR 0.44 ON 2- 3 TO 1/4 MILE OR LESS
LOWEST: 4 ON 29 3 = THUNDER
SNOW, ICE PELLETS, HAIL 4 = ICE PELLETS
TOTAL MONTH: M 5 = HAIL
GRTST 24HR M ON M 6 = FREEZING RAIN OR DRIZZLE
GRTST DEPTH: M ON M 7 = DUSTSTORM OR SANDSTORM:
VSBY 1/2 MILE OR LESS
8 = SMOKE OR HAZE
[NO. OF DAYS WITH] [WEATHER - DAYS WITH] 9 = BLOWING SNOW
X = TORNADO
MAX 32 OR BELOW: 0 0.01 INCH OR MORE: 6
MAX 90 OR ABOVE: 0 0.10 INCH OR MORE: 2
MIN 32 OR BELOW: 17 0.50 INCH OR MORE: 0
MIN 0 OR BELOW: 0 1.00 INCH OR MORE: 0
[HDD (BASE 65) ]
TOTAL THIS MO. 556 CLEAR (SCALE 0-3) 22
DPTR FM NORMAL -47 PTCLDY (SCALE 4-7) 8
TOTAL FM JUL 1 835 CLOUDY (SCALE 8-10) 1
DPTR FM NORMAL -91
[CDD (BASE 65) ]
TOTAL THIS MO. 0
DPTR FM NORMAL 0 [PRESSURE DATA]
TOTAL FM JAN 1 352 HIGHEST SLP 30.64 ON 29
DPTR FM NORMAL 50 LOWEST SLP 29.58 ON 10
[REMARKS]
#FINAL-10-23#