000
CXUS55 KRIW 011110
CF6BPI
PRELIMINARY LOCAL CLIMATOLOGICAL DATA (WS FORM: F-6)
STATION: BIG PINEY WY
MONTH: DECEMBER
YEAR: 2022
LATITUDE: 42 34 N
LONGITUDE: 110 6 W
TEMPERATURE IN F: :PCPN: SNOW: WIND :SUNSHINE: SKY :PK WND
================================================================================
1 2 3 4 5 6A 6B 7 8 9 10 11 12 13 14 15 16 17 18
12Z AVG MX 2MIN
DY MAX MIN AVG DEP HDD CDD WTR SNW DPTH SPD SPD DIR MIN PSBL S-S WX SPD DR
================================================================================
1 33 -4 15 -2 50 0 0.00 M M 6.5 24 230 M M 2 32 230
2 31 -11 10 -6 55 0 T M M 11.2 30 320 M M 5 1 42 330
3 20 -13 4 -12 61 0 0.00 M M 3.1 12 340 M M 0 13 350
4 28 -6 11 -5 54 0 T M M 2.9 12 60 M M 7 1 12 340
5 31 -2 15 0 50 0 T M M 4.8 13 360 M M 1 12 17 320
6 31 -7 12 -3 53 0 0.00 M M 4.2 12 70 M M 2 16 300
7 25 -10 8 -6 57 0 0.00 M M 3.2 14 340 M M 0 15 350
8 26 -8 9 -5 56 0 0.00 M M 4.2 14 30 M M 2 14 30
9 24 -9 8 -6 57 0 T M M 3.5 14 350 M M 4 12 16 180
10 25 -9 8 -6 57 0 0.00 M M 2.7 10 340 M M 4 11 340
11 31 6 19 6 46 0 0.03 M M 3.1 10 200 M M 9 1 14 190
12 31 21 26 13 39 0 0.21 M M 4.9 14 140 M M 10 1 18 340
13 21 2 12 -1 53 0 0.05 M M 4.6 16 330 M M 9 12 23 340
14 22 5 14 2 51 0 0.00 M M 14.3 21 350 M M 2 26 350
15 19 -6 7 -5 58 0 T M M 12.8 21 350 M M 4 1 28 350
16 16 -9 4 -8 61 0 0.00 M M 5.4 22 340 M M 1 28 350
17 15 -17 -1 -13 66 0 0.00 M M 5.0 20 40 M M 0 25 40
18 11 -21 -5 -17 70 0 0.00 M M 2.6 9 70 M M 0 9 70
19 13 -23 -5 -17 70 0 0.00 M M 2.5 10 310 M M 1 1 14 300
20 16 -6 5 -6 60 0 0.00 M M 2.8 12 70 M M 8 13 40
21 29 0 15 4 50 0 T M M 16.6 37 310 M M 9 128 51 310
22 1 -27 -13 -24 78 0 0.00 M M 2.0 13 150 M M 1 18 15 160
23 10 -21 -5 -16 70 0 T M M 1.2 6 90 M M 4 18 7 50
24 36 6 21 10 44 0 0.00 M M 4.3 16 320 M M 4 22 330
25 39 9 24 13 41 0 0.00 M M 7.8 24 330 M M 2 33 330
26 32 9 21 10 44 0 0.00 M M 4.0 10 10 M M 2 12 16 260
27 35 19 27 16 38 0 T M M 5.2 32 270 M M 9 12 44 270
28 29 1 15 4 50 0 T M M 9.1 23 300 M M 1 34 310
29 21 -3 9 -2 56 0 0.00 M M 4.6 14 340 M M 2 15 350
30 21 -1 10 -1 55 0 0.02 M M 2.5 9 80 M M 8 1 10 80
31 32 15 24 13 41 0 0.22 M M 5.3 15 310 M M 8 1 19 310
================================================================================
SM 754 -120 1691 0 0.53 M 166.9 M 121
================================================================================
AV 24.3 -3.9 5.4 FASTST M M 4 MAX(MPH)
MISC ----> 37 310 51 310
================================================================================
NOTES:
# LAST OF SEVERAL OCCURRENCES
COLUMN 17 PEAK WIND IN M.P.H.
PRELIMINARY LOCAL CLIMATOLOGICAL DATA (WS FORM: F-6) , PAGE 2
STATION: BIG PINEY WY
MONTH: DECEMBER
YEAR: 2022
LATITUDE: 42 34 N
LONGITUDE: 110 6 W
[TEMPERATURE DATA] [PRECIPITATION DATA] SYMBOLS USED IN COLUMN 16
AVERAGE MONTHLY: 10.2 TOTAL FOR MONTH: 0.53 1 = FOG OR MIST
DPTR FM NORMAL: -2.5 DPTR FM NORMAL: 0.30 2 = FOG REDUCING VISIBILITY
HIGHEST: 39 ON 25 GRTST 24HR 0.26 ON 12-13 TO 1/4 MILE OR LESS
LOWEST: -27 ON 22 3 = THUNDER
SNOW, ICE PELLETS, HAIL 4 = ICE PELLETS
TOTAL MONTH: M 5 = HAIL
GRTST 24HR M ON M 6 = FREEZING RAIN OR DRIZZLE
GRTST DEPTH: M ON M 7 = DUSTSTORM OR SANDSTORM:
VSBY 1/2 MILE OR LESS
8 = SMOKE OR HAZE
[NO. OF DAYS WITH] [WEATHER - DAYS WITH] 9 = BLOWING SNOW
X = TORNADO
MAX 32 OR BELOW: 27 0.01 INCH OR MORE: 5
MAX 90 OR ABOVE: 0 0.10 INCH OR MORE: 2
MIN 32 OR BELOW: 31 0.50 INCH OR MORE: 0
MIN 0 OR BELOW: 21 1.00 INCH OR MORE: 0
[HDD (BASE 65) ]
TOTAL THIS MO. 1691 CLEAR (SCALE 0-3) 16
DPTR FM NORMAL 70 PTCLDY (SCALE 4-7) 10
TOTAL FM JUL 1 4131 CLOUDY (SCALE 8-10) 5
DPTR FM NORMAL -243
[CDD (BASE 65) ]
TOTAL THIS MO. 0
DPTR FM NORMAL 0 [PRESSURE DATA]
TOTAL FM JAN 1 67 HIGHEST SLP 30.76 ON 23
DPTR FM NORMAL 37 LOWEST SLP 29.47 ON 27
[REMARKS]
#FINAL-12-22#