000
CXUS55 KDVN 011100
CF6BRL
PRELIMINARY LOCAL CLIMATOLOGICAL DATA (WS FORM: F-6)
STATION: BURLINGTON IA
MONTH: DECEMBER
YEAR: 2022
LATITUDE: 40 46 N
LONGITUDE: 91 7 W
TEMPERATURE IN F: :PCPN: SNOW: WIND :SUNSHINE: SKY :PK WND
================================================================================
1 2 3 4 5 6A 6B 7 8 9 10 11 12 13 14 15 16 17 18
12Z AVG MX 2MIN
DY MAX MIN AVG DEP HDD CDD WTR SNW DPTH SPD SPD DIR MIN PSBL S-S WX SPD DR
================================================================================
1 38 14 26 -9 39 0 0.00 M M 9.1 18 160 M M 3 28 170
2 59 31 45 11 20 0 0.00 M M 14.5 31 210 M M 5 49 310
3 31 16 24 -10 41 0 0.00 M M 10.4 28 310 M M 1 8 52 330
4 43 20 32 -2 33 0 0.00 M M 9.0 17 220 M M 0 23 220
5 45 24 35 2 30 0 0.00 M M 6.0 14 200 M M 5 8 17 200
6 46 32 39 6 26 0 0.00 M M 5.8 14 40 M M 4 18 19 40
7 45 25 35 3 30 0 0.00 M M 3.5 9 50 M M 8 128 13 30
8 41 29 35 3 30 0 0.09 M M 8.5 15 90 M M 8 128 20 80
9 43 37 40 8 25 0 0.12 M M 7.0 17 270 M M 10 1 24 250
10 40 35 38 6 27 0 0.00 M M 3.8 9 270 M M 10 12 14 230
11 35 32 34 3 31 0 0.00 M M 5.4 13 360 M M 10 8 16 110
12 37 31 34 3 31 0 0.00 M M 8.9 15 100 M M 10 18 25 90
13 43 33 38 8 27 0 0.55 M M 14.4 24 120 M M 8 1 38 120
14 52 34 43 13 22 0 0.01 M M 8.9 21 220 M M 9 12 28 200
15 34 29 32 2 33 0 T M M 15.2 26 250 M M 10 8 36 230
16 30 24 27 -3 38 0 T M M 14.5 26 240 M M 10 36 240
17 24 15 20 -9 45 0 T M M 12.0 18 270 M M 9 28 290
18 26 10 18 -11 47 0 0.00 M M 7.1 14 270 M M 0 21 280
19 31 14 23 -6 42 0 0.00 M M 6.9 13 140 M M 7 15 140
20 30 9 20 -8 45 0 0.00 M M 8.2 18 330 M M 8 27 340
21 28 7 18 -10 47 0 0.00 M M 6.7 13 140 M M 8 1 19 120
22 28 -10 9 -19 56 0 M M M 16.1 25 330 M M 10 168 41 310
23 0 -10 -5 -33 70 0 0.00 M M 18.3 29 280 M M 10 89 49 270
24 15 0 8 -20 57 0 0.00 M M 15.4 23 290 M M 3 8 35 300
25 18 2 10 -17 55 0 0.01 M M 9.0 17 290 M M 3 18 28 290
26 19 2 11 -16 54 0 T M M 9.0 18 10 M M 7 18 25 320
27 29 -3 13 -14 52 0 0.00 M M 12.6 23 170 M M 0 32 170
28 49 27 38 12 27 0 0.00 M M 14.6 23 180 M M 0 32 190
29 66 46 56 30 9 0 0.00 M M 14.7 24 190 M M 1 33 210
30 48 23 36 10 29 0 0.00 M M 5.4 17 260 M M 4 26 280
31 41 23 32 6 33 0 0.00 M M 5.8 14 180 M M 6 19 170
================================================================================
SM 1114 601 1151 0 0.78 M 306.7 M 187
================================================================================
AV 35.9 19.4 9.9 FASTST M M 6 MAX(MPH)
MISC ----> 31 210 52 330
================================================================================
NOTES:
# LAST OF SEVERAL OCCURRENCES
COLUMN 17 PEAK WIND IN M.P.H.
PRELIMINARY LOCAL CLIMATOLOGICAL DATA (WS FORM: F-6) , PAGE 2
STATION: BURLINGTON IA
MONTH: DECEMBER
YEAR: 2022
LATITUDE: 40 46 N
LONGITUDE: 91 7 W
[TEMPERATURE DATA] [PRECIPITATION DATA] SYMBOLS USED IN COLUMN 16
AVERAGE MONTHLY: 27.7 TOTAL FOR MONTH: 0.78 1 = FOG OR MIST
DPTR FM NORMAL: -2.2 DPTR FM NORMAL: -1.09 2 = FOG REDUCING VISIBILITY
HIGHEST: 66 ON 29 GRTST 24HR 0.56 ON 13-14 TO 1/4 MILE OR LESS
LOWEST: -10 ON 23,22 3 = THUNDER
SNOW, ICE PELLETS, HAIL 4 = ICE PELLETS
TOTAL MONTH: M 5 = HAIL
GRTST 24HR M ON M 6 = FREEZING RAIN OR DRIZZLE
GRTST DEPTH: M ON M 7 = DUSTSTORM OR SANDSTORM:
VSBY 1/2 MILE OR LESS
8 = SMOKE OR HAZE
[NO. OF DAYS WITH] [WEATHER - DAYS WITH] 9 = BLOWING SNOW
X = TORNADO
MAX 32 OR BELOW: 13 0.01 INCH OR MORE: 5
MAX 90 OR ABOVE: 0 0.10 INCH OR MORE: 2
MIN 32 OR BELOW: 26 0.50 INCH OR MORE: 1
MIN 0 OR BELOW: 4 1.00 INCH OR MORE: 0
[HDD (BASE 65) ]
TOTAL THIS MO. 1151 CLEAR (SCALE 0-3) 9
DPTR FM NORMAL 61 PTCLDY (SCALE 4-7) 11
TOTAL FM JUL 1 2336 CLOUDY (SCALE 8-10) 11
DPTR FM NORMAL 93
[CDD (BASE 65) ]
TOTAL THIS MO. 0
DPTR FM NORMAL 0 [PRESSURE DATA]
TOTAL FM JAN 1 1140 HIGHEST SLP 30.59 ON 20
DPTR FM NORMAL 57 LOWEST SLP 29.52 ON 15
[REMARKS]
#FINAL-12-22#