000
CXUS55 KDVN 011100
CF6BRL
PRELIMINARY LOCAL CLIMATOLOGICAL DATA (WS FORM: F-6)
STATION: BURLINGTON IA
MONTH: NOVEMBER
YEAR: 2022
LATITUDE: 40 46 N
LONGITUDE: 91 7 W
TEMPERATURE IN F: :PCPN: SNOW: WIND :SUNSHINE: SKY :PK WND
================================================================================
1 2 3 4 5 6A 6B 7 8 9 10 11 12 13 14 15 16 17 18
12Z AVG MX 2MIN
DY MAX MIN AVG DEP HDD CDD WTR SNW DPTH SPD SPD DIR MIN PSBL S-S WX SPD DR
================================================================================
1 70 37 54 7 11 0 0.00 M M 6.4 14 210 M M 0 128 17 200
2 74 45 60 13 5 0 0.00 M M 7.6 17 200 M M 0 8 23 210
3 73 53 63 17 2 0 0.00 M M 13.5 24 190 M M 0 33 170
4 74 51 63 17 2 0 0.57 M M 11.7 25 210 M M 9 18 33 210
5 63 43 53 7 12 0 0.12 M M 18.3 35 220 M M 6 18 50 220
6 62 36 49 4 16 0 0.00 M M 10.4 21 240 M M 0 28 230
7 53 34 44 -1 21 0 0.00 M M 8.9 17 20 M M 0 23 50
8 60 37 49 5 16 0 0.00 M M 10.6 17 120 M M 2 24 130
9 76 53 65 21 0 0 T M M 11.1 21 220 M M 2 26 210
10 75 39 57 14 8 0 T M M 13.2 26 200 M M 4 8 37 210
11 39 26 33 -10 32 0 0.17 M M 14.2 21 330 M M 9 16 32 320
12 30 27 29 -13 36 0 0.00 M M 10.6 17 310 M M 10 26 310
13 34 24 29 -13 36 0 0.00 M M 4.4 12 320 M M 5 17 320
14 40 22 31 -11 34 0 0.00 M M 6.7 14 140 M M 4 19 180
15 35 31 33 -8 32 0 0.10 M M 5.6 15 280 M M 10 1 25 280
16 31 26 29 -12 36 0 T M M 10.5 18 280 M M 10 18 28 280
17 35 21 28 -12 37 0 T M M 11.5 20 300 M M 8 32 300
18 25 18 22 -18 43 0 T M M 12.1 18 290 M M 7 27 290
19 30 15 23 -17 42 0 0.00 M M 12.7 25 290 M M 5 41 310
20 40 12 26 -13 39 0 0.00 M M 11.5 22 200 M M 0 18 29 210
21 52 29 41 2 24 0 0.00 M M 9.3 17 250 M M 0 23 250
22 54 22 38 0 27 0 0.00 M M 4.9 12 210 M M 0 18 16 210
23 58 33 46 8 19 0 0.00 M M 6.9 14 180 M M 0 18 170
24 52 35 44 7 21 0 T M M 6.4 16 320 M M 7 1 26 320
25 53 28 41 4 24 0 0.00 M M 5.3 15 340 M M 0 1 22 340
26 53 27 40 3 25 0 0.00 M M 6.8 17 200 M M 0 8 22 210
27 44 31 38 2 27 0 0.31 M M 7.6 25 360 M M 7 1 32 360
28 48 25 37 1 28 0 0.00 M M 7.1 16 200 M M 1 12 21 200
29 63 25 44 9 21 0 0.00 M M 14.3 25 310 M M 6 1 40 300
30 31 17 24 -11 41 0 0.00 M M 11.3 22 260 M M 1 35 270
================================================================================
SM 1527 922 717 0 1.27 M 291.4 M 113
================================================================================
AV 50.9 30.7 9.7 FASTST M M 4 MAX(MPH)
MISC ----> 35 220 50 220
================================================================================
NOTES:
# LAST OF SEVERAL OCCURRENCES
COLUMN 17 PEAK WIND IN M.P.H.
PRELIMINARY LOCAL CLIMATOLOGICAL DATA (WS FORM: F-6) , PAGE 2
STATION: BURLINGTON IA
MONTH: NOVEMBER
YEAR: 2022
LATITUDE: 40 46 N
LONGITUDE: 91 7 W
[TEMPERATURE DATA] [PRECIPITATION DATA] SYMBOLS USED IN COLUMN 16
AVERAGE MONTHLY: 40.8 TOTAL FOR MONTH: 1.27 1 = FOG OR MIST
DPTR FM NORMAL: -0.2 DPTR FM NORMAL: -1.02 2 = FOG REDUCING VISIBILITY
HIGHEST: 76 ON 9 GRTST 24HR 0.69 ON 4- 5 TO 1/4 MILE OR LESS
LOWEST: 12 ON 20 3 = THUNDER
SNOW, ICE PELLETS, HAIL 4 = ICE PELLETS
TOTAL MONTH: M 5 = HAIL
GRTST 24HR M ON M 6 = FREEZING RAIN OR DRIZZLE
GRTST DEPTH: M ON M 7 = DUSTSTORM OR SANDSTORM:
VSBY 1/2 MILE OR LESS
8 = SMOKE OR HAZE
[NO. OF DAYS WITH] [WEATHER - DAYS WITH] 9 = BLOWING SNOW
X = TORNADO
MAX 32 OR BELOW: 5 0.01 INCH OR MORE: 5
MAX 90 OR ABOVE: 0 0.10 INCH OR MORE: 5
MIN 32 OR BELOW: 18 0.50 INCH OR MORE: 1
MIN 0 OR BELOW: 0 1.00 INCH OR MORE: 0
[HDD (BASE 65) ]
TOTAL THIS MO. 717 CLEAR (SCALE 0-3) 15
DPTR FM NORMAL -2 PTCLDY (SCALE 4-7) 10
TOTAL FM JUL 1 1185 CLOUDY (SCALE 8-10) 5
DPTR FM NORMAL 30
[CDD (BASE 65) ]
TOTAL THIS MO. 0
DPTR FM NORMAL -1 [PRESSURE DATA]
TOTAL FM JAN 1 1140 HIGHEST SLP 30.55 ON 7
DPTR FM NORMAL 57 LOWEST SLP 29.30 ON 5
[REMARKS]
#FINAL-11-22#