000
CXUS55 KDVN 011100
CF6BRL
PRELIMINARY LOCAL CLIMATOLOGICAL DATA (WS FORM: F-6)
STATION: BURLINGTON IA
MONTH: DECEMBER
YEAR: 2021
LATITUDE: 40 46 N
LONGITUDE: 91 7 W
TEMPERATURE IN F: :PCPN: SNOW: WIND :SUNSHINE: SKY :PK WND
================================================================================
1 2 3 4 5 6A 6B 7 8 9 10 11 12 13 14 15 16 17 18
12Z AVG MX 2MIN
DY MAX MIN AVG DEP HDD CDD WTR SNW DPTH SPD SPD DIR MIN PSBL S-S WX SPD DR
================================================================================
1 55 40 48 13 17 0 0.03 M M 7.7 15 240 M M 3 1 23 230
2 59 36 48 14 17 0 0.00 M M 6.6 18 340 M M 0 8 29 340
3 59 36 48 14 17 0 0.00 M M 8.4 16 360 M M 0 21 30
4 47 30 39 5 26 0 0.00 M M 9.1 14 20 M M 1 1 19 30
5 48 32 40 7 25 0 0.03 M M 10.4 25 310 M M 7 49 290
6 38 13 26 -7 39 0 0.00 M M 13.8 28 310 M M 0 8 46 330
7 28 12 20 -12 45 0 0.00 M M 8.8 18 170 M M 4 23 150
8 36 24 30 -2 35 0 0.00 M M 7.0 15 110 M M 0 21 110
9 54 31 43 11 22 0 0.00 M M 10.2 22 140 M M 3 8 32 140
10 59 31 45 13 20 0 0.24 M M 11.5 25 140 M M 5 1 37 150
11 55 30 43 12 22 0 0.00 M M 15.1 29 270 M M 4 46 340
12 51 29 40 9 25 0 0.00 M M 13.0 24 210 M M 0 33 210
13 51 33 42 12 23 0 0.00 M M 7.2 14 200 M M 0 20 200
14 58 33 46 16 19 0 T M M 8.7 17 150 M M 4 25 150
15 73 57 65 35 0 0 0.02 M M 21.9 41 230 M M 8 8 61 230
16 61 26 44 14 21 0 0.00 M M 12.4 37 230 M M 1 8 49 220
17 40 22 31 2 34 0 T M M 7.5 15 80 M M 5 20 80
18 35 22 29 0 36 0 T M M 10.5 20 340 M M 5 16 32 350
19 33 16 25 -4 40 0 0.00 M M 7.9 16 190 M M 0 23 190
20 43 25 34 6 31 0 0.00 M M 9.2 17 200 M M 0 8 25 200
21 42 17 30 2 35 0 0.00 M M 8.9 21 230 M M 0 18 29 250
22 37 15 26 -2 39 0 0.00 M M 6.7 16 330 M M 1 8 25 330
23 54 27 41 13 24 0 0.00 M M 10.7 24 220 M M 0 8 32 210
24 66 42 54 26 11 0 0.00 M M 9.9 23 210 M M 3 31 210
25 52 31 42 15 23 0 T M M 6.7 14 20 M M 4 128 18 360
26 48 26 37 10 28 0 0.03 M M 9.1 24 110 M M 6 1238 35 110
27 52 29 41 14 24 0 0.00 M M 6.9 18 290 M M 5 1 28 310
28 42 31 37 11 28 0 0.30 M M 8.4 21 130 M M 8 16 32 130
29 33 20 27 1 38 0 T M M 9.3 17 30 M M 7 24 340
30 32 25 29 3 36 0 0.00 M M 4.6 10 210 M M 10 12 13 220
31 39 24 32 6 33 0 0.00 M M 8.1 20 360 M M 7 12 25 350
================================================================================
SM 1480 865 833 0 0.65 M 296.2 M 101
================================================================================
AV 47.7 27.9 9.6 FASTST M M 3 MAX(MPH)
MISC ----> 41 230 61 230
================================================================================
NOTES:
# LAST OF SEVERAL OCCURRENCES
COLUMN 17 PEAK WIND IN M.P.H.
PRELIMINARY LOCAL CLIMATOLOGICAL DATA (WS FORM: F-6) , PAGE 2
STATION: BURLINGTON IA
MONTH: DECEMBER
YEAR: 2021
LATITUDE: 40 46 N
LONGITUDE: 91 7 W
[TEMPERATURE DATA] [PRECIPITATION DATA] SYMBOLS USED IN COLUMN 16
AVERAGE MONTHLY: 37.8 TOTAL FOR MONTH: 0.65 1 = FOG OR MIST
DPTR FM NORMAL: 7.9 DPTR FM NORMAL: -1.22 2 = FOG REDUCING VISIBILITY
HIGHEST: 73 ON 15 GRTST 24HR 0.30 ON 28-28 TO 1/4 MILE OR LESS
LOWEST: 12 ON 7 3 = THUNDER
SNOW, ICE PELLETS, HAIL 4 = ICE PELLETS
TOTAL MONTH: M 5 = HAIL
GRTST 24HR M ON M 6 = FREEZING RAIN OR DRIZZLE
GRTST DEPTH: M ON M 7 = DUSTSTORM OR SANDSTORM:
VSBY 1/2 MILE OR LESS
8 = SMOKE OR HAZE
[NO. OF DAYS WITH] [WEATHER - DAYS WITH] 9 = BLOWING SNOW
X = TORNADO
MAX 32 OR BELOW: 2 0.01 INCH OR MORE: 6
MAX 90 OR ABOVE: 0 0.10 INCH OR MORE: 2
MIN 32 OR BELOW: 24 0.50 INCH OR MORE: 0
MIN 0 OR BELOW: 0 1.00 INCH OR MORE: 0
[HDD (BASE 65) ]
TOTAL THIS MO. 833 CLEAR (SCALE 0-3) 15
DPTR FM NORMAL -257 PTCLDY (SCALE 4-7) 14
TOTAL FM JUL 1 1790 CLOUDY (SCALE 8-10) 2
DPTR FM NORMAL -453
[CDD (BASE 65) ]
TOTAL THIS MO. 0
DPTR FM NORMAL 0 [PRESSURE DATA]
TOTAL FM JAN 1 1211 HIGHEST SLP 30.43 ON 19
DPTR FM NORMAL 128 LOWEST SLP 29.25 ON 10
[REMARKS]
#FINAL-12-21#