000
CXUS53 KDVN 010755
CLSBRL
CLIMATE REPORT
NATIONAL WEATHER SERVICE QUAD CITIES IA IL
300 AM CDT FRI SEP 01 2023
...................................
...THE BURLINGTON IA CLIMATE SUMMARY FOR THE SEASON, FROM
6/1/2023 TO 8/31/2023...
CLIMATE NORMAL PERIOD 1991 TO 2020
CLIMATE RECORD PERIOD 1897 TO 2023
WEATHER OBSERVED NORMAL DEPART LAST YEAR`S
VALUE DATE(S) VALUE FROM VALUE
NORMAL
..............................................................
TEMPERATURE (F)
RECORD
HIGH 111 07/15/1936
07/14/1936
LOW 39 06/08/1913
HIGHEST 96 07/28 87 9
08/24
LOWEST 44 06/12 58 -14
AVG. MAXIMUM 83.3 83.7 -0.4
AVG. MINIMUM 63.1 64.2 -1.1
MEAN 73.2 73.9 -0.7
DAYS MAX >= 90 13
DAYS MAX <= 32 0
DAYS MIN <= 32 0
DAYS MIN <= 0 0
PRECIPITATION (INCHES)
TOTALS 17.12 12.66 4.46
DAILY AVG. 0.19 0.14 0.05
DAYS >= .01 33
DAYS >= .10 19
DAYS >= .50 7
DAYS >= 1.00 4
GREATEST
24 HR. TOTAL 6.14 08/05 TO 08/05
DEGREE DAYS
HEATING TOTAL 13 20 -7
SINCE 7/1 1 2 -1
COOLING TOTAL 795 843 -48
SINCE 1/1 871 936 -65
..............................................................
WIND (MPH)
AVERAGE WIND SPEED 5.8
HIGHEST WIND SPEED/DIRECTION 33/020 DATE 06/02
HIGHEST GUST SPEED/DIRECTION 52/010 DATE 06/02
SKY COVER
POSSIBLE SUNSHINE (PERCENT) MM
AVERAGE SKY COVER 0.22
NUMBER OF DAYS FAIR 66
NUMBER OF DAYS PC 25
NUMBER OF DAYS CLOUDY 1
AVERAGE RH (PERCENT) 73
WEATHER CONDITIONS. NUMBER OF DAYS WITH
THUNDERSTORM 26 HAIL 0
SLEET 0 FOG 54
FOG W/VIS <= 1/4 MILE 6 HAZE 42
- INDICATES NEGATIVE NUMBERS.
R INDICATES RECORD WAS SET OR TIED.
MM INDICATES DATA IS MISSING.
T INDICATES TRACE AMOUNT.
$$