000
CXUS54 KBRO 010800
CF6BRO
PRELIMINARY LOCAL CLIMATOLOGICAL DATA (WS FORM: F-6)
STATION: BROWNSVILLE
MONTH: JUNE
YEAR: 2023
LATITUDE: 25 53 N
LONGITUDE: 97 26 W
TEMPERATURE IN F: :PCPN: SNOW: WIND :SUNSHINE: SKY :PK WND
================================================================================
1 2 3 4 5 6A 6B 7 8 9 10 11 12 13 14 15 16 17 18
12Z AVG MX 2MIN
DY MAX MIN AVG DEP HDD CDD WTR SNW DPTH SPD SPD DIR MIN PSBL S-S WX SPD DR
================================================================================
1 91 74 83 -2 0 18 0.00 0.0 0 10.2 20 100 M M 3 26 140
2 90 76 83 -2 0 18 T 0.0 0 9.6 17 120 M M 5 23 100
3 92 71 82 -3 0 17 0.02 0.0 0 10.5 29 320 M M 1 3 40 330
4 93 72 83 -2 0 18 0.22 0.0 0 7.1 22 260 M M 3 13 27 250
5 93 69 81 -4 0 16 0.73 0.0 0 4.2 28 340 M M 2 13 46 360
6 91 72 82 -3 0 17 0.00 0.0 0 5.1 15 50 M M 2 21 50
7 93 73 83 -2 0 18 0.00 0.0 0 5.3 17 80 M M 2 22 70
8 94 71 83 -2 0 18 0.12 0.0 0 6.4 31 310 M M 1 13 54 300
9 96 76 86 0 0 21 0.00 0.0 0 9.1 16 150 M M 0 1 22 150
10 94 77 86 0 0 21 0.00 0.0 0 11.1 20 170 M M 1 28 190
11 95 79 87 1 0 22 0.00 0.0 0 11.3 20 170 M M 3 26 140
12 95 80 88 2 0 23 0.00 0.0 0 12.9 22 160 M M 4 1 29 170
13 95 81 88 2 0 23 0.00 0.0 0 15.8 26 180 M M 6 8 34 210
14 96 81 89 3 0 24 0.00 0.0 0 16.5 28 160 M M 0 18 37 160
15 96 83 90 4 0 25 0.00 0.0 0 16.6 24 150 M M 6 18 33 170
16 96 82 89 3 0 24 0.00 0.0 0 14.9 22 150 M M 6 18 32 140
17 95 84 90 4 0 25 0.00 0.0 0 13.6 22 150 M M 6 18 29 160
18 97 83 90 4 0 25 0.00 0.0 0 19.0 29 150 M M 4 36 180
19 99 83 91 5 0 26 0.00 0.0 0 19.8 31 190 M M 4 1 41 190
20 98 83 91 5 0 26 0.00 0.0 0 18.1 26 170 M M 4 1 36 180
21 99 82 91 5 0 26 0.00 0.0 0 16.1 28 180 M M 2 36 190
22 98 83 91 5 0 26 0.00 0.0 0 12.7 23 160 M M 3 1 34 150
23 97 82 90 4 0 25 0.00 0.0 0 13.5 23 130 M M 4 1 31 160
24 98 81 90 4 0 25 0.00 0.0 0 10.9 20 140 M M 1 27 140
25 97 82 90 4 0 25 0.00 0.0 0 12.5 22 160 M M 1 37 170
26 99 82 91 5 0 26 0.00 0.0 0 13.7 23 190 M M 0 31 140
27 99 81 90 4 0 25 0.00 0.0 0 14.2 23 150 M M 1 30 150
28 96 79 88 2 0 23 0.00 0.0 0 12.7 22 180 M M 0 29 140
29 97 78 88 2 0 23 0.00 0.0 0 12.4 23 160 M M 2 32 120
30 98 82 90 4 0 25 0.00 0.0 0 14.0 23 160 M M 2 31 160
================================================================================
SM 2867 2362 0 674 1.09 0.0 369.8 M 79
================================================================================
AV 95.6 78.7 12.3 FASTST M M 3 MAX(MPH)
MISC ----> # 31 310 54 300
================================================================================
NOTES:
# LAST OF SEVERAL OCCURRENCES
COLUMN 17 PEAK WIND IN M.P.H.
PRELIMINARY LOCAL CLIMATOLOGICAL DATA (WS FORM: F-6) , PAGE 2
STATION: BROWNSVILLE
MONTH: JUNE
YEAR: 2023
LATITUDE: 25 53 N
LONGITUDE: 97 26 W
[TEMPERATURE DATA] [PRECIPITATION DATA] SYMBOLS USED IN COLUMN 16
AVERAGE MONTHLY: 87.1 TOTAL FOR MONTH: 1.09 1 = FOG OR MIST
DPTR FM NORMAL: 1.5 DPTR FM NORMAL: -1.77 2 = FOG REDUCING VISIBILITY
HIGHEST: 99 ON 27,26 GRTST 24HR 0.95 ON 4- 5 TO 1/4 MILE OR LESS
LOWEST: 69 ON 5 3 = THUNDER
SNOW, ICE PELLETS, HAIL 4 = ICE PELLETS
TOTAL MONTH: 0.0 INCH 5 = HAIL
GRTST 24HR 0.0 6 = FREEZING RAIN OR DRIZZLE
GRTST DEPTH: 0 7 = DUSTSTORM OR SANDSTORM:
VSBY 1/2 MILE OR LESS
8 = SMOKE OR HAZE
[NO. OF DAYS WITH] [WEATHER - DAYS WITH] 9 = BLOWING SNOW
X = TORNADO
MAX 32 OR BELOW: 0 0.01 INCH OR MORE: 4
MAX 90 OR ABOVE: 30 0.10 INCH OR MORE: 3
MIN 32 OR BELOW: 0 0.50 INCH OR MORE: 1
MIN 0 OR BELOW: 0 1.00 INCH OR MORE: 0
[HDD (BASE 65) ]
TOTAL THIS MO. 0 CLEAR (SCALE 0-3) 19
DPTR FM NORMAL 0 PTCLDY (SCALE 4-7) 11
TOTAL FM JUL 1 480 CLOUDY (SCALE 8-10) 0
DPTR FM NORMAL 57
[CDD (BASE 65) ]
TOTAL THIS MO. 674
DPTR FM NORMAL 56 [PRESSURE DATA]
TOTAL FM JAN 1 2092 HIGHEST SLP M ON M
DPTR FM NORMAL 171 LOWEST SLP 29.62 ON 14
[REMARKS]
#FINAL-06-23#