000
CXUS54 KBRO 010730
CLMBRO
CLIMATE REPORT
NATIONAL WEATHER SERVICE BROWNSVILLE, TX
130 AM CST MON JAN 01 2024
...................................
...THE BROWNSVILLE CLIMATE SUMMARY FOR THE MONTH OF DECEMBER 2023...
CLIMATE NORMAL PERIOD 1991 TO 2020
CLIMATE RECORD PERIOD 1878 TO 2023
WEATHER OBSERVED NORMAL DEPART LAST YEAR`S
VALUE DATE(S) VALUE FROM VALUE DATE(S)
NORMAL
................................................................
TEMPERATURE (F)
HIGHEST 84 12/09 85 -1 84 12/03
12/24
12/10
12/13
LOWEST 40 12/11 35 5 27 12/23
AVG. MAXIMUM 76.0 74.2 1.8 73.4
AVG. MINIMUM 57.2 54.7 2.5 55.4
MEAN 66.6 64.4 2.2 64.4
DAYS MAX >= 90 0 0.1 -0.1 0
DAYS MAX <= 32 0 0.0 0.0 0
DAYS MIN <= 32 0 0.2 -0.2 2
DAYS MIN <= 0 0 0.0 0.0 0
PRECIPITATION (INCHES)
TOTALS 0.10 1.21 -1.11 0.25
DAILY AVG. 0.00 0.04 -0.04 0.01
DAYS >= .01 6 7.5 -1.5 4
DAYS >= .10 0 2.8 -2.8 1
DAYS >= .50 0 0.5 -0.5 0
DAYS >= 1.00 0 0.1 -0.1 0
GREATEST
24 HR. TOTAL 0.05 12/13 TO 12/14
STORM TOTAL 0.04
(MM/DD(HH))
SNOWFALL (INCHES)
TOTALS 0.0 0.0 0.0 0.0
SINCE 7/1 0.0 0.0 0.0
DEGREE DAYS
HEATING TOTAL 52 123 -71 152
SINCE 7/1 107 171 -64 MM
COOLING TOTAL 108 106 2 141
SINCE 1/1 5034 4544 490 MM
................................................................
WIND (MPH)
AVERAGE WIND SPEED 6.8
HIGHEST WIND SPEED/DIRECTION 31/180 DATE 12/08
HIGHEST GUST SPEED/DIRECTION 52/180 DATE 12/08
SKY COVER
POSSIBLE SUNSHINE (PERCENT) MM
AVERAGE SKY COVER 0.36
NUMBER OF DAYS FAIR 17
NUMBER OF DAYS PC 9
NUMBER OF DAYS CLOUDY 5
AVERAGE RH (PERCENT) 77
WEATHER CONDITIONS. NUMBER OF DAYS WITH
THUNDERSTORM 0 MIXED PRECIP 0
HEAVY RAIN 0 RAIN 0
LIGHT RAIN 8 FREEZING RAIN 0
LT FREEZING RAIN 0 HAIL 0
HEAVY SNOW 0 SNOW 0
LIGHT SNOW 0 SLEET 0
FOG 22 FOG W/VIS <= 1/4 MILE 4
HAZE 6
- INDICATES NEGATIVE NUMBERS.
R INDICATES RECORD WAS SET OR TIED.
MM INDICATES DATA IS MISSING.
T INDICATES TRACE AMOUNT.
$$