000
CXAK56 PAFG 011016
CF6BRW
PRELIMINARY LOCAL CLIMATOLOGICAL DATA (WS FORM: F-6)
STATION: UTQIAGVIK (BARROW) AK
MONTH: DECEMBER
YEAR: 2022
LATITUDE: 71 17 N
LONGITUDE: 156 47 W
TEMPERATURE IN F: :PCPN: SNOW: WIND :SUNSHINE: SKY :PK WND
================================================================================
1 2 3 4 5 6A 6B 7 8 9 10 11 12 13 14 15 16 17 18
12Z AVG MX 2MIN
DY MAX MIN AVG DEP HDD CDD WTR SNW DPTH SPD SPD DIR MIN PSBL S-S WX SPD DR
================================================================================
1 28 16 22 23 43 0 0.14 M M 11.3 20 180 M M 10 16 23 140
2 32 28 30 32 35 0 0.10 M M 26.8 35 240 M M 10 16 43 240
3 28 0 14 16 51 0 T M M 14.2 26 310 M M 5 1 30 320
4 21 12 17 19 48 0 0.02 M M 27.7 38 120 M M 8 189 51 120
5 40 10 25 28 40 0 T M M 21.9 39 180 M M 5 18 50 120
6 20 4 12 15 53 0 0.02 M M 16.9 24 90 M M 6 1 29 90
7 15 11 13 16 52 0 0.10 M M 18.3 24 90 M M 10 1 29 90
8 13 6 10 14 55 0 0.12 M M 8.7 14 70 M M 10 1 16 70
9 18 -1 9 13 56 0 0.01 M M 13.7 26 240 M M 9 189 30 270
10 17 -10 4 8 61 0 T M M 15.7 26 110 M M 7 189 34 100
11 10 4 7 12 58 0 0.00 M M 22.8 31 110 M M 1 18 37 100
12 20 4 12 17 53 0 0.03 M M 15.8 28 270 M M 9 189 32 260
13 14 4 9 14 56 0 T M M 14.6 23 260 M M 8 189 25 240
14 9 -8 1 7 64 0 0.01 M M 18.0 33 240 M M 9 1289 38 240
15 11 1 6 12 59 0 T M M 13.7 28 280 M M 10 189 33 280
16 1 -18 -8 -2 73 0 T M M 11.1 24 270 M M 4 189 28 290
17 -2 -19 -10 -4 75 0 0.00 M M 10.8 21 120 M M 4 23 130
18 12 -12 0 7 65 0 0.01 M M 8.0 14 210 M M 5 12 17 200
19 10 5 8 15 57 0 T M M 9.4 15 30 M M 10 18 20 30
20 9 -16 -3 4 68 0 0.00 M M 9.4 18 30 M M 6 18 26 30
21 11 -19 -4 3 69 0 0.00 M M 13.7 25 260 M M 5 18 32 260
22 16 5 11 19 54 0 T M M 15.5 23 100 M M 10 1 29 90
23 17 2 10 18 55 0 T M M 6.1 12 40 M M 9 1 16 30
24 17 -11 3 11 62 0 T M M 9.2 15 120 M M 7 18 22 110
25 -10 -20 -15 -7 80 0 0.00 M M 6.4 12 90 M M 3 18 12 50
26 -6 -14 -10 -2 75 0 0.00 M M 15.9 22 60 M M 0 26 60
27 -5 -9 -7 2 72 0 0.00 M M 18.8 24 60 M M 0 29 50
28 -7 -13 -10 -1 75 0 0.00 M M 18.4 24 60 M M 1 18 28 60
29 -1 -13 -7 2 72 0 T M M 16.0 21 70 M M 9 18 25 70
30 2 -2 0 9 65 0 0.01 M M 10.4 16 70 M M 10 1 18 80
31 6 -1 3 12 62 0 0.03 M M 6.6 13 90 M M 10 18 15 90
================================================================================
SM 366 -74 1863 0 0.60 M 445.8 M 210
================================================================================
AV 11.8 -2.4 14.4 FASTST M M 7 MAX(MPH)
MISC ----> 39 180 51 120
================================================================================
NOTES:
# LAST OF SEVERAL OCCURRENCES
COLUMN 17 PEAK WIND IN M.P.H.
PRELIMINARY LOCAL CLIMATOLOGICAL DATA (WS FORM: F-6) , PAGE 2
STATION: UTQIAGVIK (BARROW) AK
MONTH: DECEMBER
YEAR: 2022
LATITUDE: 71 17 N
LONGITUDE: 156 47 W
[TEMPERATURE DATA] [PRECIPITATION DATA] SYMBOLS USED IN COLUMN 16
AVERAGE MONTHLY: 4.7 TOTAL FOR MONTH: 0.60 1 = FOG OR MIST
DPTR FM NORMAL: 10.5 DPTR FM NORMAL: 0.38 2 = FOG REDUCING VISIBILITY
HIGHEST: 40 ON 5 GRTST 24HR 0.23 ON 1- 2 TO 1/4 MILE OR LESS
LOWEST: -20 ON 25 3 = THUNDER
SNOW, ICE PELLETS, HAIL 4 = ICE PELLETS
TOTAL MONTH: M 5 = HAIL
GRTST 24HR M ON M 6 = FREEZING RAIN OR DRIZZLE
GRTST DEPTH: M ON M 7 = DUSTSTORM OR SANDSTORM:
VSBY 1/2 MILE OR LESS
8 = SMOKE OR HAZE
[NO. OF DAYS WITH] [WEATHER - DAYS WITH] 9 = BLOWING SNOW
X = TORNADO
MAX 32 OR BELOW: 30 0.01 INCH OR MORE: 12
MAX 90 OR ABOVE: 0 0.10 INCH OR MORE: 4
MIN 32 OR BELOW: 31 0.50 INCH OR MORE: 0
MIN 0 OR BELOW: 17 1.00 INCH OR MORE: 0
[HDD (BASE 65) ]
TOTAL THIS MO. 1863 CLEAR (SCALE 0-3) 4
DPTR FM NORMAL -332 PTCLDY (SCALE 4-7) 13
TOTAL FM JUL 1 7056 CLOUDY (SCALE 8-10) 14
DPTR FM NORMAL -636
[CDD (BASE 65) ]
TOTAL THIS MO. 0
DPTR FM NORMAL 0 [PRESSURE DATA]
TOTAL FM JAN 1 0 HIGHEST SLP M ON M
DPTR FM NORMAL 0 LOWEST SLP 29.37 ON 2
[REMARKS]
#FINAL-12-22#