000
CXUS53 KGRR 020102
CLABTL
CLIMATE REPORT
NATIONAL WEATHER SERVICE GRAND RAPIDS, MICHIGAN
749 PM EST SUN JAN 01 2023
...................................
...THE BATTLE CREEK CLIMATE SUMMARY FOR THE YEAR OF 2022...
CLIMATE NORMAL PERIOD: 1991 TO 2020
CLIMATE RECORD PERIOD: 1895 TO 2022
WEATHER OBSERVED NORMAL DEPART LAST YEAR`S
VALUE DATE(S) VALUE FROM VALUE DATE(S)
NORMAL
................................................................
TEMPERATURE (F)
RECORD
HIGH 104 07/14/1936
LOW -24 02/12/1899
HIGHEST 95 06/14 MM MM 92 08/24
06/21
LOWEST -5 02/14 MM MM -12 02/17
AVG. MAXIMUM 59.0 58.5 0.5 60.6
AVG. MINIMUM 40.5 40.1 0.4 42.4
MEAN 49.8 49.3 0.5 51.5
DAYS MAX >= 90 10 10.0 0.0 12
DAYS MAX <= 32 52 49.9 2.1 36
DAYS MIN <= 32 131 130.2 0.8 132
DAYS MIN <= 0 4 5.4 -1.4 3
PRECIPITATION (INCHES)
RECORD
MAXIMUM 47.67 1985
MINIMUM 21.82 1958
TOTALS 34.01 31.52 2.49 37.06
DAILY AVG. 0.09 0.09 0.00 0.10
DAYS >= .01 132 128.8 3.2 116
DAYS >= .10 84 65.3 18.7 62
DAYS >= .50 20 20.2 -0.2 25
DAYS >= 1.00 5 5.4 -0.4 14
GREATEST
24 HR. TOTAL 2.18
DEGREE DAYS
HEATING TOTAL 6304 6409 -105 5771
SINCE 7/1 2242 2405 -163 MM
COOLING TOTAL 882 715 167 1002
SINCE 1/1 882 715 167 MM
FREEZE DATES
EARLIEST 10/08
LATEST 04/27
................................................................
WIND (MPH)
AVERAGE WIND SPEED 9.0
RESULTANT WIND SPEED/DIRECTION 4/230
HIGHEST WIND SPEED/DIRECTION 43/200 DATE 04/14
HIGHEST GUST SPEED/DIRECTION 65/240 DATE 04/14
SKY COVER
POSSIBLE SUNSHINE (PERCENT) MM
AVERAGE SKY COVER 0.50
NUMBER OF DAYS FAIR 144
NUMBER OF DAYS PC 107
NUMBER OF DAYS CLOUDY 113
AVERAGE RH (PERCENT) 69
WEATHER CONDITIONS. NUMBER OF DAYS WITH
THUNDERSTORM 28 MIXED PRECIP 0
HEAVY RAIN 37 RAIN 46
LIGHT RAIN 117 FREEZING RAIN 0
LT FREEZING RAIN 5 HAIL 0
HEAVY SNOW 7 SNOW 14
LIGHT SNOW 67 SLEET 0
FOG 182 FOG W/VIS <= 1/4 MILE 16
HAZE 80
- INDICATES NEGATIVE NUMBERS.
R INDICATES RECORD WAS SET OR TIED.
MM INDICATES DATA IS MISSING.
T INDICATES TRACE AMOUNT.
$$