000
CXUS55 KMSO 010900
CF6BTM
PRELIMINARY LOCAL CLIMATOLOGICAL DATA (WS FORM: F-6)
STATION: BUTTE MT
MONTH: MARCH
YEAR: 2022
LATITUDE: 45 57 N
LONGITUDE: 112 30 W
TEMPERATURE IN F: :PCPN: SNOW: WIND :SUNSHINE: SKY :PK WND
================================================================================
1 2 3 4 5 6A 6B 7 8 9 10 11 12 13 14 15 16 17 18
12Z AVG MX 2MIN
DY MAX MIN AVG DEP HDD CDD WTR SNW DPTH SPD SPD DIR MIN PSBL S-S WX SPD DR
================================================================================
1 48 36 42 16 23 0 0.00 M M 5.4 14 200 M M 8 26 210
2 54 33 44 18 21 0 T M M 4.2 12 130 M M 5 14 300
3 60 30 45 18 20 0 0.00 M M 3.8 20 200 M M 3 31 200
4 37 24 31 4 34 0 T M M 8.4 21 10 M M 10 18 28 10
5 30 18 24 -4 41 0 T M M 7.1 17 10 M M 9 8 24 20
6 29 11 20 -8 45 0 T M M 7.4 20 10 M M 7 26 10
7 35 5 20 -8 45 0 0.01 M M 7.2 18 20 M M 7 25 30
8 24 4 14 -15 51 0 0.04 M M 8.8 17 10 M M 10 8 24 10
9 14 -16 -1 -30 66 0 T M M 2.6 9 160 M M 4 18 16 310
10 23 -21 1 -29 64 0 0.00 M M 3.5 12 270 M M 3 8 17 270
11 39 4 22 -8 43 0 0.00 M M 4.1 16 320 M M 8 21 320
12 M M M M M M 0.00 M M 8.6 17 260 M M 2 27 250
13 M 29 M M M M 0.00 M M 7.9 21 340 M M 5 8 32 310
14 52 28 40 9 25 0 0.00 M M 7.7 21 190 M M 8 26 200
15 47 31 39 7 26 0 0.02 M M 6.0 24 300 M M 8 1 38 300
16 39 27 33 1 32 0 T M M 7.2 23 310 M M 6 33 320
17 47 21 34 2 31 0 0.00 M M 2.4 10 260 M M 0 19 250
18 47 27 37 4 28 0 T M M 5.0 20 290 M M 7 29 290
19 52 24 38 5 27 0 0.05 M M 6.7 26 180 M M 5 1 38 180
20 35 23 29 -4 36 0 0.03 M M 12.0 24 330 M M 7 18 33 310
21 42 23 33 -1 32 0 0.00 M M 9.2 22 320 M M 6 31 320
22 52 28 40 6 25 0 0.00 M M 6.1 16 320 M M 5 21 330
23 63 27 45 11 20 0 0.00 M M 4.3 14 240 M M 0 22 210
24 57 30 44 10 21 0 0.00 M M 9.1 24 310 M M 2 33 310
25 59 27 43 8 22 0 0.00 M M 3.6 17 270 M M 1 26 290
26 60 28 44 9 21 0 0.00 M M 4.8 18 270 M M 1 24 270
27 65 27 46 11 19 0 0.00 M M 3.9 17 320 M M 2 24 300
28 62 36 49 14 16 0 T M M 6.2 24 300 M M 2 33 300
29 42 26 34 -2 31 0 0.02 M M 7.7 20 10 M M 8 1 27 10
30 55 20 38 2 27 0 0.00 M M 6.9 21 310 M M 1 29 310
31 41 25 33 -3 32 0 0.00 M M 10.8 24 310 M M 6 31 310
================================================================================
SM 1310 635 924 0 0.17 M 198.6 M 156
================================================================================
AV 45.2 21.2 6.4 FASTST M M 5 MAX(MPH)
MISC ----> 26 180 # 38 300
================================================================================
NOTES:
# LAST OF SEVERAL OCCURRENCES
COLUMN 17 PEAK WIND IN M.P.H.
PRELIMINARY LOCAL CLIMATOLOGICAL DATA (WS FORM: F-6) , PAGE 2
STATION: BUTTE MT
MONTH: MARCH
YEAR: 2022
LATITUDE: 45 57 N
LONGITUDE: 112 30 W
[TEMPERATURE DATA] [PRECIPITATION DATA] SYMBOLS USED IN COLUMN 16
AVERAGE MONTHLY: 33.2 TOTAL FOR MONTH: 0.17 1 = FOG OR MIST
DPTR FM NORMAL: 1.6 DPTR FM NORMAL: -0.47 2 = FOG REDUCING VISIBILITY
HIGHEST: 65 ON 27 GRTST 24HR 0.08 ON 19-20 TO 1/4 MILE OR LESS
LOWEST: -21 ON 10 3 = THUNDER
SNOW, ICE PELLETS, HAIL 4 = ICE PELLETS
TOTAL MONTH: M 5 = HAIL
GRTST 24HR M ON M 6 = FREEZING RAIN OR DRIZZLE
GRTST DEPTH: M ON M 7 = DUSTSTORM OR SANDSTORM:
VSBY 1/2 MILE OR LESS
8 = SMOKE OR HAZE
[NO. OF DAYS WITH] [WEATHER - DAYS WITH] 9 = BLOWING SNOW
X = TORNADO
MAX 32 OR BELOW: 5 0.01 INCH OR MORE: 6
MAX 90 OR ABOVE: 0 0.10 INCH OR MORE: 0
MIN 32 OR BELOW: 27 0.50 INCH OR MORE: 0
MIN 0 OR BELOW: 2 1.00 INCH OR MORE: 0
[HDD (BASE 65) ]
TOTAL THIS MO. 924 CLEAR (SCALE 0-3) 10
DPTR FM NORMAL -113 PTCLDY (SCALE 4-7) 16
TOTAL FM JUL 1 6802 CLOUDY (SCALE 8-10) 5
DPTR FM NORMAL -711
[CDD (BASE 65) ]
TOTAL THIS MO. 0
DPTR FM NORMAL 0 [PRESSURE DATA]
TOTAL FM JAN 1 0 HIGHEST SLP M ON M
DPTR FM NORMAL 0 LOWEST SLP 29.49 ON 28
[REMARKS]
#FINAL-03-22#