000
CXUS56 KLOX 011255
CF6BUR
PRELIMINARY LOCAL CLIMATOLOGICAL DATA (WS FORM: F-6)
STATION: HOLLYWOOD/BURBANK AIRPORT CA
MONTH: DECEMBER
YEAR: 2022
LATITUDE: 34 12 N
LONGITUDE: 118 22 W
TEMPERATURE IN F: :PCPN: SNOW: WIND :SUNSHINE: SKY :PK WND
================================================================================
1 2 3 4 5 6A 6B 7 8 9 10 11 12 13 14 15 16 17 18
12Z AVG MX 2MIN
DY MAX MIN AVG DEP HDD CDD WTR SNW DPTH SPD SPD DIR MIN PSBL S-S WX SPD DR
================================================================================
1 56 51 54 -2 11 0 0.02 M M 8.2 16 130 M M 10 1 21 130
2 59 50 55 -1 10 0 0.11 M M 6.6 14 150 M M 10 1 20 110
3 70 50 60 4 5 0 0.00 M M 2.4 10 180 M M 1 1 14 190
4 60 52 56 0 9 0 0.01 M M 2.3 8 170 M M 9 18 13 90
5 62 48 55 -1 10 0 0.00 M M 2.5 10 180 M M 5 1 15 150
6 60 47 54 -1 11 0 0.00 M M 3.2 12 140 M M 4 18 100
7 59 42 51 -4 14 0 0.00 M M 2.0 10 170 M M 1 14 200
8 63 40 52 -3 13 0 0.00 M M 3.6 12 200 M M 0 15 200
9 62 39 51 -4 14 0 0.00 M M 2.1 10 180 M M 0 16 160
10 61 41 51 -4 14 0 0.04 M M 5.6 18 110 M M 6 1 25 120
11 58 44 51 -4 14 0 1.21 M M 9.4 30 150 M M 6 18 39 160
12 54 43 49 -6 16 0 0.17 M M 4.1 13 120 M M 5 1 21 120
13 58 37 48 -7 17 0 0.00 M M 3.1 14 200 M M 0 16 190
14 61 37 49 -6 16 0 0.00 M M 2.1 10 200 M M 0 12 200
15 60 40 50 -5 15 0 0.00 M M 1.5 7 290 M M 0 9 310
16 65 44 55 0 10 0 0.00 M M 1.8 9 330 M M 0 12 330
17 63 39 51 -4 14 0 0.00 M M 3.1 10 320 M M 0 12 340
18 64 37 51 -4 14 0 0.00 M M 2.3 10 180 M M 0 14 170
19 65 36 51 -4 14 0 0.00 M M 2.4 8 310 M M 0 13 110
20 69 41 55 0 10 0 0.00 M M 1.6 8 120 M M 0 8 16 230
21 74 41 58 3 7 0 0.00 M M 2.5 9 300 M M 0 12 330
22 69 45 57 2 8 0 0.00 M M 1.5 7 340 M M 0 9 320
23 70 44 57 2 8 0 0.00 M M 2.6 8 140 M M 0 11 110
24 81 45 63 8 2 0 0.00 M M 2.3 10 310 M M 0 13 310
25 83 50 67 12 0 2 0.00 M M 2.3 12 330 M M 0 15 330
26 79 51 65 10 0 0 0.00 M M 2.5 12 330 M M 0 14 310
27 63 52 58 3 7 0 0.32 M M 3.2 13 140 M M 6 1 16 140
28 62 48 55 0 10 0 0.02 M M 4.4 13 140 M M 5 1 17 140
29 56 52 54 -1 11 0 0.05 M M 4.2 13 140 M M 9 1 16 130
30 58 53 56 1 9 0 0.02 M M 3.6 9 140 M M 10 18 14 120
31 57 54 56 0 9 0 0.71 M M 11.9 25 160 M M 10 1 33 140
================================================================================
SM 1981 1393 322 2 2.68 M 110.9 M 97
================================================================================
AV 63.9 44.9 3.6 FASTST M M 3 MAX(MPH)
MISC ----> 30 150 39 160
================================================================================
NOTES:
# LAST OF SEVERAL OCCURRENCES
COLUMN 17 PEAK WIND IN M.P.H.
PRELIMINARY LOCAL CLIMATOLOGICAL DATA (WS FORM: F-6) , PAGE 2
STATION: HOLLYWOOD/BURBANK AIRPORT CA
MONTH: DECEMBER
YEAR: 2022
LATITUDE: 34 12 N
LONGITUDE: 118 22 W
[TEMPERATURE DATA] [PRECIPITATION DATA] SYMBOLS USED IN COLUMN 16
AVERAGE MONTHLY: 54.4 TOTAL FOR MONTH: 2.68 1 = FOG OR MIST
DPTR FM NORMAL: -0.7 DPTR FM NORMAL: 0.66 2 = FOG REDUCING VISIBILITY
HIGHEST: 83 ON 25 GRTST 24HR 1.25 ON 10-11 TO 1/4 MILE OR LESS
LOWEST: 36 ON 19 3 = THUNDER
SNOW, ICE PELLETS, HAIL 4 = ICE PELLETS
TOTAL MONTH: M 5 = HAIL
GRTST 24HR M ON M 6 = FREEZING RAIN OR DRIZZLE
GRTST DEPTH: M ON M 7 = DUSTSTORM OR SANDSTORM:
VSBY 1/2 MILE OR LESS
8 = SMOKE OR HAZE
[NO. OF DAYS WITH] [WEATHER - DAYS WITH] 9 = BLOWING SNOW
X = TORNADO
MAX 32 OR BELOW: 0 0.01 INCH OR MORE: 11
MAX 90 OR ABOVE: 0 0.10 INCH OR MORE: 5
MIN 32 OR BELOW: 0 0.50 INCH OR MORE: 2
MIN 0 OR BELOW: 0 1.00 INCH OR MORE: 1
[HDD (BASE 65) ]
TOTAL THIS MO. 322 CLEAR (SCALE 0-3) 18
DPTR FM NORMAL 15 PTCLDY (SCALE 4-7) 7
TOTAL FM JUL 1 498 CLOUDY (SCALE 8-10) 6
DPTR FM NORMAL -1
[CDD (BASE 65) ]
TOTAL THIS MO. 2
DPTR FM NORMAL 0 [PRESSURE DATA]
TOTAL FM JAN 1 2374 HIGHEST SLP 30.30 ON 8
DPTR FM NORMAL 893 LOWEST SLP 29.68 ON 31
[REMARKS]
#FINAL-12-22#