000
CXUS54 KTSA 010850
CF6BVO
PRELIMINARY LOCAL CLIMATOLOGICAL DATA (WS FORM: F-6)
STATION: BARTLESVILLE OKLAHOMA
MONTH: APRIL
YEAR: 2022
LATITUDE: 36 45 N
LONGITUDE: 96 0 W
TEMPERATURE IN F: :PCPN: SNOW: WIND :SUNSHINE: SKY :PK WND
================================================================================
1 2 3 4 5 6A 6B 7 8 9 10 11 12 13 14 15 16 17 18
12Z AVG MX 2MIN
DY MAX MIN AVG DEP HDD CDD WTR SNW DPTH SPD SPD DIR MIN PSBL S-S WX SPD DR
================================================================================
1 65 25 45 -9 20 0 0.03 0.0 M 5.8 17 130 M M 2 1 24 120
2 70 39 55 1 10 0 0.06 0.0 M 3.7 15 40 M M 3 12 20 40
3 77 36 57 3 8 0 0.06 0.0 M 8.0 25 140 M M 4 13 33 140
4 68 51 60 5 5 0 0.08 0.0 M 6.6 15 100 M M 8 13 23 130
5 76 50 63 8 2 0 0.00 0.0 M 10.6 31 10 M M 6 1 47 10
6 69 42 56 1 9 0 0.00 0.0 M 9.0 23 10 M M 4 36 280
7 60 40 50 -6 15 0 0.00 0.0 M 8.1 20 360 M M 5 34 290
8 60 29 45 -11 20 0 0.00 0.0 M 6.8 13 340 M M 1 8 36 350
9 77 24 51 -5 14 0 0.00 0.0 M 7.8 24 160 M M 0 32 170
10 84 55 70 14 0 5 0.23 0.0 M 11.1 26 200 M M 1 138 43 200
11 70 52 61 4 4 0 0.22 0.0 M 7.4 20 70 M M 5 13 29 80
12 84 51 68 11 0 3 0.00 0.0 M 16.3 33 170 M M 6 1 46 160
13 71 32 52 -5 13 0 T 0.0 M 7.9 24 10 M M 4 38 360
14 69 26 48 -10 17 0 0.00 0.0 M 6.0 17 190 M M 0 28 180
15 84 41 63 5 2 0 0.00 0.0 M 9.4 29 210 M M 1 8 40 220
16 58 47 53 -5 12 0 0.00 0.0 M 15.1 26 20 M M 10 38 20
17 54 43 49 -9 16 0 0.00 0.0 M 10.5 21 10 M M 10 18 26 360
18 64 34 49 -10 16 0 0.00 0.0 M 8.3 18 20 M M 3 25 40
19 68 30 49 -10 16 0 0.02 0.0 M 10.3 29 160 M M 4 3 37 160
20 72 52 62 3 3 0 T 0.0 M 13.4 31 170 M M 8 12 43 160
21 82 53 68 8 0 3 0.02 0.0 M 11.2 29 160 M M 9 1 39 140
22 80 70 75 15 0 10 0.00 0.0 M 18.3 28 160 M M 8 44 170
23 78 64 71 11 0 6 0.47 0.0 M 16.3 28 180 M M 6 13 47 190
24 70 49 60 0 5 0 0.13 0.0 M 5.2 18 360 M M 7 1 30 10
25 68 42 55 -6 10 0 0.00 0.0 M 8.2 21 10 M M 1 31 10
26 69 33 51 -10 14 0 0.00 0.0 M 3.4 13 130 M M 0 17 120
27 77 36 57 -4 8 0 0.00 0.0 M 9.9 25 160 M M 1 36 160
28 75 63 69 7 0 4 0.00 0.0 M 10.8 20 170 M M 6 31 180
29 80 64 72 10 0 7 0.00 0.0 M 16.8 31 160 M M 7 3 46 170
30 76 46 61 -1 4 0 0.51 0.0 M 5.1 16 260 M M 1 13 28 240
================================================================================
SM 2155 1319 243 38 1.83 0.0 287.3 M 131
================================================================================
AV 71.8 44.0 9.6 FASTST M M 4 MAX(MPH)
MISC ----> 33 170 # 47 10
================================================================================
NOTES:
# LAST OF SEVERAL OCCURRENCES
COLUMN 17 PEAK WIND IN M.P.H.
PRELIMINARY LOCAL CLIMATOLOGICAL DATA (WS FORM: F-6) , PAGE 2
STATION: BARTLESVILLE OKLAHOMA
MONTH: APRIL
YEAR: 2022
LATITUDE: 36 45 N
LONGITUDE: 96 0 W
[TEMPERATURE DATA] [PRECIPITATION DATA] SYMBOLS USED IN COLUMN 16
AVERAGE MONTHLY: 57.9 TOTAL FOR MONTH: 1.83 1 = FOG OR MIST
DPTR FM NORMAL: -0.2 DPTR FM NORMAL: -2.46 2 = FOG REDUCING VISIBILITY
HIGHEST: 84 ON 15,12 GRTST 24HR 0.60 ON 23-24 TO 1/4 MILE OR LESS
LOWEST: 24 ON 9 3 = THUNDER
SNOW, ICE PELLETS, HAIL 4 = ICE PELLETS
TOTAL MONTH: 0.0 INCH 5 = HAIL
GRTST 24HR 0.0 6 = FREEZING RAIN OR DRIZZLE
GRTST DEPTH: M ON M 7 = DUSTSTORM OR SANDSTORM:
VSBY 1/2 MILE OR LESS
8 = SMOKE OR HAZE
[NO. OF DAYS WITH] [WEATHER - DAYS WITH] 9 = BLOWING SNOW
X = TORNADO
MAX 32 OR BELOW: 0 0.01 INCH OR MORE: 11
MAX 90 OR ABOVE: 0 0.10 INCH OR MORE: 5
MIN 32 OR BELOW: 6 0.50 INCH OR MORE: 1
MIN 0 OR BELOW: 0 1.00 INCH OR MORE: 0
[HDD (BASE 65) ]
TOTAL THIS MO. 243 CLEAR (SCALE 0-3) 12
DPTR FM NORMAL 3 PTCLDY (SCALE 4-7) 15
TOTAL FM JUL 1 3687 CLOUDY (SCALE 8-10) 3
DPTR FM NORMAL -379
[CDD (BASE 65) ]
TOTAL THIS MO. 38
DPTR FM NORMAL 6 [PRESSURE DATA]
TOTAL FM JAN 1 44 HIGHEST SLP 30.47 ON 26
DPTR FM NORMAL 4 LOWEST SLP 29.37 ON 12
[REMARKS]
#FINAL-04-22#