000
CXUS55 KPIH 011921
CF6BYI
PRELIMINARY LOCAL CLIMATOLOGICAL DATA (WS FORM: F-6)
STATION: BURLEY
MONTH: JANUARY
YEAR: 2024
LATITUDE: 42 32 N
LONGITUDE: 113 46 W
TEMPERATURE IN F: :PCPN: SNOW: WIND :SUNSHINE: SKY :PK WND
================================================================================
1 2 3 4 5 6A 6B 7 8 9 10 11 12 13 14 15 16 17 18
12Z AVG MX 2MIN
DY MAX MIN AVG DEP HDD CDD WTR SNW DPTH SPD SPD DIR MIN PSBL S-S WX SPD DR
================================================================================
1 40 18 29 1 36 0 0.00 M M 1.8 8 60 M M 0 1 12 50
2 43 18 31 3 34 0 0.00 M M 4.4 12 60 M M 0 1 15 60
3 38 26 32 4 33 0 T M M 8.1 16 50 M M 7 1 21 50
4 36 30 33 5 32 0 0.04 M M 10.0 17 240 M M 8 1 27 260
5 35 27 31 3 34 0 0.01 M M 15.0 24 260 M M 6 1 41 280
6 35 26 31 3 34 0 T M M 15.2 31 210 M M 6 1 43 190
7 30 22 26 -2 39 0 0.01 M M 14.2 24 260 M M 8 1 38 270
8 30 20 25 -4 40 0 T M M 11.4 21 240 M M 6 1 26 240
9 46 28 37 8 28 0 0.05 M M 21.4 39 280 M M 8 1238 66 290
10 32 21 27 -2 38 0 0.04 M M 15.8 29 260 M M 4 12 44 270
11 29 21 25 -4 40 0 T M M 16.3 28 210 M M 8 1 39 270
12 33 18 26 -3 39 0 0.04 M M 21.9 41 250 M M 10 12 64 240
13 18 10 14 -15 51 0 0.08 M M 14.5 28 250 M M 9 12 41 250
14 25 11 18 -11 47 0 0.02 M M 8.7 24 250 M M 9 18 33 250
15 23 -8 8 -21 57 0 T M M 7.0 23 250 M M 4 18 29 250
16 14 -9 3 -26 62 0 0.00 M M 7.9 16 50 M M 2 22 50
17 42 14 28 -1 37 0 0.31 M M 7.4 26 250 M M 8 12 40 260
18 41 33 37 8 28 0 T M M 7.7 23 240 M M 6 33 260
19 37 32 35 6 30 0 0.00 M M 9.2 20 60 M M 8 26 60
20 44 27 36 7 29 0 0.09 M M 7.5 23 190 M M 5 1 31 200
21 44 26 35 5 30 0 0.01 M M 3.9 13 240 M M 7 16 17 230
22 45 28 37 7 28 0 0.02 M M 5.2 18 180 M M 7 27 170
23 37 34 36 6 29 0 0.09 M M 3.3 9 50 M M 10 1 13 50
24 42 27 35 5 30 0 0.00 M M 5.6 16 200 M M 6 12 21 210
25 38 34 36 6 29 0 0.09 M M 7.7 15 240 M M 9 12 22 260
26 41 30 36 6 29 0 0.00 M M 4.5 15 250 M M 4 18 250
27 45 31 38 8 27 0 0.00 M M 2.9 10 20 M M 10 14 30
28 50 31 41 11 24 0 0.00 M M 5.3 14 50 M M 5 19 50
29 50 31 41 11 24 0 0.00 M M 11.0 17 50 M M 0 23 70
30 52 32 42 12 23 0 0.00 M M 9.2 16 60 M M 0 23 60
31 58 30 44 14 21 0 0.00 M M 5.3 13 50 M M 0 17 40
================================================================================
SM 1173 719 1062 0 0.90 M 289.3 M 180
================================================================================
AV 37.8 23.2 9.3 FASTST M M 6 MAX(MPH)
MISC ----> 41 250 66 290
================================================================================
NOTES:
# LAST OF SEVERAL OCCURRENCES
COLUMN 17 PEAK WIND IN M.P.H.
PRELIMINARY LOCAL CLIMATOLOGICAL DATA (WS FORM: F-6) , PAGE 2
STATION: BURLEY
MONTH: JANUARY
YEAR: 2024
LATITUDE: 42 32 N
LONGITUDE: 113 46 W
[TEMPERATURE DATA] [PRECIPITATION DATA] SYMBOLS USED IN COLUMN 16
AVERAGE MONTHLY: 30.5 TOTAL FOR MONTH: 0.90 1 = FOG OR MIST
DPTR FM NORMAL: 1.3 DPTR FM NORMAL: -0.15 2 = FOG REDUCING VISIBILITY
HIGHEST: 58 ON 31 GRTST 24HR 0.31 ON 17-17 TO 1/4 MILE OR LESS
LOWEST: -9 ON 16 3 = THUNDER
SNOW, ICE PELLETS, HAIL 4 = ICE PELLETS
TOTAL MONTH: M 5 = HAIL
GRTST 24HR M ON M 6 = FREEZING RAIN OR DRIZZLE
GRTST DEPTH: M ON M 7 = DUSTSTORM OR SANDSTORM:
VSBY 1/2 MILE OR LESS
8 = SMOKE OR HAZE
[NO. OF DAYS WITH] [WEATHER - DAYS WITH] 9 = BLOWING SNOW
X = TORNADO
MAX 32 OR BELOW: 8 0.01 INCH OR MORE: 14
MAX 90 OR ABOVE: 0 0.10 INCH OR MORE: 1
MIN 32 OR BELOW: 28 0.50 INCH OR MORE: 0
MIN 0 OR BELOW: 2 1.00 INCH OR MORE: 0
[HDD (BASE 65) ]
TOTAL THIS MO. 1062 CLEAR (SCALE 0-3) 6
DPTR FM NORMAL -48 PTCLDY (SCALE 4-7) 17
TOTAL FM JUL 1 3495 CLOUDY (SCALE 8-10) 8
DPTR FM NORMAL -235
[CDD (BASE 65) ]
TOTAL THIS MO. 0
DPTR FM NORMAL 0 [PRESSURE DATA]
TOTAL FM JAN 1 0 HIGHEST SLP 30.54 ON 16
DPTR FM NORMAL 0 LOWEST SLP 29.56 ON 10
[REMARKS]
#FINAL-01-24#