000
CXUS55 KPIH 011731
CF6BYI
PRELIMINARY LOCAL CLIMATOLOGICAL DATA (WS FORM: F-6)
STATION: BURLEY
MONTH: OCTOBER
YEAR: 2021
LATITUDE: 42 32 N
LONGITUDE: 113 46 W
TEMPERATURE IN F: :PCPN: SNOW: WIND :SUNSHINE: SKY :PK WND
================================================================================
1 2 3 4 5 6A 6B 7 8 9 10 11 12 13 14 15 16 17 18
12Z AVG MX 2MIN
DY MAX MIN AVG DEP HDD CDD WTR SNW DPTH SPD SPD DIR MIN PSBL S-S WX SPD DR
================================================================================
1 73 32 53 -2 12 0 0.00 M M 3.0 8 70 M M 0 14 20
2 73 33 53 -2 12 0 0.00 M M 3.4 8 260 M M 0 12 270
3 79 36 58 4 7 0 0.00 M M 2.0 7 210 M M 0 12 350
4 83 38 61 7 4 0 0.00 M M 7.0 18 200 M M 0 28 210
5 82 40 61 7 4 0 0.00 M M 8.4 26 210 M M 1 8 37 140
6 73 51 62 9 3 0 0.01 M M 8.2 18 200 M M 3 26 190
7 63 48 56 3 9 0 0.23 M M 5.0 20 180 M M 6 13 28 190
8 61 48 55 3 10 0 0.48 M M 5.2 17 250 M M 9 13 23 250
9 53 41 47 -5 18 0 0.03 M M 15.2 24 260 M M 9 1 40 250
10 62 35 49 -3 16 0 T M M 7.1 18 250 M M 4 24 270
11 52 34 43 -8 22 0 0.19 M M 10.2 29 270 M M 10 1 41 260
12 46 33 40 -11 25 0 T M M 10.7 17 260 M M 7 28 280
13 48 29 39 -11 26 0 T M M 10.0 17 230 M M 5 26 220
14 50 32 41 -9 24 0 0.00 M M 12.8 22 260 M M 2 34 290
15 60 30 45 -5 20 0 0.00 M M 7.8 16 210 M M 1 22 190
16 67 33 50 1 15 0 0.00 M M 8.0 15 60 M M 0 20 60
17 72 36 54 5 11 0 0.00 M M 8.7 23 210 M M 0 35 210
18 63 41 52 4 13 0 0.00 M M 4.5 13 280 M M 3 20 300
19 57 40 49 1 16 0 T M M 6.0 17 200 M M 7 23 200
20 65 36 51 3 14 0 0.00 M M 9.1 24 200 M M 0 30 200
21 73 38 56 9 9 0 0.00 M M 5.8 15 200 M M 2 22 180
22 71 40 56 9 9 0 T M M 8.5 23 290 M M 3 40 280
23 57 43 50 4 15 0 0.01 M M 9.0 16 230 M M 9 23 180
24 51 40 46 0 19 0 0.67 M M 3.6 18 200 M M 9 1 25 190
25 57 41 49 3 16 0 0.77 M M 9.2 18 250 M M 10 1 26 260
26 51 38 45 0 20 0 T M M 13.3 22 260 M M 5 37 290
27 59 36 48 3 17 0 T M M 11.5 23 260 M M 4 36 290
28 66 43 55 11 10 0 0.00 M M 7.3 17 250 M M 2 22 240
29 71 47 59 15 6 0 0.00 M M 10.8 22 200 M M 0 31 200
30 59 42 51 7 14 0 0.00 M M 2.6 10 250 M M 2 18 14 260
31 59 41 50 7 15 0 0.16 M M M M M M M 6 123 M M
================================================================================
SM 1956 1195 431 0 2.55 M 233.9 M 119
================================================================================
AV 63.1 38.5 7.8 FASTST M M 4 MAX(MPH)
MISC ----> 29 270 41 260
================================================================================
NOTES:
# LAST OF SEVERAL OCCURRENCES
COLUMN 17 PEAK WIND IN M.P.H.
31ST: WIND DATA MISSING DUE TO SENSOR FAILURE.
PRELIMINARY LOCAL CLIMATOLOGICAL DATA (WS FORM: F-6) , PAGE 2
STATION: BURLEY
MONTH: OCTOBER
YEAR: 2021
LATITUDE: 42 32 N
LONGITUDE: 113 46 W
[TEMPERATURE DATA] [PRECIPITATION DATA] SYMBOLS USED IN COLUMN 16
AVERAGE MONTHLY: 50.8 TOTAL FOR MONTH: 2.55 1 = FOG OR MIST
DPTR FM NORMAL: 1.7 DPTR FM NORMAL: 1.75 2 = FOG REDUCING VISIBILITY
HIGHEST: 83 ON 4 GRTST 24HR 1.15 ON 24-25 TO 1/4 MILE OR LESS
LOWEST: 29 ON 13 3 = THUNDER
SNOW, ICE PELLETS, HAIL 4 = ICE PELLETS
TOTAL MONTH: M 5 = HAIL
GRTST 24HR M ON M 6 = FREEZING RAIN OR DRIZZLE
GRTST DEPTH: M ON M 7 = DUSTSTORM OR SANDSTORM:
VSBY 1/2 MILE OR LESS
8 = SMOKE OR HAZE
[NO. OF DAYS WITH] [WEATHER - DAYS WITH] 9 = BLOWING SNOW
X = TORNADO
MAX 32 OR BELOW: 0 0.01 INCH OR MORE: 9
MAX 90 OR ABOVE: 0 0.10 INCH OR MORE: 6
MIN 32 OR BELOW: 4 0.50 INCH OR MORE: 2
MIN 0 OR BELOW: 0 1.00 INCH OR MORE: 0
[HDD (BASE 65) ]
TOTAL THIS MO. 431 CLEAR (SCALE 0-3) 16
DPTR FM NORMAL -61 PTCLDY (SCALE 4-7) 9
TOTAL FM JUL 1 597 CLOUDY (SCALE 8-10) 6
DPTR FM NORMAL -88
[CDD (BASE 65) ]
TOTAL THIS MO. 0
DPTR FM NORMAL -1 [PRESSURE DATA]
TOTAL FM JAN 1 732 HIGHEST SLP 30.40 ON 15
DPTR FM NORMAL 240 LOWEST SLP 29.46 ON 25
[REMARKS]
8TH: RAINFALL OF 0.48 BREAKS OLD RECORD OF 0.25 SET IN 1946.
25TH: RAINFALL OF 0.77 BREAKS OLD RECORD OF 0.30 SET IN 1982.
#FINAL-10-21#