000
CXUS54 KHGX 011410
CF6BYY
PRELIMINARY LOCAL CLIMATOLOGICAL DATA (WS FORM: F-6)
STATION: Bay City
MONTH: APRIL
YEAR: 2021
LATITUDE: 28 58 N
LONGITUDE: 95 52 W
TEMPERATURE IN F: :PCPN: SNOW: WIND :SUNSHINE: SKY :PK WND
================================================================================
1 2 3 4 5 6A 6B 7 8 9 10 11 12 13 14 15 16 17 18
12Z AVG MX 2MIN
DY MAX MIN AVG DEP HDD CDD WTR SNW DPTH SPD SPD DIR MIN PSBL S-S WX SPD DR
================================================================================
1 70 47 59 M 6 0 0.00 0.0 0 10.4 18 50 M M 3 32 50
2 67 43 55 M 10 0 0.00 0.0 0 7.5 16 100 M M 0 22 100
3 70 49 60 M 5 0 0.00 0.0 0 6.2 13 110 M M 5 22 120
4 75 55 65 M 0 0 0.00 0.0 0 6.1 10 150 M M 2 16 130
5 78 55 67 M 0 2 0.00 0.0 0 8.0 15 150 M M 6 1 22 150
6 78 67 73 M 0 8 0.00 0.0 0 13.1 21 160 M M 9 28 160
7 79 70 75 M 0 10 0.00 0.0 0 10.0 18 170 M M 10 1 24 150
8 83 69 76 M 0 11 T 0.0 0 5.9 12 130 M M 7 12 M M
9 80 70 75 M 0 10 0.00 0.0 0 10.9 21 170 M M 10 1 31 170
10 84 57 71 M 0 6 0.00 0.0 0 6.9 16 20 M M 5 12 22 10
11 83 54 69 M 0 4 0.00 0.0 0 7.0 14 140 M M 0 17 140
12 80 53 67 M 0 2 0.00 0.0 0 5.8 13 110 M M 10 12 17 90
13 85 70 78 M 0 13 0.06 0.0 0 5.8 15 100 M M 9 1 23 100
14 83 69 76 M 0 11 0.04 0.0 0 7.4 15 110 M M 10 1 22 110
15 73 66 70 M 0 5 0.00 0.0 0 9.4 16 90 M M 10 1 23 60
16 79 67 73 M 0 8 0.24 0.0 0 6.7 15 20 M M 10 1 20 20
17 66 55 61 M 4 0 0.08 0.0 0 12.6 20 360 M M 9 27 350
18 67 50 59 M 6 0 0.00 0.0 0 7.7 14 10 M M 5 23 10
19 73 50 62 M 3 0 0.00 0.0 0 4.3 13 130 M M 6 1 17 120
20 79 56 68 M 0 3 0.00 0.0 0 2.2 10 360 M M 4 17 0
21 71 48 60 M 5 0 0.00 0.0 0 8.4 15 10 M M 0 21 10
22 76 50 63 M 2 0 0.00 0.0 0 9.7 16 100 M M 8 23 110
23 77 67 72 M 0 7 0.56 0.0 0 13.2 21 160 M M 10 1 35 190
24 86 65 76 M 0 11 0.00 0.0 0 9.3 14 340 M M 4 1 21 330
25 80 61 71 M 0 6 0.00 0.0 0 8.3 14 120 M M 2 17 110
26 79 59 69 M 0 4 0.00 0.0 0 8.5 16 150 M M 7 1 22 150
27 80 72 76 M 0 11 0.00 0.0 0 10.5 16 160 M M 10 25 130
28 83 73 78 M 0 13 0.00 0.0 0 16.2 24 150 M M 10 18 35 160
29 82 71 77 M 0 12 0.02 0.0 0 8.4 16 160 M M 9 1 21 160
30 75 72 74 M 0 9 0.35 0.0 0 4.9 6 110 M M 10 1 M M
================================================================================
SM 2321 1810 41 166 1.35 0.0 251.3 M 200
================================================================================
AV 77.4 60.3 8.4 FASTST M M 7 MAX(MPH)
MISC ----> 24 150 # 35 190
================================================================================
NOTES:
# LAST OF SEVERAL OCCURRENCES
COLUMN 17 PEAK WIND IN M.P.H.
PRELIMINARY LOCAL CLIMATOLOGICAL DATA (WS FORM: F-6) , PAGE 2
STATION: Bay City
MONTH: APRIL
YEAR: 2021
LATITUDE: 28 58 N
LONGITUDE: 95 52 W
[TEMPERATURE DATA] [PRECIPITATION DATA] SYMBOLS USED IN COLUMN 16
AVERAGE MONTHLY: 68.9 TOTAL FOR MONTH: 1.35 1 = FOG OR MIST
DPTR FM NORMAL: 0.0 DPTR FM NORMAL: M 2 = FOG REDUCING VISIBILITY
HIGHEST: 86 ON 24 GRTST 24HR 0.56 ON 23-23 TO 1/4 MILE OR LESS
LOWEST: 43 ON 2 3 = THUNDER
SNOW, ICE PELLETS, HAIL 4 = ICE PELLETS
TOTAL MONTH: 0.0 INCH 5 = HAIL
GRTST 24HR 0.0 6 = FREEZING RAIN OR DRIZZLE
GRTST DEPTH: 0 7 = DUSTSTORM OR SANDSTORM:
VSBY 1/2 MILE OR LESS
8 = SMOKE OR HAZE
[NO. OF DAYS WITH] [WEATHER - DAYS WITH] 9 = BLOWING SNOW
X = TORNADO
MAX 32 OR BELOW: 0 0.01 INCH OR MORE: 7
MAX 90 OR ABOVE: 0 0.10 INCH OR MORE: 3
MIN 32 OR BELOW: 0 0.50 INCH OR MORE: 1
MIN 0 OR BELOW: 0 1.00 INCH OR MORE: 0
[HDD (BASE 65) ]
TOTAL THIS MO. 41 CLEAR (SCALE 0-3) 6
DPTR FM NORMAL M PTCLDY (SCALE 4-7) 10
TOTAL FM JUL 1 1220 CLOUDY (SCALE 8-10) 14
DPTR FM NORMAL M
[CDD (BASE 65) ]
TOTAL THIS MO. 166
DPTR FM NORMAL M [PRESSURE DATA]
TOTAL FM JAN 1 317 HIGHEST SLP M ON M
DPTR FM NORMAL M LOWEST SLP M ON M
[REMARKS]
#FINAL-04-21#