000
CXUS52 KCAE 011400
CF6CAE
PRELIMINARY LOCAL CLIMATOLOGICAL DATA (WS FORM: F-6)
STATION: COLUMBIA METRO AIRPORT SC
MONTH: JULY
YEAR: 2023
LATITUDE: 33 57 N
LONGITUDE: 81 7 W
TEMPERATURE IN F: :PCPN: SNOW: WIND :SUNSHINE: SKY :PK WND
================================================================================
1 2 3 4 5 6A 6B 7 8 9 10 11 12 13 14 15 16 17 18
12Z AVG MX 2MIN
DY MAX MIN AVG DEP HDD CDD WTR SNW DPTH SPD SPD DIR MIN PSBL S-S WX SPD DR
================================================================================
1 94 74 84 2 0 19 0.00 0.0 0 3.4 12 130 M M 5 18 14 130
2 95 75 85 3 0 20 T 0.0 0 5.2 16 330 M M 6 138 23 330
3 94 78 86 4 0 21 0.00 0.0 0 6.7 14 270 M M 7 18 270
4 95 76 86 4 0 21 0.00 0.0 0 5.0 15 310 M M 6 138 18 290
5 92 74 83 1 0 18 1.93 0.0 0 3.5 18 290 M M 8 138 21 300
6 91 73 82 0 0 17 0.00 0.0 0 3.5 9 300 M M 5 18 13 330
7 94 74 84 2 0 19 1.49 0.0 0 4.6 28 310 M M 5 138 38 320
8 94 72 83 1 0 18 0.00 0.0 0 3.4 15 190 M M 6 13 18 190
9 93 74 84 2 0 19 T 0.0 0 6.5 21 330 M M 5 32 320
10 79 70 75 -7 0 10 1.26 0.0 0 3.3 12 100 M M 7 13 13 100
11 91 68 80 -2 0 15 0.00 0.0 0 3.7 12 200 M M 3 18 14 210
12 92 73 83 1 0 18 0.00 0.0 0 4.3 18 170 M M 4 18 24 170
13 95 76 86 4 0 21 0.23 0.0 0 4.2 22 240 M M 6 138 29 250
14 93 76 85 3 0 20 0.00 0.0 0 5.2 15 100 M M 5 1 19 190
15 88 75 82 0 0 17 0.05 0.0 0 5.7 16 130 M M 6 13 20 130
16 94 74 84 1 0 19 0.00 0.0 0 5.2 16 330 M M 5 23 320
17 93 73 83 0 0 18 0.00 0.0 M 3.6 10 10 M M 5 14 10
18 94 73 84 1 0 19 0.00 0.0 0 3.7 9 170 M M 1 18 13 280
19 95 77 86 3 0 21 0.00 0.0 0 8.1 24 280 M M 6 18 29 270
20 96 73 85 2 0 20 T 0.0 0 7.4 28 290 M M 5 3 37 290
21 95 71 83 0 0 18 0.55 0.0 0 8.4 22 360 M M 6 138 35 360
22 91 73 82 -1 0 17 T 0.0 0 6.1 15 280 M M 6 3 20 290
23 91 72 82 0 0 17 0.00 0.0 0 5.2 16 170 M M 6 18 21 190
24 90 73 82 0 0 17 0.04 0.0 0 2.5 13 200 M M 7 1 15 200
25 94 73 84 2 0 19 0.00 0.0 0 2.9 9 170 M M 3 1 11 320
26 95 73 84 2 0 19 0.00 0.0 0 3.2 14 130 M M 3 3 17 120
27 94 73 84 2 0 19 0.00 0.0 0 3.9 14 110 M M 4 17 110
28 90 75 83 1 0 18 0.02 0.0 0 4.8 16 160 M M 6 18 21 150
29 86 76 81 -1 0 16 T 0.0 0 3.8 9 150 M M 8 1 11 150
30 96 73 85 3 0 20 0.00 0.0 0 4.8 15 280 M M 7 3 19 330
31 95 70 83 1 0 18 0.00 0.0 0 4.0 15 130 M M 4 18 130
================================================================================
SM 2869 2280 0 568 5.57 0.0 145.8 M 166
================================================================================
AV 92.5 73.5 4.7 FASTST M M 5 MAX(MPH)
MISC ----> # 28 310 38 320
================================================================================
NOTES:
# LAST OF SEVERAL OCCURRENCES
COLUMN 17 PEAK WIND IN M.P.H.
PRELIMINARY LOCAL CLIMATOLOGICAL DATA (WS FORM: F-6) , PAGE 2
STATION: COLUMBIA METRO AIRPORT SC
MONTH: JULY
YEAR: 2023
LATITUDE: 33 57 N
LONGITUDE: 81 7 W
[TEMPERATURE DATA] [PRECIPITATION DATA] SYMBOLS USED IN COLUMN 16
AVERAGE MONTHLY: 83.0 TOTAL FOR MONTH: 5.57 1 = FOG OR MIST
DPTR FM NORMAL: 0.6 DPTR FM NORMAL: 0.22 2 = FOG REDUCING VISIBILITY
HIGHEST: 96 ON 30,20 GRTST 24HR 1.93 ON 5- 5 TO 1/4 MILE OR LESS
LOWEST: 68 ON 11 3 = THUNDER
SNOW, ICE PELLETS, HAIL 4 = ICE PELLETS
TOTAL MONTH: 0.0 INCH 5 = HAIL
GRTST 24HR 0.0 6 = FREEZING RAIN OR DRIZZLE
GRTST DEPTH: 0 7 = DUSTSTORM OR SANDSTORM:
VSBY 1/2 MILE OR LESS
8 = SMOKE OR HAZE
[NO. OF DAYS WITH] [WEATHER - DAYS WITH] 9 = BLOWING SNOW
X = TORNADO
MAX 32 OR BELOW: 0 0.01 INCH OR MORE: 8
MAX 90 OR ABOVE: 28 0.10 INCH OR MORE: 5
MIN 32 OR BELOW: 0 0.50 INCH OR MORE: 4
MIN 0 OR BELOW: 0 1.00 INCH OR MORE: 3
[HDD (BASE 65) ]
TOTAL THIS MO. 0 CLEAR (SCALE 0-3) 2
DPTR FM NORMAL 0 PTCLDY (SCALE 4-7) 28
TOTAL FM JUL 1 0 CLOUDY (SCALE 8-10) 1
DPTR FM NORMAL 0
[CDD (BASE 65) ]
TOTAL THIS MO. 568
DPTR FM NORMAL 30 [PRESSURE DATA]
TOTAL FM JAN 1 1222 HIGHEST SLP 30.15 ON 28
DPTR FM NORMAL -89 LOWEST SLP 29.76 ON 9
[REMARKS]
#FINAL-07-23#