000
CXUS52 KCAE 011500
CF6CAE
PRELIMINARY LOCAL CLIMATOLOGICAL DATA (WS FORM: F-6)
STATION: COLUMBIA METRO AIRPORT SC
MONTH: DECEMBER
YEAR: 2022
LATITUDE: 33 57 N
LONGITUDE: 81 7 W
TEMPERATURE IN F: :PCPN: SNOW: WIND :SUNSHINE: SKY :PK WND
================================================================================
1 2 3 4 5 6A 6B 7 8 9 10 11 12 13 14 15 16 17 18
12Z AVG MX 2MIN
DY MAX MIN AVG DEP HDD CDD WTR SNW DPTH SPD SPD DIR MIN PSBL S-S WX SPD DR
================================================================================
1 59 30 45 -5 20 0 0.00 0.0 0 3.2 10 40 M M 3 1 13 30
2 64 29 47 -3 18 0 0.00 0.0 0 1.9 9 110 M M 3 11 110
3 72 48 60 10 5 0 T M 0 4.3 18 290 M M 8 1 22 210
4 64 52 58 8 7 0 0.00 0.0 0 4.0 12 70 M M 8 1 15 70
5 53 47 50 1 15 0 0.43 0.0 0 5.6 12 80 M M 10 18 14 100
6 57 47 52 3 13 0 0.45 0.0 0 1.1 6 310 M M 10 12 10 40
7 72 54 63 14 2 0 0.00 0.0 0 3.4 13 260 M M 8 128 16 260
8 69 59 64 15 1 0 T 0.0 0 1.4 8 360 M M 8 12 10 310
9 63 51 57 8 8 0 0.17 0.0 0 6.2 16 70 M M 10 1 20 70
10 55 46 51 3 14 0 0.03 0.0 0 4.6 10 60 M M 10 1 14 60
11 53 47 50 2 15 0 0.09 0.0 M 1.6 9 160 M M 9 1 11 360
12 60 40 50 2 15 0 0.00 0.0 M 3.2 15 70 M M 5 12 18 70
13 53 38 46 -2 19 0 0.00 0.0 M 6.0 15 70 M M 2 20 70
14 49 38 44 -4 21 0 0.06 0.0 0 5.6 12 70 M M 10 18 14 70
15 68 38 53 5 12 0 0.64 0.0 0 7.3 23 290 M M 7 1 29 280
16 57 35 46 -2 19 0 0.00 M 0 9.1 22 250 M M 0 1 27 270
17 53 36 45 -2 20 0 0.00 0.0 0 6.8 14 250 M M 6 20 230
18 52 27 40 -7 25 0 0.00 0.0 0 5.8 14 280 M M 0 18 290
19 51 24 38 -9 27 0 0.00 0.0 0 1.4 9 100 M M 5 15 350
20 45 37 41 -6 24 0 0.24 0.0 0 5.1 12 60 M M 10 18 14 50
21 43 36 40 -7 25 0 0.23 0.0 0 7.2 14 60 M M 10 18 18 60
22 46 40 43 -4 22 0 0.57 0.0 0 7.6 16 310 M M 10 13 24 300
23 53 18 36 -11 29 0 T 0.0 0 21.7 40 260 M M 4 1 51 250
24 28 12 20 -26 45 0 0.00 0.0 0 12.0 23 280 M M 2 29 270
25 40 18 29 -17 36 0 0.00 0.0 0 6.2 15 280 M M 0 17 280
26 46 14 30 -16 35 0 0.00 0.0 0 2.3 9 130 M M 2 12 110
27 53 22 38 -8 27 0 0.00 0.0 0 1.6 8 110 M M 3 10 100
28 59 23 41 -5 24 0 0.00 0.0 0 0.9 10 240 M M 0 8 13 240
29 68 27 48 2 17 0 0.00 0.0 0 1.6 9 120 M M 1 18 13 130
30 65 42 54 8 11 0 T 0.0 0 0.8 7 20 M M 9 18 9 20
31 66 51 59 13 6 0 0.11 0.0 0 4.4 10 260 M M 9 12 13 260
================================================================================
SM 1736 1126 577 0 3.02 0.0 153.9 M 182
================================================================================
AV 56.0 36.3 5.0 FASTST M M 6 MAX(MPH)
MISC ----> 40 260 51 250
================================================================================
NOTES:
# LAST OF SEVERAL OCCURRENCES
COLUMN 17 PEAK WIND IN M.P.H.
PRELIMINARY LOCAL CLIMATOLOGICAL DATA (WS FORM: F-6) , PAGE 2
STATION: COLUMBIA METRO AIRPORT SC
MONTH: DECEMBER
YEAR: 2022
LATITUDE: 33 57 N
LONGITUDE: 81 7 W
[TEMPERATURE DATA] [PRECIPITATION DATA] SYMBOLS USED IN COLUMN 16
AVERAGE MONTHLY: 46.2 TOTAL FOR MONTH: 3.02 1 = FOG OR MIST
DPTR FM NORMAL: -1.5 DPTR FM NORMAL: -0.68 2 = FOG REDUCING VISIBILITY
HIGHEST: 72 ON 7, 3 GRTST 24HR 0.83 ON 5- 6 TO 1/4 MILE OR LESS
LOWEST: 12 ON 24 3 = THUNDER
SNOW, ICE PELLETS, HAIL 4 = ICE PELLETS
TOTAL MONTH: 0.0 INCH 5 = HAIL
GRTST 24HR 0.0 6 = FREEZING RAIN OR DRIZZLE
GRTST DEPTH: 0 7 = DUSTSTORM OR SANDSTORM:
VSBY 1/2 MILE OR LESS
8 = SMOKE OR HAZE
[NO. OF DAYS WITH] [WEATHER - DAYS WITH] 9 = BLOWING SNOW
X = TORNADO
MAX 32 OR BELOW: 1 0.01 INCH OR MORE: 11
MAX 90 OR ABOVE: 0 0.10 INCH OR MORE: 8
MIN 32 OR BELOW: 11 0.50 INCH OR MORE: 2
MIN 0 OR BELOW: 0 1.00 INCH OR MORE: 0
[HDD (BASE 65) ]
TOTAL THIS MO. 577 CLEAR (SCALE 0-3) 11
DPTR FM NORMAL 37 PTCLDY (SCALE 4-7) 8
TOTAL FM JUL 1 960 CLOUDY (SCALE 8-10) 12
DPTR FM NORMAL -32
[CDD (BASE 65) ]
TOTAL THIS MO. 0
DPTR FM NORMAL -4 [PRESSURE DATA]
TOTAL FM JAN 1 2339 HIGHEST SLP 30.55 ON 2
DPTR FM NORMAL 102 LOWEST SLP 29.63 ON 23
[REMARKS]
#FINAL-12-22#