000
CXUS55 KGJT 011000
CF6CAG
PRELIMINARY LOCAL CLIMATOLOGICAL DATA (WS FORM: F-6)
STATION: CRAIG CO
MONTH: MAY
YEAR: 2020
LATITUDE: 40 30 N
LONGITUDE: 107 32 W
TEMPERATURE IN F: :PCPN: SNOW: WIND :SUNSHINE: SKY :PK WND
================================================================================
1 2 3 4 5 6A 6B 7 8 9 10 11 12 13 14 15 16 17 18
12Z AVG MX 2MIN
DY MAX MIN AVG DEP HDD CDD WTR SNW DPTH SPD SPD DIR MIN PSBL S-S WX SPD DR
================================================================================
1 77 37 57 11 8 0 0.00 M M 9.5 35 350 M M 2 49 360
2 68 38 53 6 12 0 0.04 M M 6.1 30 280 M M 4 3 39 280
3 69 39 54 7 11 0 0.21 M M 7.5 24 350 M M 7 13 35 350
4 59 28 44 -3 21 0 0.10 M M 9.9 26 270 M M 5 1 35 290
5 66 24 45 -2 20 0 0.00 M M 2.8 15 260 M M 0 26 240
6 75 27 51 3 14 0 0.00 M M 8.8 29 270 M M 0 46 280
7 61 30 46 -2 19 0 0.00 M M 9.9 29 320 M M 0 42 290
8 66 23 45 -3 20 0 0.00 M M 6.5 24 340 M M 0 35 330
9 63 32 48 0 17 0 0.00 M M 5.6 17 270 M M 0 20 270
10 72 25 49 0 16 0 0.00 M M 3.5 20 300 M M 0 26 280
11 62 42 52 3 13 0 0.21 M M 8.9 24 170 M M 6 13 31 180
12 74 44 59 10 6 0 0.00 M M 13.0 29 230 M M 1 39 230
13 71 36 54 4 11 0 T M M 8.9 30 230 M M 4 43 230
14 66 44 55 5 10 0 0.21 M M 7.7 28 180 M M 7 13 37 190
15 63 44 54 4 11 0 0.13 M M 5.9 18 200 M M 7 1 23 200
16 65 39 52 1 13 0 0.00 M M 4.4 13 60 M M 3 17 260
17 80 36 58 7 7 0 0.00 M M 4.3 18 230 M M 0 24 240
18 83 40 62 11 3 0 0.00 M M 10.4 30 220 M M 0 39 210
19 84 37 61 9 4 0 0.00 M M 11.3 37 200 M M 0 54 200
20 68 39 54 2 11 0 0.00 M M 15.3 40 220 M M 1 55 210
21 68 27 48 -4 17 0 0.00 M M 6.9 24 270 M M 1 32 230
22 75 29 52 0 13 0 0.00 M M 9.0 30 240 M M 0 40 240
23 67 33 50 -3 15 0 0.01 M M 5.5 29 250 M M 4 48 250
24 61 33 47 -6 18 0 T M M 5.6 15 300 M M 8 22 340
25 66 28 47 -6 18 0 0.00 M M 3.3 14 270 M M 4 18 270
26 76 29 53 -1 12 0 T M M 4.5 18 270 M M 3 24 270
27 78 39 59 5 6 0 0.00 M M 3.3 18 20 M M 5 3 24 10
28 83 38 61 7 4 0 0.00 M M 2.5 12 300 M M 0 1 18 290
29 88 40 64 10 1 0 T M M 4.2 25 340 M M 1 43 250
30 86 42 64 9 1 0 T M M 8.7 38 160 M M 2 3 51 160
31 84 47 66 11 0 1 0.00 M M 9.3 24 210 M M 1 33 220
================================================================================
SM 2224 1089 352 1 0.91 M 223.0 M 76
================================================================================
AV 71.7 35.1 7.2 FASTST M M 2 MAX(MPH)
MISC ----> # 40 220 # 55 210
================================================================================
NOTES:
# LAST OF SEVERAL OCCURRENCES
COLUMN 17 PEAK WIND IN M.P.H.
PRELIMINARY LOCAL CLIMATOLOGICAL DATA (WS FORM: F-6) , PAGE 2
STATION: CRAIG CO
MONTH: MAY
YEAR: 2020
LATITUDE: 40 30 N
LONGITUDE: 107 32 W
[TEMPERATURE DATA] [PRECIPITATION DATA] SYMBOLS USED IN COLUMN 16
AVERAGE MONTHLY: 53.4 TOTAL FOR MONTH: 0.91 1 = FOG OR MIST
DPTR FM NORMAL: 2.8 DPTR FM NORMAL: -0.63 2 = FOG REDUCING VISIBILITY
HIGHEST: 88 ON 29 GRTST 24HR 0.21 ON 14-14 TO 1/4 MILE OR LESS
LOWEST: 23 ON 8 3 = THUNDER
SNOW, ICE PELLETS, HAIL 4 = ICE PELLETS
TOTAL MONTH: M 5 = HAIL
GRTST 24HR M ON M 6 = FREEZING RAIN OR DRIZZLE
GRTST DEPTH: M ON M 7 = DUSTSTORM OR SANDSTORM:
VSBY 1/2 MILE OR LESS
8 = SMOKE OR HAZE
[NO. OF DAYS WITH] [WEATHER - DAYS WITH] 9 = BLOWING SNOW
X = TORNADO
MAX 32 OR BELOW: 0 0.01 INCH OR MORE: 7
MAX 90 OR ABOVE: 0 0.10 INCH OR MORE: 5
MIN 32 OR BELOW: 11 0.50 INCH OR MORE: 0
MIN 0 OR BELOW: 0 1.00 INCH OR MORE: 0
[HDD (BASE 65) ]
TOTAL THIS MO. 352 CLEAR (SCALE 0-3) 20
DPTR FM NORMAL -95 PTCLDY (SCALE 4-7) 11
TOTAL FM JUL 1 8542 CLOUDY (SCALE 8-10) 0
DPTR FM NORMAL 83
[CDD (BASE 65) ]
TOTAL THIS MO. 1
DPTR FM NORMAL 1 [PRESSURE DATA]
TOTAL FM JAN 1 1 HIGHEST SLP 30.38 ON 5
DPTR FM NORMAL 1 LOWEST SLP 29.53 ON 19
[REMARKS]
#FINAL-05-20#